{"id":141,"date":"2021-12-07T20:10:13","date_gmt":"2021-12-07T19:10:13","guid":{"rendered":"http:\/\/nowator.home.pl\/Mw\/?page_id=141"},"modified":"2023-09-14T16:51:15","modified_gmt":"2023-09-14T15:51:15","slug":"galeria-fotografii-fotografia-artystyczna","status":"publish","type":"page","link":"https:\/\/marzenawalczak.com\/en\/galeria-fotografii-fotografia-artystyczna\/","title":{"rendered":"Przydatne informacje"},"content":{"rendered":"\n<p><strong>Galeria fotografii Marzeny Walczak<\/strong><\/p>\n\n\n\n<p><\/p>\n\n\n\n<p>Zdj\u0119cia prezentowane w mojej galerii fotografii mog\u0105 stanowi\u0107 elementy wystroju wn\u0119trz biur, sklep\u00f3w, hoteli, dom\u00f3w i mieszka\u0144. S\u0105 one jednocze\u015bnie moj\u0105 wizyt\u00f3wk\u0105, moim spojrzeniem na \u015bwiat, kt\u00f3rym ch\u0119tnie si\u0119 dziel\u0119. <\/p>\n\n\n\n<p>Wykonuj\u0119 r\u00f3wnie\u017c zlecenia na zam\u00f3wienie. Ka\u017cde zlecenie realizuj\u0119 w oparciu o analiz\u0119 Pa\u0144stwa potrzeb i oczekiwa\u0144. Dlatego podstaw\u0105 mojej pracy, w tym zakresie, jest zar\u00f3wno kontakt z klientem, jak i poznanie miejsca ekspozycji moich fotografii. Na tej podstawie przygotowuj\u0119 wst\u0119pne kadry. Kolejny krok to wykonanie serii zdj\u0119\u0107, ich druk, oprawa oraz ekspozycja.<\/p>\n\n\n\n<p><strong>Wydruk i oprawa fotografii<\/strong><\/p>\n\n\n\n<p>Hahnem\u00fchle Photo Rag\u00ae jest papierem do tworzenia wysokiej jako\u015bci wydruk\u00f3w fotograficznych. Zosta\u0142 specjalnie zaprojektowany do zastosowa\u0144 FineArt i spe\u0142nia najwy\u017csze wymagania dotycz\u0105ce odporno\u015bci na starzenie. Zgodno\u015b\u0107 z norm\u0105 ISO 9706 \/ jako\u015b\u0107 muzealna dla najwy\u017cszej odporno\u015bci na starzenie.<\/p>\n\n\n\n<p>Papier ten zapewnia znakomite wydruki o \u017cywych kolorach, g\u0142\u0119bokiej czerni, uderzaj\u0105cych kontrastach i doskona\u0142ej reprodukcji szczeg\u00f3\u0142\u00f3w.<\/p>\n\n\n\n<p>Idealne warunki u\u017cytkowania oraz przechowywania wyst\u0119puj\u0105 przy wilgotno\u015bci 35 do 65% oraz w temperaturze od 10 do 30\u00b0. Nale\u017cy zachowa\u0107 ostro\u017cno\u015b\u0107 w post\u0119powaniu z materia\u0142ami wydrukowanymi, powierzchnia jest podatna na \u015bcieranie. Przy oprawie nale\u017cy u\u017cywa\u0107 bawe\u0142nianych r\u0119kawiczek, aby nie dotyka\u0107 palcami zadrukowanej powierzchni. Papier przechowywa\u0107 w kopertach, folderach oraz pud\u0142ach jako\u015bci archiwalnej. Do oprawy zaleca si\u0119 u\u017cywania wy\u0142\u0105cznie ta\u015bm oraz klej\u00f3w do monta\u017cu i oprawiania&nbsp; klasy archiwalnej. <\/p>\n\n\n\n<p>Aby dodatkowo zabezpieczy\u0107 i odpowiednio wyeksponowa\u0107 fotografie, sugerujemy opraw\u0119 i prezentacj\u0119 prac za szk\u0142em muzealnym, kt\u00f3re w 99% chroni wydruki przed promieniowaniem UV, powstrzymuj\u0105c maksymalnie ich proces starzenia i niszczenia i podnosz\u0105c jednocze\u015bnie walory estetyczne naszej prezentacji. Szk\u0142o muzealne w zasadzie w og\u00f3le nie odbija \u015bwiat\u0142a i jest krystalicznie czyste, wi\u0119c prawie niewidoczne dla oka.<\/p>\n\n\n\n<p><\/p>\n\n\n\n<h4 class=\"wp-block-heading\">MW PHOTOGRAPHY<\/h4>\n\n\n\n<p>ul. Le\u015bnych Boginek 4<\/p>\n\n\n\n<p>05-540 Zalesie G\u00f3rne<\/p>\n\n\n\n<p>REGON: 012055405<\/p>\n\n\n\n<p>NIP: 1230025731<\/p>\n\n\n\n<p>E-mail: photo@marzenawalczak.com<\/p>\n\n\n\n<p>Tel. +48 601459252<\/p>\n\n\n\n<p>Zarejestrowany w Centralnej Ewidencji i Informacji o Dzia\u0142alno\u015bci&nbsp;Gospodarczej (CEIDG).<\/p>\n\n\n\n<p><\/p>\n\n\n\n<p><strong>Dane adresowe:<\/strong><\/p>\n\n\n\n<p>Nowator Grzegorz Walczak<\/p>\n\n\n\n<p>05-540 Zalesie G\u00f3rne<\/p>\n\n\n\n<p>ul. Le\u015bnych Boginek 4<\/p>\n\n\n\n<p>NIP 1230025731<\/p>\n\n\n\n<p><\/p>\n\n\n\n<p><\/p>\n\n\n\n<p><\/p>\n","protected":false},"excerpt":{"rendered":"<p>Galeria fotografii Marzeny Walczak Zdj\u0119cia prezentowane w mojej galerii fotografii mog\u0105 stanowi\u0107 elementy wystroju wn\u0119trz biur, sklep\u00f3w, hoteli, dom\u00f3w i mieszka\u0144. S\u0105 one jednocze\u015bnie moj\u0105 wizyt\u00f3wk\u0105, moim spojrzeniem na \u015bwiat, kt\u00f3rym ch\u0119tnie si\u0119 dziel\u0119. Wykonuj\u0119 r\u00f3wnie\u017c zlecenia na zam\u00f3wienie. Ka\u017cde zlecenie realizuj\u0119 w oparciu o analiz\u0119 Pa\u0144stwa potrzeb i oczekiwa\u0144. Dlatego podstaw\u0105 mojej pracy, w [&hellip;]<\/p>\n","protected":false},"author":1,"featured_media":0,"parent":0,"menu_order":0,"comment_status":"closed","ping_status":"closed","template":"pagetemplate-info.php","meta":{"_acf_changed":false,"footnotes":""},"class_list":["post-141","page","type-page","status-publish","hentry"],"acf":[],"yoast_head":"<!-- This site is optimized with the Yoast SEO plugin v27.5 - https:\/\/yoast.com\/product\/yoast-seo-wordpress\/ -->\n<title>galeria fotografii - MW Photography<\/title>\n<meta name=\"description\" content=\"Galeria fotografii Marzeny Walczak prezentuje detale przyrody w kadrach makro. Wydruki fotografii polecamy do wystroju wn\u0119trz.\" \/>\n<meta name=\"robots\" content=\"index, follow, max-snippet:-1, max-image-preview:large, max-video-preview:-1\" \/>\n<link rel=\"canonical\" href=\"https:\/\/marzenawalczak.com\/en\/galeria-fotografii-fotografia-artystyczna\/\" \/>\n<meta property=\"og:locale\" content=\"en_US\" \/>\n<meta property=\"og:locale:alternate\" content=\"pl_PL\" \/>\n<meta property=\"og:locale:alternate\" content=\"fr_FR\" \/>\n<meta property=\"og:type\" content=\"article\" \/>\n<meta property=\"og:title\" content=\"galeria fotografii - MW Photography\" \/>\n<meta property=\"og:description\" content=\"Galeria fotografii Marzeny Walczak prezentuje detale przyrody w kadrach makro. Wydruki fotografii polecamy do wystroju wn\u0119trz.\" \/>\n<meta property=\"og:url\" content=\"https:\/\/marzenawalczak.com\/en\/galeria-fotografii-fotografia-artystyczna\/\" \/>\n<meta property=\"og:site_name\" content=\"Marzena Walczak Photography\" \/>\n<meta property=\"article:modified_time\" content=\"2023-09-14T15:51:15+00:00\" \/>\n<meta name=\"twitter:card\" content=\"summary_large_image\" \/>\n<meta name=\"twitter:label1\" content=\"Est. reading time\" \/>\n\t<meta name=\"twitter:data1\" content=\"2 minutes\" \/>\n<script type=\"application\/ld+json\" class=\"yoast-schema-graph\">{\"@context\":\"https:\\\/\\\/schema.org\",\"@graph\":[{\"@type\":\"WebPage\",\"@id\":\"https:\\\/\\\/marzenawalczak.com\\\/galeria-fotografii-fotografia-artystyczna\\\/\",\"url\":\"https:\\\/\\\/marzenawalczak.com\\\/galeria-fotografii-fotografia-artystyczna\\\/\",\"name\":\"galeria fotografii - MW Photography\",\"isPartOf\":{\"@id\":\"https:\\\/\\\/marzenawalczak.com\\\/#website\"},\"datePublished\":\"2021-12-07T19:10:13+00:00\",\"dateModified\":\"2023-09-14T15:51:15+00:00\",\"description\":\"Galeria fotografii Marzeny Walczak prezentuje detale przyrody w kadrach makro. Wydruki fotografii polecamy do wystroju wn\u0119trz.\",\"breadcrumb\":{\"@id\":\"https:\\\/\\\/marzenawalczak.com\\\/galeria-fotografii-fotografia-artystyczna\\\/#breadcrumb\"},\"inLanguage\":\"en-US\",\"potentialAction\":[{\"@type\":\"ReadAction\",\"target\":[\"https:\\\/\\\/marzenawalczak.com\\\/galeria-fotografii-fotografia-artystyczna\\\/\"]}]},{\"@type\":\"BreadcrumbList\",\"@id\":\"https:\\\/\\\/marzenawalczak.com\\\/galeria-fotografii-fotografia-artystyczna\\\/#breadcrumb\",\"itemListElement\":[{\"@type\":\"ListItem\",\"position\":1,\"name\":\"Strona g\u0142\u00f3wna\",\"item\":\"https:\\\/\\\/marzenawalczak.com\\\/en\\\/\"},{\"@type\":\"ListItem\",\"position\":2,\"name\":\"Przydatne informacje\"}]},{\"@type\":\"WebSite\",\"@id\":\"https:\\\/\\\/marzenawalczak.com\\\/#website\",\"url\":\"https:\\\/\\\/marzenawalczak.com\\\/\",\"name\":\"Marzena Walczak Photography\",\"description\":\"Galeria artystyczna\",\"publisher\":{\"@id\":\"https:\\\/\\\/marzenawalczak.com\\\/#organization\"},\"potentialAction\":[{\"@type\":\"SearchAction\",\"target\":{\"@type\":\"EntryPoint\",\"urlTemplate\":\"https:\\\/\\\/marzenawalczak.com\\\/?s={search_term_string}\"},\"query-input\":{\"@type\":\"PropertyValueSpecification\",\"valueRequired\":true,\"valueName\":\"search_term_string\"}}],\"inLanguage\":\"en-US\"},{\"@type\":\"Organization\",\"@id\":\"https:\\\/\\\/marzenawalczak.com\\\/#organization\",\"name\":\"Marzena Walczak photography\",\"url\":\"https:\\\/\\\/marzenawalczak.com\\\/\",\"logo\":{\"@type\":\"ImageObject\",\"inLanguage\":\"en-US\",\"@id\":\"https:\\\/\\\/marzenawalczak.com\\\/#\\\/schema\\\/logo\\\/image\\\/\",\"url\":\"https:\\\/\\\/marzenawalczak.com\\\/wp-content\\\/uploads\\\/2022\\\/07\\\/DSC_0210.jpg\",\"contentUrl\":\"https:\\\/\\\/marzenawalczak.com\\\/wp-content\\\/uploads\\\/2022\\\/07\\\/DSC_0210.jpg\",\"width\":1800,\"height\":1207,\"caption\":\"Marzena Walczak photography\"},\"image\":{\"@id\":\"https:\\\/\\\/marzenawalczak.com\\\/#\\\/schema\\\/logo\\\/image\\\/\"},\"sameAs\":[\"https:\\\/\\\/www.instagram.com\\\/marzenawalczak_com\\\/\"]}]}<\/script>\n<!-- \/ Yoast SEO plugin. -->","yoast_head_json":{"title":"galeria fotografii - MW Photography","description":"Galeria fotografii Marzeny Walczak prezentuje detale przyrody w kadrach makro. Wydruki fotografii polecamy do wystroju wn\u0119trz.","robots":{"index":"index","follow":"follow","max-snippet":"max-snippet:-1","max-image-preview":"max-image-preview:large","max-video-preview":"max-video-preview:-1"},"canonical":"https:\/\/marzenawalczak.com\/en\/galeria-fotografii-fotografia-artystyczna\/","og_locale":"en_US","og_type":"article","og_title":"galeria fotografii - MW Photography","og_description":"Galeria fotografii Marzeny Walczak prezentuje detale przyrody w kadrach makro. Wydruki fotografii polecamy do wystroju wn\u0119trz.","og_url":"https:\/\/marzenawalczak.com\/en\/galeria-fotografii-fotografia-artystyczna\/","og_site_name":"Marzena Walczak Photography","article_modified_time":"2023-09-14T15:51:15+00:00","twitter_card":"summary_large_image","twitter_misc":{"Est. reading time":"2 minutes"},"schema":{"@context":"https:\/\/schema.org","@graph":[{"@type":"WebPage","@id":"https:\/\/marzenawalczak.com\/galeria-fotografii-fotografia-artystyczna\/","url":"https:\/\/marzenawalczak.com\/galeria-fotografii-fotografia-artystyczna\/","name":"galeria fotografii - MW Photography","isPartOf":{"@id":"https:\/\/marzenawalczak.com\/#website"},"datePublished":"2021-12-07T19:10:13+00:00","dateModified":"2023-09-14T15:51:15+00:00","description":"Galeria fotografii Marzeny Walczak prezentuje detale przyrody w kadrach makro. Wydruki fotografii polecamy do wystroju wn\u0119trz.","breadcrumb":{"@id":"https:\/\/marzenawalczak.com\/galeria-fotografii-fotografia-artystyczna\/#breadcrumb"},"inLanguage":"en-US","potentialAction":[{"@type":"ReadAction","target":["https:\/\/marzenawalczak.com\/galeria-fotografii-fotografia-artystyczna\/"]}]},{"@type":"BreadcrumbList","@id":"https:\/\/marzenawalczak.com\/galeria-fotografii-fotografia-artystyczna\/#breadcrumb","itemListElement":[{"@type":"ListItem","position":1,"name":"Strona g\u0142\u00f3wna","item":"https:\/\/marzenawalczak.com\/en\/"},{"@type":"ListItem","position":2,"name":"Przydatne informacje"}]},{"@type":"WebSite","@id":"https:\/\/marzenawalczak.com\/#website","url":"https:\/\/marzenawalczak.com\/","name":"Marzena Walczak Photography","description":"Galeria artystyczna","publisher":{"@id":"https:\/\/marzenawalczak.com\/#organization"},"potentialAction":[{"@type":"SearchAction","target":{"@type":"EntryPoint","urlTemplate":"https:\/\/marzenawalczak.com\/?s={search_term_string}"},"query-input":{"@type":"PropertyValueSpecification","valueRequired":true,"valueName":"search_term_string"}}],"inLanguage":"en-US"},{"@type":"Organization","@id":"https:\/\/marzenawalczak.com\/#organization","name":"Marzena Walczak photography","url":"https:\/\/marzenawalczak.com\/","logo":{"@type":"ImageObject","inLanguage":"en-US","@id":"https:\/\/marzenawalczak.com\/#\/schema\/logo\/image\/","url":"https:\/\/marzenawalczak.com\/wp-content\/uploads\/2022\/07\/DSC_0210.jpg","contentUrl":"https:\/\/marzenawalczak.com\/wp-content\/uploads\/2022\/07\/DSC_0210.jpg","width":1800,"height":1207,"caption":"Marzena Walczak photography"},"image":{"@id":"https:\/\/marzenawalczak.com\/#\/schema\/logo\/image\/"},"sameAs":["https:\/\/www.instagram.com\/marzenawalczak_com\/"]}]}},"_links":{"self":[{"href":"https:\/\/marzenawalczak.com\/en\/wp-json\/wp\/v2\/pages\/141","targetHints":{"allow":["GET"]}}],"collection":[{"href":"https:\/\/marzenawalczak.com\/en\/wp-json\/wp\/v2\/pages"}],"about":[{"href":"https:\/\/marzenawalczak.com\/en\/wp-json\/wp\/v2\/types\/page"}],"author":[{"embeddable":true,"href":"https:\/\/marzenawalczak.com\/en\/wp-json\/wp\/v2\/users\/1"}],"replies":[{"embeddable":true,"href":"https:\/\/marzenawalczak.com\/en\/wp-json\/wp\/v2\/comments?post=141"}],"version-history":[{"count":21,"href":"https:\/\/marzenawalczak.com\/en\/wp-json\/wp\/v2\/pages\/141\/revisions"}],"predecessor-version":[{"id":1043,"href":"https:\/\/marzenawalczak.com\/en\/wp-json\/wp\/v2\/pages\/141\/revisions\/1043"}],"wp:attachment":[{"href":"https:\/\/marzenawalczak.com\/en\/wp-json\/wp\/v2\/media?parent=141"}],"curies":[{"name":"wp","href":"https:\/\/api.w.org\/{rel}","templated":true}]}}

<p><strong>Galeria fotografii Marzeny Walczak</strong></p>



<p></p>



<p>Zdjęcia prezentowane w mojej galerii fotografii mogą stanowić elementy wystroju wnętrz biur, sklepów, hoteli, domów i mieszkań. Są one jednocześnie moją wizytówką, moim spojrzeniem na świat, którym chętnie się dzielę. </p>



<p>Wykonuję również zlecenia na zamówienie. Każde zlecenie realizuję w oparciu o analizę Państwa potrzeb i oczekiwań. Dlatego podstawą mojej pracy, w tym zakresie, jest zarówno kontakt z klientem, jak i poznanie miejsca ekspozycji moich fotografii. Na tej podstawie przygotowuję wstępne kadry. Kolejny krok to wykonanie serii zdjęć, ich druk, oprawa oraz ekspozycja.</p>



<p><strong>Wydruk i oprawa fotografii</strong></p>



<p>Hahnemühle Photo Rag® jest papierem do tworzenia wysokiej jakości wydruków fotograficznych. Został specjalnie zaprojektowany do zastosowań FineArt i spełnia najwyższe wymagania dotyczące odporności na starzenie. Zgodność z normą ISO 9706 / jakość muzealna dla najwyższej odporności na starzenie.</p>



<p>Papier ten zapewnia znakomite wydruki o żywych kolorach, głębokiej czerni, uderzających kontrastach i doskonałej reprodukcji szczegółów.</p>



<p>Idealne warunki użytkowania oraz przechowywania występują przy wilgotności 35 do 65% oraz w temperaturze od 10 do 30°. Należy zachować ostrożność w postępowaniu z materiałami wydrukowanymi, powierzchnia jest podatna na ścieranie. Przy oprawie należy używać bawełnianych rękawiczek, aby nie dotykać palcami zadrukowanej powierzchni. Papier przechowywać w kopertach, folderach oraz pudłach jakości archiwalnej. Do oprawy zaleca się używania wyłącznie taśm oraz klejów do montażu i oprawiania&nbsp; klasy archiwalnej. </p>



<p>Aby dodatkowo zabezpieczyć i odpowiednio wyeksponować fotografie, sugerujemy oprawę i prezentację prac za szkłem muzealnym, które w 99% chroni wydruki przed promieniowaniem UV, powstrzymując maksymalnie ich proces starzenia i niszczenia i podnosząc jednocześnie walory estetyczne naszej prezentacji. Szkło muzealne w zasadzie w ogóle nie odbija światła i jest krystalicznie czyste, więc prawie niewidoczne dla oka.</p>



<p></p>



<h4 class="wp-block-heading">MW PHOTOGRAPHY</h4>



<p>ul. Leśnych Boginek 4</p>



<p>05-540 Zalesie Górne</p>



<p>REGON: 012055405</p>



<p>NIP: 1230025731</p>



<p>E-mail: photo@marzenawalczak.com</p>



<p>Tel. +48 601459252</p>



<p>Zarejestrowany w Centralnej Ewidencji i Informacji o Działalności&nbsp;Gospodarczej (CEIDG).</p>



<p></p>



<p><strong>Dane adresowe:</strong></p>



<p>Nowator Grzegorz Walczak</p>



<p>05-540 Zalesie Górne</p>



<p>ul. Leśnych Boginek 4</p>



<p>NIP 1230025731</p>



<p></p>



<p></p>



<p></p>

<p>Galeria fotografii Marzeny Walczak Zdjęcia prezentowane w mojej galerii fotografii mogą stanowić elementy wystroju wnętrz biur, sklepów, hoteli, domów i mieszkań. Są one jednocześnie moją wizytówką, moim spojrzeniem na świat, którym chętnie się dzielę. Wykonuję również zlecenia na zamówienie. Każde zlecenie realizuję w oparciu o analizę Państwa potrzeb i oczekiwań. Dlatego podstawą mojej pracy, w [&hellip;]</p>

<!-- This site is optimized with the Yoast SEO plugin v27.5 - https://yoast.com/product/yoast-seo-wordpress/ -->
<title>galeria fotografii - MW Photography</title>
<meta name="description" content="Galeria fotografii Marzeny Walczak prezentuje detale przyrody w kadrach makro. Wydruki fotografii polecamy do wystroju wnętrz." />
<meta name="robots" content="index, follow, max-snippet:-1, max-image-preview:large, max-video-preview:-1" />
<link rel="canonical" href="https://marzenawalczak.com/en/galeria-fotografii-fotografia-artystyczna/" />
<meta property="og:locale" content="en_US" />
<meta property="og:locale:alternate" content="pl_PL" />
<meta property="og:locale:alternate" content="fr_FR" />
<meta property="og:type" content="article" />
<meta property="og:title" content="galeria fotografii - MW Photography" />
<meta property="og:description" content="Galeria fotografii Marzeny Walczak prezentuje detale przyrody w kadrach makro. Wydruki fotografii polecamy do wystroju wnętrz." />
<meta property="og:url" content="https://marzenawalczak.com/en/galeria-fotografii-fotografia-artystyczna/" />
<meta property="og:site_name" content="Marzena Walczak Photography" />
<meta property="article:modified_time" content="2023-09-14T15:51:15+00:00" />
<meta name="twitter:card" content="summary_large_image" />
<meta name="twitter:label1" content="Est. reading time" />
	<meta name="twitter:data1" content="2 minutes" />
<script type="application/ld+json" class="yoast-schema-graph">{"@context":"https:\/\/schema.org","@graph":[{"@type":"WebPage","@id":"https:\/\/marzenawalczak.com\/galeria-fotografii-fotografia-artystyczna\/","url":"https:\/\/marzenawalczak.com\/galeria-fotografii-fotografia-artystyczna\/","name":"galeria fotografii - MW Photography","isPartOf":{"@id":"https:\/\/marzenawalczak.com\/#website"},"datePublished":"2021-12-07T19:10:13+00:00","dateModified":"2023-09-14T15:51:15+00:00","description":"Galeria fotografii Marzeny Walczak prezentuje detale przyrody w kadrach makro. Wydruki fotografii polecamy do wystroju wnętrz.","breadcrumb":{"@id":"https:\/\/marzenawalczak.com\/galeria-fotografii-fotografia-artystyczna\/#breadcrumb"},"inLanguage":"en-US","potentialAction":[{"@type":"ReadAction","target":["https:\/\/marzenawalczak.com\/galeria-fotografii-fotografia-artystyczna\/"]}]},{"@type":"BreadcrumbList","@id":"https:\/\/marzenawalczak.com\/galeria-fotografii-fotografia-artystyczna\/#breadcrumb","itemListElement":[{"@type":"ListItem","position":1,"name":"Strona główna","item":"https:\/\/marzenawalczak.com\/en\/"},{"@type":"ListItem","position":2,"name":"Przydatne informacje"}]},{"@type":"WebSite","@id":"https:\/\/marzenawalczak.com\/#website","url":"https:\/\/marzenawalczak.com\/","name":"Marzena Walczak Photography","description":"Galeria artystyczna","publisher":{"@id":"https:\/\/marzenawalczak.com\/#organization"},"potentialAction":[{"@type":"SearchAction","target":{"@type":"EntryPoint","urlTemplate":"https:\/\/marzenawalczak.com\/?s={search_term_string}"},"query-input":{"@type":"PropertyValueSpecification","valueRequired":true,"valueName":"search_term_string"}}],"inLanguage":"en-US"},{"@type":"Organization","@id":"https:\/\/marzenawalczak.com\/#organization","name":"Marzena Walczak photography","url":"https:\/\/marzenawalczak.com\/","logo":{"@type":"ImageObject","inLanguage":"en-US","@id":"https:\/\/marzenawalczak.com\/#\/schema\/logo\/image\/","url":"https:\/\/marzenawalczak.com\/wp-content\/uploads\/2022\/07\/DSC_0210.jpg","contentUrl":"https:\/\/marzenawalczak.com\/wp-content\/uploads\/2022\/07\/DSC_0210.jpg","width":1800,"height":1207,"caption":"Marzena Walczak photography"},"image":{"@id":"https:\/\/marzenawalczak.com\/#\/schema\/logo\/image\/"},"sameAs":["https:\/\/www.instagram.com\/marzenawalczak_com\/"]}]}</script>
<!-- / Yoast SEO plugin. -->

Galeria fotografii Marzeny Walczak prezentuje detale przyrody w kadrach makro. Wydruki fotografii polecamy do wystroju wnętrz.

Strona główna
