{"id":159,"date":"2021-12-07T20:46:54","date_gmt":"2021-12-07T19:46:54","guid":{"rendered":"http:\/\/nowator.home.pl\/Mw\/?page_id=159"},"modified":"2023-02-13T15:28:08","modified_gmt":"2023-02-13T14:28:08","slug":"platnosci-galeria-fotografii-marzeny-walczak","status":"publish","type":"page","link":"https:\/\/marzenawalczak.com\/en\/galeria-fotografii-fotografia-artystyczna\/platnosci-galeria-fotografii-marzeny-walczak\/","title":{"rendered":"P\u0142atno\u015bci"},"content":{"rendered":"\n<p>P\u0142atno\u015bci obs\u0142uguje firma PayPal. <\/p>\n\n\n\n<h3 class=\"wp-block-heading\">Przelew<\/h3>\n\n\n\n<p>P\u0142atno\u015bci mo\u017cna r\u00f3wnie\u017c dokona\u0107 bezpo\u015brednim przelewem na konto:<\/p>\n\n\n\n<p> PKO BP 66 1020 1169 0000 8702 0084 9240<\/p>\n\n\n\n<p>Nowator Grzegorz Walczak<\/p>\n\n\n\n<p>05-540 Zalesie G\u00f3rne<\/p>\n\n\n\n<p>ul. Le\u015bnych Boginek 4<\/p>\n","protected":false},"excerpt":{"rendered":"<p>P\u0142atno\u015bci obs\u0142uguje firma PayPal. Przelew P\u0142atno\u015bci mo\u017cna r\u00f3wnie\u017c dokona\u0107 bezpo\u015brednim przelewem na konto: PKO BP 66 1020 1169 0000 8702 0084 9240 Nowator Grzegorz Walczak 05-540 Zalesie G\u00f3rne ul. Le\u015bnych Boginek 4<\/p>\n","protected":false},"author":1,"featured_media":0,"parent":141,"menu_order":0,"comment_status":"closed","ping_status":"closed","template":"pagetemplate-info.php","meta":{"_acf_changed":false,"footnotes":""},"class_list":["post-159","page","type-page","status-publish","hentry"],"acf":[],"yoast_head":"<!-- This site is optimized with the Yoast SEO plugin v27.5 - https:\/\/yoast.com\/product\/yoast-seo-wordpress\/ -->\n<title>p\u0142atno\u015bci - galeria fotografii Marzeny Walczak<\/title>\n<meta name=\"description\" content=\"P\u0142atno\u015bci - autorska galeria fotografii. Detale przyrody w kadrach makro. To chwila zachwytu nad \u015bwiatem, kt\u00f3ry trudno dostrzec.\" \/>\n<meta name=\"robots\" content=\"index, follow, max-snippet:-1, max-image-preview:large, max-video-preview:-1\" \/>\n<link rel=\"canonical\" href=\"https:\/\/marzenawalczak.com\/en\/galeria-fotografii-fotografia-artystyczna\/platnosci-galeria-fotografii-marzeny-walczak\/\" \/>\n<meta property=\"og:locale\" content=\"en_US\" \/>\n<meta property=\"og:locale:alternate\" content=\"pl_PL\" \/>\n<meta property=\"og:locale:alternate\" content=\"fr_FR\" \/>\n<meta property=\"og:type\" content=\"article\" \/>\n<meta property=\"og:title\" content=\"p\u0142atno\u015bci - galeria fotografii Marzeny Walczak\" \/>\n<meta property=\"og:description\" content=\"P\u0142atno\u015bci - autorska galeria fotografii. Detale przyrody w kadrach makro. To chwila zachwytu nad \u015bwiatem, kt\u00f3ry trudno dostrzec.\" \/>\n<meta property=\"og:url\" content=\"https:\/\/marzenawalczak.com\/en\/galeria-fotografii-fotografia-artystyczna\/platnosci-galeria-fotografii-marzeny-walczak\/\" \/>\n<meta property=\"og:site_name\" content=\"Marzena Walczak Photography\" \/>\n<meta property=\"article:modified_time\" content=\"2023-02-13T14:28:08+00:00\" \/>\n<meta name=\"twitter:card\" content=\"summary_large_image\" \/>\n<meta name=\"twitter:label1\" content=\"Est. reading time\" \/>\n\t<meta name=\"twitter:data1\" content=\"1 minute\" \/>\n<script type=\"application\/ld+json\" class=\"yoast-schema-graph\">{\"@context\":\"https:\\\/\\\/schema.org\",\"@graph\":[{\"@type\":\"WebPage\",\"@id\":\"https:\\\/\\\/marzenawalczak.com\\\/galeria-fotografii-fotografia-artystyczna\\\/platnosci-galeria-fotografii-marzeny-walczak\\\/\",\"url\":\"https:\\\/\\\/marzenawalczak.com\\\/galeria-fotografii-fotografia-artystyczna\\\/platnosci-galeria-fotografii-marzeny-walczak\\\/\",\"name\":\"p\u0142atno\u015bci - galeria fotografii Marzeny Walczak\",\"isPartOf\":{\"@id\":\"https:\\\/\\\/marzenawalczak.com\\\/#website\"},\"datePublished\":\"2021-12-07T19:46:54+00:00\",\"dateModified\":\"2023-02-13T14:28:08+00:00\",\"description\":\"P\u0142atno\u015bci - autorska galeria fotografii. Detale przyrody w kadrach makro. To chwila zachwytu nad \u015bwiatem, kt\u00f3ry trudno dostrzec.\",\"breadcrumb\":{\"@id\":\"https:\\\/\\\/marzenawalczak.com\\\/galeria-fotografii-fotografia-artystyczna\\\/platnosci-galeria-fotografii-marzeny-walczak\\\/#breadcrumb\"},\"inLanguage\":\"en-US\",\"potentialAction\":[{\"@type\":\"ReadAction\",\"target\":[\"https:\\\/\\\/marzenawalczak.com\\\/galeria-fotografii-fotografia-artystyczna\\\/platnosci-galeria-fotografii-marzeny-walczak\\\/\"]}]},{\"@type\":\"BreadcrumbList\",\"@id\":\"https:\\\/\\\/marzenawalczak.com\\\/galeria-fotografii-fotografia-artystyczna\\\/platnosci-galeria-fotografii-marzeny-walczak\\\/#breadcrumb\",\"itemListElement\":[{\"@type\":\"ListItem\",\"position\":1,\"name\":\"Strona g\u0142\u00f3wna\",\"item\":\"https:\\\/\\\/marzenawalczak.com\\\/en\\\/\"},{\"@type\":\"ListItem\",\"position\":2,\"name\":\"Przydatne informacje\",\"item\":\"https:\\\/\\\/marzenawalczak.com\\\/galeria-fotografii-fotografia-artystyczna\\\/\"},{\"@type\":\"ListItem\",\"position\":3,\"name\":\"P\u0142atno\u015bci\"}]},{\"@type\":\"WebSite\",\"@id\":\"https:\\\/\\\/marzenawalczak.com\\\/#website\",\"url\":\"https:\\\/\\\/marzenawalczak.com\\\/\",\"name\":\"Marzena Walczak Photography\",\"description\":\"Galeria artystyczna\",\"publisher\":{\"@id\":\"https:\\\/\\\/marzenawalczak.com\\\/#organization\"},\"potentialAction\":[{\"@type\":\"SearchAction\",\"target\":{\"@type\":\"EntryPoint\",\"urlTemplate\":\"https:\\\/\\\/marzenawalczak.com\\\/?s={search_term_string}\"},\"query-input\":{\"@type\":\"PropertyValueSpecification\",\"valueRequired\":true,\"valueName\":\"search_term_string\"}}],\"inLanguage\":\"en-US\"},{\"@type\":\"Organization\",\"@id\":\"https:\\\/\\\/marzenawalczak.com\\\/#organization\",\"name\":\"Marzena Walczak photography\",\"url\":\"https:\\\/\\\/marzenawalczak.com\\\/\",\"logo\":{\"@type\":\"ImageObject\",\"inLanguage\":\"en-US\",\"@id\":\"https:\\\/\\\/marzenawalczak.com\\\/#\\\/schema\\\/logo\\\/image\\\/\",\"url\":\"https:\\\/\\\/marzenawalczak.com\\\/wp-content\\\/uploads\\\/2022\\\/07\\\/DSC_0210.jpg\",\"contentUrl\":\"https:\\\/\\\/marzenawalczak.com\\\/wp-content\\\/uploads\\\/2022\\\/07\\\/DSC_0210.jpg\",\"width\":1800,\"height\":1207,\"caption\":\"Marzena Walczak photography\"},\"image\":{\"@id\":\"https:\\\/\\\/marzenawalczak.com\\\/#\\\/schema\\\/logo\\\/image\\\/\"},\"sameAs\":[\"https:\\\/\\\/www.instagram.com\\\/marzenawalczak_com\\\/\"]}]}<\/script>\n<!-- \/ Yoast SEO plugin. -->","yoast_head_json":{"title":"p\u0142atno\u015bci - galeria fotografii Marzeny Walczak","description":"P\u0142atno\u015bci - autorska galeria fotografii. Detale przyrody w kadrach makro. To chwila zachwytu nad \u015bwiatem, kt\u00f3ry trudno dostrzec.","robots":{"index":"index","follow":"follow","max-snippet":"max-snippet:-1","max-image-preview":"max-image-preview:large","max-video-preview":"max-video-preview:-1"},"canonical":"https:\/\/marzenawalczak.com\/en\/galeria-fotografii-fotografia-artystyczna\/platnosci-galeria-fotografii-marzeny-walczak\/","og_locale":"en_US","og_type":"article","og_title":"p\u0142atno\u015bci - galeria fotografii Marzeny Walczak","og_description":"P\u0142atno\u015bci - autorska galeria fotografii. Detale przyrody w kadrach makro. To chwila zachwytu nad \u015bwiatem, kt\u00f3ry trudno dostrzec.","og_url":"https:\/\/marzenawalczak.com\/en\/galeria-fotografii-fotografia-artystyczna\/platnosci-galeria-fotografii-marzeny-walczak\/","og_site_name":"Marzena Walczak Photography","article_modified_time":"2023-02-13T14:28:08+00:00","twitter_card":"summary_large_image","twitter_misc":{"Est. reading time":"1 minute"},"schema":{"@context":"https:\/\/schema.org","@graph":[{"@type":"WebPage","@id":"https:\/\/marzenawalczak.com\/galeria-fotografii-fotografia-artystyczna\/platnosci-galeria-fotografii-marzeny-walczak\/","url":"https:\/\/marzenawalczak.com\/galeria-fotografii-fotografia-artystyczna\/platnosci-galeria-fotografii-marzeny-walczak\/","name":"p\u0142atno\u015bci - galeria fotografii Marzeny Walczak","isPartOf":{"@id":"https:\/\/marzenawalczak.com\/#website"},"datePublished":"2021-12-07T19:46:54+00:00","dateModified":"2023-02-13T14:28:08+00:00","description":"P\u0142atno\u015bci - autorska galeria fotografii. Detale przyrody w kadrach makro. To chwila zachwytu nad \u015bwiatem, kt\u00f3ry trudno dostrzec.","breadcrumb":{"@id":"https:\/\/marzenawalczak.com\/galeria-fotografii-fotografia-artystyczna\/platnosci-galeria-fotografii-marzeny-walczak\/#breadcrumb"},"inLanguage":"en-US","potentialAction":[{"@type":"ReadAction","target":["https:\/\/marzenawalczak.com\/galeria-fotografii-fotografia-artystyczna\/platnosci-galeria-fotografii-marzeny-walczak\/"]}]},{"@type":"BreadcrumbList","@id":"https:\/\/marzenawalczak.com\/galeria-fotografii-fotografia-artystyczna\/platnosci-galeria-fotografii-marzeny-walczak\/#breadcrumb","itemListElement":[{"@type":"ListItem","position":1,"name":"Strona g\u0142\u00f3wna","item":"https:\/\/marzenawalczak.com\/en\/"},{"@type":"ListItem","position":2,"name":"Przydatne informacje","item":"https:\/\/marzenawalczak.com\/galeria-fotografii-fotografia-artystyczna\/"},{"@type":"ListItem","position":3,"name":"P\u0142atno\u015bci"}]},{"@type":"WebSite","@id":"https:\/\/marzenawalczak.com\/#website","url":"https:\/\/marzenawalczak.com\/","name":"Marzena Walczak Photography","description":"Galeria artystyczna","publisher":{"@id":"https:\/\/marzenawalczak.com\/#organization"},"potentialAction":[{"@type":"SearchAction","target":{"@type":"EntryPoint","urlTemplate":"https:\/\/marzenawalczak.com\/?s={search_term_string}"},"query-input":{"@type":"PropertyValueSpecification","valueRequired":true,"valueName":"search_term_string"}}],"inLanguage":"en-US"},{"@type":"Organization","@id":"https:\/\/marzenawalczak.com\/#organization","name":"Marzena Walczak photography","url":"https:\/\/marzenawalczak.com\/","logo":{"@type":"ImageObject","inLanguage":"en-US","@id":"https:\/\/marzenawalczak.com\/#\/schema\/logo\/image\/","url":"https:\/\/marzenawalczak.com\/wp-content\/uploads\/2022\/07\/DSC_0210.jpg","contentUrl":"https:\/\/marzenawalczak.com\/wp-content\/uploads\/2022\/07\/DSC_0210.jpg","width":1800,"height":1207,"caption":"Marzena Walczak photography"},"image":{"@id":"https:\/\/marzenawalczak.com\/#\/schema\/logo\/image\/"},"sameAs":["https:\/\/www.instagram.com\/marzenawalczak_com\/"]}]}},"_links":{"self":[{"href":"https:\/\/marzenawalczak.com\/en\/wp-json\/wp\/v2\/pages\/159","targetHints":{"allow":["GET"]}}],"collection":[{"href":"https:\/\/marzenawalczak.com\/en\/wp-json\/wp\/v2\/pages"}],"about":[{"href":"https:\/\/marzenawalczak.com\/en\/wp-json\/wp\/v2\/types\/page"}],"author":[{"embeddable":true,"href":"https:\/\/marzenawalczak.com\/en\/wp-json\/wp\/v2\/users\/1"}],"replies":[{"embeddable":true,"href":"https:\/\/marzenawalczak.com\/en\/wp-json\/wp\/v2\/comments?post=159"}],"version-history":[{"count":7,"href":"https:\/\/marzenawalczak.com\/en\/wp-json\/wp\/v2\/pages\/159\/revisions"}],"predecessor-version":[{"id":936,"href":"https:\/\/marzenawalczak.com\/en\/wp-json\/wp\/v2\/pages\/159\/revisions\/936"}],"up":[{"embeddable":true,"href":"https:\/\/marzenawalczak.com\/en\/wp-json\/wp\/v2\/pages\/141"}],"wp:attachment":[{"href":"https:\/\/marzenawalczak.com\/en\/wp-json\/wp\/v2\/media?parent=159"}],"curies":[{"name":"wp","href":"https:\/\/api.w.org\/{rel}","templated":true}]}}

Płatności

<p>Płatności obsługuje firma PayPal. </p>



<h3 class="wp-block-heading">Przelew</h3>



<p>Płatności można również dokonać bezpośrednim przelewem na konto:</p>



<p> PKO BP 66 1020 1169 0000 8702 0084 9240</p>



<p>Nowator Grzegorz Walczak</p>



<p>05-540 Zalesie Górne</p>



<p>ul. Leśnych Boginek 4</p>

<p>Płatności obsługuje firma PayPal. Przelew Płatności można również dokonać bezpośrednim przelewem na konto: PKO BP 66 1020 1169 0000 8702 0084 9240 Nowator Grzegorz Walczak 05-540 Zalesie Górne ul. Leśnych Boginek 4</p>

<!-- This site is optimized with the Yoast SEO plugin v27.5 - https://yoast.com/product/yoast-seo-wordpress/ -->
<title>płatności - galeria fotografii Marzeny Walczak</title>
<meta name="description" content="Płatności - autorska galeria fotografii. Detale przyrody w kadrach makro. To chwila zachwytu nad światem, który trudno dostrzec." />
<meta name="robots" content="index, follow, max-snippet:-1, max-image-preview:large, max-video-preview:-1" />
<link rel="canonical" href="https://marzenawalczak.com/en/galeria-fotografii-fotografia-artystyczna/platnosci-galeria-fotografii-marzeny-walczak/" />
<meta property="og:locale" content="en_US" />
<meta property="og:locale:alternate" content="pl_PL" />
<meta property="og:locale:alternate" content="fr_FR" />
<meta property="og:type" content="article" />
<meta property="og:title" content="płatności - galeria fotografii Marzeny Walczak" />
<meta property="og:description" content="Płatności - autorska galeria fotografii. Detale przyrody w kadrach makro. To chwila zachwytu nad światem, który trudno dostrzec." />
<meta property="og:url" content="https://marzenawalczak.com/en/galeria-fotografii-fotografia-artystyczna/platnosci-galeria-fotografii-marzeny-walczak/" />
<meta property="og:site_name" content="Marzena Walczak Photography" />
<meta property="article:modified_time" content="2023-02-13T14:28:08+00:00" />
<meta name="twitter:card" content="summary_large_image" />
<meta name="twitter:label1" content="Est. reading time" />
	<meta name="twitter:data1" content="1 minute" />
<script type="application/ld+json" class="yoast-schema-graph">{"@context":"https:\/\/schema.org","@graph":[{"@type":"WebPage","@id":"https:\/\/marzenawalczak.com\/galeria-fotografii-fotografia-artystyczna\/platnosci-galeria-fotografii-marzeny-walczak\/","url":"https:\/\/marzenawalczak.com\/galeria-fotografii-fotografia-artystyczna\/platnosci-galeria-fotografii-marzeny-walczak\/","name":"płatności - galeria fotografii Marzeny Walczak","isPartOf":{"@id":"https:\/\/marzenawalczak.com\/#website"},"datePublished":"2021-12-07T19:46:54+00:00","dateModified":"2023-02-13T14:28:08+00:00","description":"Płatności - autorska galeria fotografii. Detale przyrody w kadrach makro. To chwila zachwytu nad światem, który trudno dostrzec.","breadcrumb":{"@id":"https:\/\/marzenawalczak.com\/galeria-fotografii-fotografia-artystyczna\/platnosci-galeria-fotografii-marzeny-walczak\/#breadcrumb"},"inLanguage":"en-US","potentialAction":[{"@type":"ReadAction","target":["https:\/\/marzenawalczak.com\/galeria-fotografii-fotografia-artystyczna\/platnosci-galeria-fotografii-marzeny-walczak\/"]}]},{"@type":"BreadcrumbList","@id":"https:\/\/marzenawalczak.com\/galeria-fotografii-fotografia-artystyczna\/platnosci-galeria-fotografii-marzeny-walczak\/#breadcrumb","itemListElement":[{"@type":"ListItem","position":1,"name":"Strona główna","item":"https:\/\/marzenawalczak.com\/en\/"},{"@type":"ListItem","position":2,"name":"Przydatne informacje","item":"https:\/\/marzenawalczak.com\/galeria-fotografii-fotografia-artystyczna\/"},{"@type":"ListItem","position":3,"name":"Płatności"}]},{"@type":"WebSite","@id":"https:\/\/marzenawalczak.com\/#website","url":"https:\/\/marzenawalczak.com\/","name":"Marzena Walczak Photography","description":"Galeria artystyczna","publisher":{"@id":"https:\/\/marzenawalczak.com\/#organization"},"potentialAction":[{"@type":"SearchAction","target":{"@type":"EntryPoint","urlTemplate":"https:\/\/marzenawalczak.com\/?s={search_term_string}"},"query-input":{"@type":"PropertyValueSpecification","valueRequired":true,"valueName":"search_term_string"}}],"inLanguage":"en-US"},{"@type":"Organization","@id":"https:\/\/marzenawalczak.com\/#organization","name":"Marzena Walczak photography","url":"https:\/\/marzenawalczak.com\/","logo":{"@type":"ImageObject","inLanguage":"en-US","@id":"https:\/\/marzenawalczak.com\/#\/schema\/logo\/image\/","url":"https:\/\/marzenawalczak.com\/wp-content\/uploads\/2022\/07\/DSC_0210.jpg","contentUrl":"https:\/\/marzenawalczak.com\/wp-content\/uploads\/2022\/07\/DSC_0210.jpg","width":1800,"height":1207,"caption":"Marzena Walczak photography"},"image":{"@id":"https:\/\/marzenawalczak.com\/#\/schema\/logo\/image\/"},"sameAs":["https:\/\/www.instagram.com\/marzenawalczak_com\/"]}]}</script>
<!-- / Yoast SEO plugin. -->

płatności - galeria fotografii Marzeny Walczak

Płatności - autorska galeria fotografii. Detale przyrody w kadrach makro. To chwila zachwytu nad światem, który trudno dostrzec.

Strona główna
