{"id":996,"date":"2023-06-28T15:04:40","date_gmt":"2023-06-28T14:04:40","guid":{"rendered":"https:\/\/marzenawalczak.com\/?post_type=product&#038;p=996"},"modified":"2026-03-09T14:00:44","modified_gmt":"2026-03-09T13:00:44","slug":"poppy-in-the-sunshine","status":"publish","type":"product","link":"https:\/\/marzenawalczak.com\/en\/produkt\/poppy-in-the-sunshine\/","title":{"rendered":"A flaming poppy"},"content":{"rendered":"<p><span lang=\"en-GB\">A poppy in the sunshine \u2013 so orangey, so luminous \u2013 captures our gaze like a tiny flash of light. Its flaming redness, ardour, fiery energy awake the slumbered garden and arouse our senses. A sudden gust of wind has ruffled its perfect posture, thrown it in the streak of light and inflamed the landscaped.<\/span><\/p>\n<p><span lang=\"en-GB\">In the photograph, a poppy amidst timid marsh flowers in the <em><strong><a href=\"https:\/\/arboretum.sggw.edu.pl\/\">Arboretum SGGW in Rog\u00f3w<\/a><\/strong>.<\/em> Exposed in a discrete frame, this picture will enliven your interior and fill it with a unique aura.<\/span><\/p>\n","protected":false},"excerpt":{"rendered":"<p><span style=\"color: #000000;\"><span lang=\"en-GB\">in the sunshine<\/span><\/span><\/p>\n<h2><\/h2>\n","protected":false},"featured_media":1002,"template":"","meta":{"_acf_changed":false},"product_brand":[],"product_cat":[16],"product_tag":[49,58,298,179,241,293],"class_list":{"0":"post-996","1":"product","2":"type-product","3":"status-publish","4":"has-post-thumbnail","6":"product_cat-bez-kategorii","7":"product_tag-czerwony","8":"product_tag-kolorowy","9":"product_tag-ma","10":"product_tag-mak","11":"product_tag-ognisty","12":"product_tag-plomienny","13":"product_shipping_class-polska","15":"first","16":"onbackorder","17":"shipping-taxable","18":"purchasable","19":"product-type-variable"},"acf":[],"yoast_head":"<!-- This site is optimized with the Yoast SEO plugin v27.5 - https:\/\/yoast.com\/product\/yoast-seo-wordpress\/ -->\n<title>A flaming poppyA flaming poppy<\/title>\n<meta name=\"description\" content=\"Poppy in the sunshine \u2013 artistic photography \u2013 macro shots of nature details. A moment of admiration for the wonders of nature. For interior decoration.\" \/>\n<meta name=\"robots\" content=\"index, follow, max-snippet:-1, max-image-preview:large, max-video-preview:-1\" \/>\n<link rel=\"canonical\" href=\"https:\/\/marzenawalczak.com\/en\/produkt\/poppy-in-the-sunshine\/\" \/>\n<meta property=\"og:locale\" content=\"en_US\" \/>\n<meta property=\"og:locale:alternate\" content=\"pl_PL\" \/>\n<meta property=\"og:locale:alternate\" content=\"fr_FR\" \/>\n<meta property=\"og:type\" content=\"article\" \/>\n<meta property=\"og:title\" content=\"A flaming poppyA flaming poppy\" \/>\n<meta property=\"og:description\" content=\"Poppy in the sunshine \u2013 artistic photography \u2013 macro shots of nature details. A moment of admiration for the wonders of nature. For interior decoration.\" \/>\n<meta property=\"og:url\" content=\"https:\/\/marzenawalczak.com\/en\/produkt\/poppy-in-the-sunshine\/\" \/>\n<meta property=\"og:site_name\" content=\"Marzena Walczak Photography\" \/>\n<meta property=\"article:modified_time\" content=\"2026-03-09T13:00:44+00:00\" \/>\n<meta property=\"og:image\" content=\"https:\/\/marzenawalczak.com\/wp-content\/uploads\/2023\/06\/plomienny-mak.jpg\" \/>\n\t<meta property=\"og:image:width\" content=\"1900\" \/>\n\t<meta property=\"og:image:height\" content=\"1259\" \/>\n\t<meta property=\"og:image:type\" content=\"image\/jpeg\" \/>\n<meta name=\"twitter:card\" content=\"summary_large_image\" \/>\n<meta name=\"twitter:label1\" content=\"Est. reading time\" \/>\n\t<meta name=\"twitter:data1\" content=\"1 minute\" \/>\n<script type=\"application\/ld+json\" class=\"yoast-schema-graph\">{\"@context\":\"https:\\\/\\\/schema.org\",\"@graph\":[{\"@type\":\"WebPage\",\"@id\":\"https:\\\/\\\/marzenawalczak.com\\\/en\\\/produkt\\\/poppy-in-the-sunshine\\\/\",\"url\":\"https:\\\/\\\/marzenawalczak.com\\\/en\\\/produkt\\\/poppy-in-the-sunshine\\\/\",\"name\":\"A flaming poppyA flaming poppy\",\"isPartOf\":{\"@id\":\"https:\\\/\\\/marzenawalczak.com\\\/#website\"},\"primaryImageOfPage\":{\"@id\":\"https:\\\/\\\/marzenawalczak.com\\\/en\\\/produkt\\\/poppy-in-the-sunshine\\\/#primaryimage\"},\"image\":{\"@id\":\"https:\\\/\\\/marzenawalczak.com\\\/en\\\/produkt\\\/poppy-in-the-sunshine\\\/#primaryimage\"},\"thumbnailUrl\":\"https:\\\/\\\/marzenawalczak.com\\\/wp-content\\\/uploads\\\/2023\\\/06\\\/plomienny-mak.jpg\",\"datePublished\":\"2023-06-28T14:04:40+00:00\",\"dateModified\":\"2026-03-09T13:00:44+00:00\",\"description\":\"Poppy in the sunshine \u2013 artistic photography \u2013 macro shots of nature details. A moment of admiration for the wonders of nature. For interior decoration.\",\"breadcrumb\":{\"@id\":\"https:\\\/\\\/marzenawalczak.com\\\/en\\\/produkt\\\/poppy-in-the-sunshine\\\/#breadcrumb\"},\"inLanguage\":\"en-US\",\"potentialAction\":[{\"@type\":\"ReadAction\",\"target\":[\"https:\\\/\\\/marzenawalczak.com\\\/en\\\/produkt\\\/poppy-in-the-sunshine\\\/\"]}]},{\"@type\":\"ImageObject\",\"inLanguage\":\"en-US\",\"@id\":\"https:\\\/\\\/marzenawalczak.com\\\/en\\\/produkt\\\/poppy-in-the-sunshine\\\/#primaryimage\",\"url\":\"https:\\\/\\\/marzenawalczak.com\\\/wp-content\\\/uploads\\\/2023\\\/06\\\/plomienny-mak.jpg\",\"contentUrl\":\"https:\\\/\\\/marzenawalczak.com\\\/wp-content\\\/uploads\\\/2023\\\/06\\\/plomienny-mak.jpg\",\"width\":1900,\"height\":1259,\"caption\":\"Poppy in the sunshine, or else a flaming poppy. Illuminated by the setting sun, this orange poppy flower yields to a sudden gust of wind.\"},{\"@type\":\"BreadcrumbList\",\"@id\":\"https:\\\/\\\/marzenawalczak.com\\\/en\\\/produkt\\\/poppy-in-the-sunshine\\\/#breadcrumb\",\"itemListElement\":[{\"@type\":\"ListItem\",\"position\":1,\"name\":\"Strona g\u0142\u00f3wna\",\"item\":\"https:\\\/\\\/marzenawalczak.com\\\/en\\\/\"},{\"@type\":\"ListItem\",\"position\":2,\"name\":\"Portfolio\",\"item\":\"https:\\\/\\\/marzenawalczak.com\\\/portfolio-przyroda-w-skali-makro\\\/\"},{\"@type\":\"ListItem\",\"position\":3,\"name\":\"A flaming poppy\"}]},{\"@type\":\"WebSite\",\"@id\":\"https:\\\/\\\/marzenawalczak.com\\\/#website\",\"url\":\"https:\\\/\\\/marzenawalczak.com\\\/\",\"name\":\"Marzena Walczak Photography\",\"description\":\"Galeria artystyczna\",\"publisher\":{\"@id\":\"https:\\\/\\\/marzenawalczak.com\\\/#organization\"},\"potentialAction\":[{\"@type\":\"SearchAction\",\"target\":{\"@type\":\"EntryPoint\",\"urlTemplate\":\"https:\\\/\\\/marzenawalczak.com\\\/?s={search_term_string}\"},\"query-input\":{\"@type\":\"PropertyValueSpecification\",\"valueRequired\":true,\"valueName\":\"search_term_string\"}}],\"inLanguage\":\"en-US\"},{\"@type\":\"Organization\",\"@id\":\"https:\\\/\\\/marzenawalczak.com\\\/#organization\",\"name\":\"Marzena Walczak photography\",\"url\":\"https:\\\/\\\/marzenawalczak.com\\\/\",\"logo\":{\"@type\":\"ImageObject\",\"inLanguage\":\"en-US\",\"@id\":\"https:\\\/\\\/marzenawalczak.com\\\/#\\\/schema\\\/logo\\\/image\\\/\",\"url\":\"https:\\\/\\\/marzenawalczak.com\\\/wp-content\\\/uploads\\\/2022\\\/07\\\/DSC_0210.jpg\",\"contentUrl\":\"https:\\\/\\\/marzenawalczak.com\\\/wp-content\\\/uploads\\\/2022\\\/07\\\/DSC_0210.jpg\",\"width\":1800,\"height\":1207,\"caption\":\"Marzena Walczak photography\"},\"image\":{\"@id\":\"https:\\\/\\\/marzenawalczak.com\\\/#\\\/schema\\\/logo\\\/image\\\/\"},\"sameAs\":[\"https:\\\/\\\/www.instagram.com\\\/marzenawalczak_com\\\/\"]}]}<\/script>\n<!-- \/ Yoast SEO plugin. -->","yoast_head_json":{"title":"A flaming poppyA flaming poppy","description":"Poppy in the sunshine \u2013 artistic photography \u2013 macro shots of nature details. A moment of admiration for the wonders of nature. For interior decoration.","robots":{"index":"index","follow":"follow","max-snippet":"max-snippet:-1","max-image-preview":"max-image-preview:large","max-video-preview":"max-video-preview:-1"},"canonical":"https:\/\/marzenawalczak.com\/en\/produkt\/poppy-in-the-sunshine\/","og_locale":"en_US","og_type":"article","og_title":"[:pl][:pl]promienny mak[:en]A flaming poppy[:] &#8211; Marzena Walczak Photography[:en][:pl]promienny mak[:en]A flaming poppy[:] &#8211; poppy in the sunshine[:]","og_description":"[:pl]Mak w promieniach s\u0142o\u0144ca - fotografia artystyczna - detale przyrody w kadrach makro. Chwila zachwytu nad cudami natury. Obrazy do wystroju wn\u0119trz.[:en]Poppy in the sunshine \u2013 artistic photography \u2013 macro shots of nature details. A moment of admiration for the wonders of nature. For interior decoration.[:]","og_url":"https:\/\/marzenawalczak.com\/en\/produkt\/poppy-in-the-sunshine\/","og_site_name":"Marzena Walczak Photography","article_modified_time":"2026-03-09T13:00:44+00:00","og_image":[{"width":1900,"height":1259,"url":"https:\/\/marzenawalczak.com\/wp-content\/uploads\/2023\/06\/plomienny-mak.jpg","type":"image\/jpeg"}],"twitter_card":"summary_large_image","twitter_misc":{"Est. reading time":"1 minute"},"schema":{"@context":"https:\/\/schema.org","@graph":[{"@type":"WebPage","@id":"https:\/\/marzenawalczak.com\/en\/produkt\/poppy-in-the-sunshine\/","url":"https:\/\/marzenawalczak.com\/en\/produkt\/poppy-in-the-sunshine\/","name":"A flaming poppyA flaming poppy","isPartOf":{"@id":"https:\/\/marzenawalczak.com\/#website"},"primaryImageOfPage":{"@id":"https:\/\/marzenawalczak.com\/en\/produkt\/poppy-in-the-sunshine\/#primaryimage"},"image":{"@id":"https:\/\/marzenawalczak.com\/en\/produkt\/poppy-in-the-sunshine\/#primaryimage"},"thumbnailUrl":"https:\/\/marzenawalczak.com\/wp-content\/uploads\/2023\/06\/plomienny-mak.jpg","datePublished":"2023-06-28T14:04:40+00:00","dateModified":"2026-03-09T13:00:44+00:00","description":"Poppy in the sunshine \u2013 artistic photography \u2013 macro shots of nature details. A moment of admiration for the wonders of nature. For interior decoration.","breadcrumb":{"@id":"https:\/\/marzenawalczak.com\/en\/produkt\/poppy-in-the-sunshine\/#breadcrumb"},"inLanguage":"en-US","potentialAction":[{"@type":"ReadAction","target":["https:\/\/marzenawalczak.com\/en\/produkt\/poppy-in-the-sunshine\/"]}]},{"@type":"ImageObject","inLanguage":"en-US","@id":"https:\/\/marzenawalczak.com\/en\/produkt\/poppy-in-the-sunshine\/#primaryimage","url":"https:\/\/marzenawalczak.com\/wp-content\/uploads\/2023\/06\/plomienny-mak.jpg","contentUrl":"https:\/\/marzenawalczak.com\/wp-content\/uploads\/2023\/06\/plomienny-mak.jpg","width":1900,"height":1259,"caption":"Poppy in the sunshine, or else a flaming poppy. Illuminated by the setting sun, this orange poppy flower yields to a sudden gust of wind."},{"@type":"BreadcrumbList","@id":"https:\/\/marzenawalczak.com\/en\/produkt\/poppy-in-the-sunshine\/#breadcrumb","itemListElement":[{"@type":"ListItem","position":1,"name":"Strona g\u0142\u00f3wna","item":"https:\/\/marzenawalczak.com\/en\/"},{"@type":"ListItem","position":2,"name":"Portfolio","item":"https:\/\/marzenawalczak.com\/portfolio-przyroda-w-skali-makro\/"},{"@type":"ListItem","position":3,"name":"A flaming poppy"}]},{"@type":"WebSite","@id":"https:\/\/marzenawalczak.com\/#website","url":"https:\/\/marzenawalczak.com\/","name":"Marzena Walczak Photography","description":"Galeria artystyczna","publisher":{"@id":"https:\/\/marzenawalczak.com\/#organization"},"potentialAction":[{"@type":"SearchAction","target":{"@type":"EntryPoint","urlTemplate":"https:\/\/marzenawalczak.com\/?s={search_term_string}"},"query-input":{"@type":"PropertyValueSpecification","valueRequired":true,"valueName":"search_term_string"}}],"inLanguage":"en-US"},{"@type":"Organization","@id":"https:\/\/marzenawalczak.com\/#organization","name":"Marzena Walczak photography","url":"https:\/\/marzenawalczak.com\/","logo":{"@type":"ImageObject","inLanguage":"en-US","@id":"https:\/\/marzenawalczak.com\/#\/schema\/logo\/image\/","url":"https:\/\/marzenawalczak.com\/wp-content\/uploads\/2022\/07\/DSC_0210.jpg","contentUrl":"https:\/\/marzenawalczak.com\/wp-content\/uploads\/2022\/07\/DSC_0210.jpg","width":1800,"height":1207,"caption":"Marzena Walczak photography"},"image":{"@id":"https:\/\/marzenawalczak.com\/#\/schema\/logo\/image\/"},"sameAs":["https:\/\/www.instagram.com\/marzenawalczak_com\/"]}]}},"_links":{"self":[{"href":"https:\/\/marzenawalczak.com\/en\/wp-json\/wp\/v2\/product\/996","targetHints":{"allow":["GET"]}}],"collection":[{"href":"https:\/\/marzenawalczak.com\/en\/wp-json\/wp\/v2\/product"}],"about":[{"href":"https:\/\/marzenawalczak.com\/en\/wp-json\/wp\/v2\/types\/product"}],"wp:featuredmedia":[{"embeddable":true,"href":"https:\/\/marzenawalczak.com\/en\/wp-json\/wp\/v2\/media\/1002"}],"wp:attachment":[{"href":"https:\/\/marzenawalczak.com\/en\/wp-json\/wp\/v2\/media?parent=996"}],"wp:term":[{"taxonomy":"product_brand","embeddable":true,"href":"https:\/\/marzenawalczak.com\/en\/wp-json\/wp\/v2\/product_brand?post=996"},{"taxonomy":"product_cat","embeddable":true,"href":"https:\/\/marzenawalczak.com\/en\/wp-json\/wp\/v2\/product_cat?post=996"},{"taxonomy":"product_tag","embeddable":true,"href":"https:\/\/marzenawalczak.com\/en\/wp-json\/wp\/v2\/product_tag?post=996"}],"curies":[{"name":"wp","href":"https:\/\/api.w.org\/{rel}","templated":true}]}}

<p><span lang="en-GB">A poppy in the sunshine – so orangey, so luminous – captures our gaze like a tiny flash of light. Its flaming redness, ardour, fiery energy awake the slumbered garden and arouse our senses. A sudden gust of wind has ruffled its perfect posture, thrown it in the streak of light and inflamed the landscaped.</span></p>
<p><span lang="en-GB">In the photograph, a poppy amidst timid marsh flowers in the <em><strong><a href="https://arboretum.sggw.edu.pl/">Arboretum SGGW in Rogów</a></strong>.</em> Exposed in a discrete frame, this picture will enliven your interior and fill it with a unique aura.</span></p>

<!-- This site is optimized with the Yoast SEO plugin v27.5 - https://yoast.com/product/yoast-seo-wordpress/ -->
<title>A flaming poppyA flaming poppy</title>
<meta name="description" content="Poppy in the sunshine – artistic photography – macro shots of nature details. A moment of admiration for the wonders of nature. For interior decoration." />
<meta name="robots" content="index, follow, max-snippet:-1, max-image-preview:large, max-video-preview:-1" />
<link rel="canonical" href="https://marzenawalczak.com/en/produkt/poppy-in-the-sunshine/" />
<meta property="og:locale" content="en_US" />
<meta property="og:locale:alternate" content="pl_PL" />
<meta property="og:locale:alternate" content="fr_FR" />
<meta property="og:type" content="article" />
<meta property="og:title" content="A flaming poppyA flaming poppy" />
<meta property="og:description" content="Poppy in the sunshine – artistic photography – macro shots of nature details. A moment of admiration for the wonders of nature. For interior decoration." />
<meta property="og:url" content="https://marzenawalczak.com/en/produkt/poppy-in-the-sunshine/" />
<meta property="og:site_name" content="Marzena Walczak Photography" />
<meta property="article:modified_time" content="2026-03-09T13:00:44+00:00" />
<meta property="og:image" content="https://marzenawalczak.com/wp-content/uploads/2023/06/plomienny-mak.jpg" />
	<meta property="og:image:width" content="1900" />
	<meta property="og:image:height" content="1259" />
	<meta property="og:image:type" content="image/jpeg" />
<meta name="twitter:card" content="summary_large_image" />
<meta name="twitter:label1" content="Est. reading time" />
	<meta name="twitter:data1" content="1 minute" />
<script type="application/ld+json" class="yoast-schema-graph">{"@context":"https:\/\/schema.org","@graph":[{"@type":"WebPage","@id":"https:\/\/marzenawalczak.com\/en\/produkt\/poppy-in-the-sunshine\/","url":"https:\/\/marzenawalczak.com\/en\/produkt\/poppy-in-the-sunshine\/","name":"A flaming poppyA flaming poppy","isPartOf":{"@id":"https:\/\/marzenawalczak.com\/#website"},"primaryImageOfPage":{"@id":"https:\/\/marzenawalczak.com\/en\/produkt\/poppy-in-the-sunshine\/#primaryimage"},"image":{"@id":"https:\/\/marzenawalczak.com\/en\/produkt\/poppy-in-the-sunshine\/#primaryimage"},"thumbnailUrl":"https:\/\/marzenawalczak.com\/wp-content\/uploads\/2023\/06\/plomienny-mak.jpg","datePublished":"2023-06-28T14:04:40+00:00","dateModified":"2026-03-09T13:00:44+00:00","description":"Poppy in the sunshine – artistic photography – macro shots of nature details. A moment of admiration for the wonders of nature. For interior decoration.","breadcrumb":{"@id":"https:\/\/marzenawalczak.com\/en\/produkt\/poppy-in-the-sunshine\/#breadcrumb"},"inLanguage":"en-US","potentialAction":[{"@type":"ReadAction","target":["https:\/\/marzenawalczak.com\/en\/produkt\/poppy-in-the-sunshine\/"]}]},{"@type":"ImageObject","inLanguage":"en-US","@id":"https:\/\/marzenawalczak.com\/en\/produkt\/poppy-in-the-sunshine\/#primaryimage","url":"https:\/\/marzenawalczak.com\/wp-content\/uploads\/2023\/06\/plomienny-mak.jpg","contentUrl":"https:\/\/marzenawalczak.com\/wp-content\/uploads\/2023\/06\/plomienny-mak.jpg","width":1900,"height":1259,"caption":"Poppy in the sunshine, or else a flaming poppy. Illuminated by the setting sun, this orange poppy flower yields to a sudden gust of wind."},{"@type":"BreadcrumbList","@id":"https:\/\/marzenawalczak.com\/en\/produkt\/poppy-in-the-sunshine\/#breadcrumb","itemListElement":[{"@type":"ListItem","position":1,"name":"Strona główna","item":"https:\/\/marzenawalczak.com\/en\/"},{"@type":"ListItem","position":2,"name":"Portfolio","item":"https:\/\/marzenawalczak.com\/portfolio-przyroda-w-skali-makro\/"},{"@type":"ListItem","position":3,"name":"A flaming poppy"}]},{"@type":"WebSite","@id":"https:\/\/marzenawalczak.com\/#website","url":"https:\/\/marzenawalczak.com\/","name":"Marzena Walczak Photography","description":"Galeria artystyczna","publisher":{"@id":"https:\/\/marzenawalczak.com\/#organization"},"potentialAction":[{"@type":"SearchAction","target":{"@type":"EntryPoint","urlTemplate":"https:\/\/marzenawalczak.com\/?s={search_term_string}"},"query-input":{"@type":"PropertyValueSpecification","valueRequired":true,"valueName":"search_term_string"}}],"inLanguage":"en-US"},{"@type":"Organization","@id":"https:\/\/marzenawalczak.com\/#organization","name":"Marzena Walczak photography","url":"https:\/\/marzenawalczak.com\/","logo":{"@type":"ImageObject","inLanguage":"en-US","@id":"https:\/\/marzenawalczak.com\/#\/schema\/logo\/image\/","url":"https:\/\/marzenawalczak.com\/wp-content\/uploads\/2022\/07\/DSC_0210.jpg","contentUrl":"https:\/\/marzenawalczak.com\/wp-content\/uploads\/2022\/07\/DSC_0210.jpg","width":1800,"height":1207,"caption":"Marzena Walczak photography"},"image":{"@id":"https:\/\/marzenawalczak.com\/#\/schema\/logo\/image\/"},"sameAs":["https:\/\/www.instagram.com\/marzenawalczak_com\/"]}]}</script>
<!-- / Yoast SEO plugin. -->

[:pl]Mak w promieniach słońca - fotografia artystyczna - detale przyrody w kadrach makro. Chwila zachwytu nad cudami natury. Obrazy do wystroju wnętrz.[:en]Poppy in the sunshine – artistic photography – macro shots of nature details. A moment of admiration for the wonders of nature. For interior decoration.[:]

Strona główna
