{"id":266,"date":"2021-12-21T11:22:09","date_gmt":"2021-12-21T10:22:09","guid":{"rendered":"http:\/\/marzenawalczak.com\/?post_type=product&#038;p=266"},"modified":"2023-10-11T10:44:56","modified_gmt":"2023-10-11T09:44:56","slug":"jaskier-polny-fotografia-artystyczna","status":"publish","type":"product","link":"https:\/\/marzenawalczak.com\/fr\/produkt\/jaskier-polny-fotografia-artystyczna\/","title":{"rendered":"\u015bwiate\u0142ko w mroku"},"content":{"rendered":"<p>Jaskier polny jak \u015bwiate\u0142ko wy\u0142ania si\u0119 z g\u0105szczu innych ro\u015blin. Jego nasycon\u0105, ciep\u0142\u0105 barw\u0119 wida\u0107 z daleka. W ten spos\u00f3b wabi do siebie. Nie omi\u0144 go, daj si\u0119 oczarowa\u0107. Gdy si\u0119 nad nim pochylisz, dostrze\u017cesz r\u00f3wnie\u017c jego mistern\u0105 budow\u0119. Zobacz jak pi\u0119knie zbudowany jest nasz \u015bwiat. Popatrz w <a href=\"https:\/\/marzenawalczak.com\/produkt\/tesknota\/\">s\u0142o\u0144ce<\/a>.<\/p>\n<blockquote class=\"wp-block-quote has-text-align-center\"><p><strong><em>\u201eWpatrz si\u0119 g\u0142\u0119boko, g\u0142\u0119boko w przyrod\u0119, a wtedy wszystko lepiej zrozumiesz.\u201d<\/em><\/strong><\/p>\n<p><cite>Albert Einstein <\/cite><\/p><\/blockquote>\n<p>&nbsp;<\/p>\n","protected":false},"excerpt":{"rendered":"<p>\u017b\u00f3\u0142ty kwiatek jaskra polnego jak male\u0144kie \u015bwiate\u0142ko wy\u0142ania si\u0119 z g\u0105szczu innych ro\u015blin.<\/p>\n","protected":false},"featured_media":265,"template":"","meta":{"_acf_changed":false},"product_brand":[],"product_cat":[16],"product_tag":[263,77,96,122,245,78,57,62],"class_list":{"0":"post-266","1":"product","2":"type-product","3":"status-publish","4":"has-post-thumbnail","6":"product_cat-bez-kategorii","7":"product_tag-barwy-natury","8":"product_tag-jaskier","9":"product_tag-kwiaty-lata","10":"product_tag-laka","11":"product_tag-obraz-na-sciane","12":"product_tag-wiosenne-kwiaty","13":"product_tag-wiosna","14":"product_tag-zolty","15":"product_shipping_class-polska","17":"first","18":"onbackorder","19":"shipping-taxable","20":"purchasable","21":"product-type-variable"},"acf":[],"yoast_head":"<!-- This site is optimized with the Yoast SEO plugin v27.5 - https:\/\/yoast.com\/product\/yoast-seo-wordpress\/ -->\n<title>\u015bwiate\u0142ko w mroku<\/title>\n<meta name=\"description\" content=\"Jaskier polny jak \u015bwiate\u0142ko wy\u0142ania si\u0119 z g\u0105szczu innych ro\u015blin - detale przyrody w kadrach makro. Autorska galeria fotografii.\" \/>\n<meta name=\"robots\" content=\"index, follow, max-snippet:-1, max-image-preview:large, max-video-preview:-1\" \/>\n<link rel=\"canonical\" href=\"https:\/\/marzenawalczak.com\/fr\/produkt\/jaskier-polny-fotografia-artystyczna\/\" \/>\n<meta property=\"og:locale\" content=\"fr_FR\" \/>\n<meta property=\"og:locale:alternate\" content=\"pl_PL\" \/>\n<meta property=\"og:locale:alternate\" content=\"en_US\" \/>\n<meta property=\"og:type\" content=\"article\" \/>\n<meta property=\"og:title\" content=\"\u015bwiate\u0142ko w mroku\" \/>\n<meta property=\"og:description\" content=\"Jaskier polny jak \u015bwiate\u0142ko wy\u0142ania si\u0119 z g\u0105szczu innych ro\u015blin - detale przyrody w kadrach makro. Autorska galeria fotografii.\" \/>\n<meta property=\"og:url\" content=\"https:\/\/marzenawalczak.com\/fr\/produkt\/jaskier-polny-fotografia-artystyczna\/\" \/>\n<meta property=\"og:site_name\" content=\"Marzena Walczak Photography\" \/>\n<meta property=\"article:modified_time\" content=\"2023-10-11T09:44:56+00:00\" \/>\n<meta property=\"og:image\" content=\"https:\/\/marzenawalczak.com\/wp-content\/uploads\/2021\/12\/swiatelko-w-mroku.jpg\" \/>\n\t<meta property=\"og:image:width\" content=\"2000\" \/>\n\t<meta property=\"og:image:height\" content=\"1325\" \/>\n\t<meta property=\"og:image:type\" content=\"image\/jpeg\" \/>\n<meta name=\"twitter:card\" content=\"summary_large_image\" \/>\n<meta name=\"twitter:label1\" content=\"Dur\u00e9e de lecture estim\u00e9e\" \/>\n\t<meta name=\"twitter:data1\" content=\"1 minute\" \/>\n<script type=\"application\/ld+json\" class=\"yoast-schema-graph\">{\"@context\":\"https:\\\/\\\/schema.org\",\"@graph\":[{\"@type\":\"WebPage\",\"@id\":\"https:\\\/\\\/marzenawalczak.com\\\/produkt\\\/jaskier-polny-fotografia-artystyczna\\\/\",\"url\":\"https:\\\/\\\/marzenawalczak.com\\\/produkt\\\/jaskier-polny-fotografia-artystyczna\\\/\",\"name\":\"\u015bwiate\u0142ko w mroku\",\"isPartOf\":{\"@id\":\"https:\\\/\\\/marzenawalczak.com\\\/#website\"},\"primaryImageOfPage\":{\"@id\":\"https:\\\/\\\/marzenawalczak.com\\\/produkt\\\/jaskier-polny-fotografia-artystyczna\\\/#primaryimage\"},\"image\":{\"@id\":\"https:\\\/\\\/marzenawalczak.com\\\/produkt\\\/jaskier-polny-fotografia-artystyczna\\\/#primaryimage\"},\"thumbnailUrl\":\"https:\\\/\\\/marzenawalczak.com\\\/wp-content\\\/uploads\\\/2021\\\/12\\\/swiatelko-w-mroku.jpg\",\"datePublished\":\"2021-12-21T10:22:09+00:00\",\"dateModified\":\"2023-10-11T09:44:56+00:00\",\"description\":\"Jaskier polny jak \u015bwiate\u0142ko wy\u0142ania si\u0119 z g\u0105szczu innych ro\u015blin - detale przyrody w kadrach makro. Autorska galeria fotografii.\",\"breadcrumb\":{\"@id\":\"https:\\\/\\\/marzenawalczak.com\\\/produkt\\\/jaskier-polny-fotografia-artystyczna\\\/#breadcrumb\"},\"inLanguage\":\"fr-FR\",\"potentialAction\":[{\"@type\":\"ReadAction\",\"target\":[\"https:\\\/\\\/marzenawalczak.com\\\/produkt\\\/jaskier-polny-fotografia-artystyczna\\\/\"]}]},{\"@type\":\"ImageObject\",\"inLanguage\":\"fr-FR\",\"@id\":\"https:\\\/\\\/marzenawalczak.com\\\/produkt\\\/jaskier-polny-fotografia-artystyczna\\\/#primaryimage\",\"url\":\"https:\\\/\\\/marzenawalczak.com\\\/wp-content\\\/uploads\\\/2021\\\/12\\\/swiatelko-w-mroku.jpg\",\"contentUrl\":\"https:\\\/\\\/marzenawalczak.com\\\/wp-content\\\/uploads\\\/2021\\\/12\\\/swiatelko-w-mroku.jpg\",\"width\":2000,\"height\":1325,\"caption\":\"jaskier polny\"},{\"@type\":\"BreadcrumbList\",\"@id\":\"https:\\\/\\\/marzenawalczak.com\\\/produkt\\\/jaskier-polny-fotografia-artystyczna\\\/#breadcrumb\",\"itemListElement\":[{\"@type\":\"ListItem\",\"position\":1,\"name\":\"Strona g\u0142\u00f3wna\",\"item\":\"https:\\\/\\\/marzenawalczak.com\\\/en\\\/\"},{\"@type\":\"ListItem\",\"position\":2,\"name\":\"Portfolio\",\"item\":\"https:\\\/\\\/marzenawalczak.com\\\/portfolio-przyroda-w-skali-makro\\\/\"},{\"@type\":\"ListItem\",\"position\":3,\"name\":\"\u015bwiate\u0142ko w mroku\"}]},{\"@type\":\"WebSite\",\"@id\":\"https:\\\/\\\/marzenawalczak.com\\\/#website\",\"url\":\"https:\\\/\\\/marzenawalczak.com\\\/\",\"name\":\"Marzena Walczak Photography\",\"description\":\"Galeria artystyczna\",\"publisher\":{\"@id\":\"https:\\\/\\\/marzenawalczak.com\\\/#organization\"},\"potentialAction\":[{\"@type\":\"SearchAction\",\"target\":{\"@type\":\"EntryPoint\",\"urlTemplate\":\"https:\\\/\\\/marzenawalczak.com\\\/?s={search_term_string}\"},\"query-input\":{\"@type\":\"PropertyValueSpecification\",\"valueRequired\":true,\"valueName\":\"search_term_string\"}}],\"inLanguage\":\"fr-FR\"},{\"@type\":\"Organization\",\"@id\":\"https:\\\/\\\/marzenawalczak.com\\\/#organization\",\"name\":\"Marzena Walczak photography\",\"url\":\"https:\\\/\\\/marzenawalczak.com\\\/\",\"logo\":{\"@type\":\"ImageObject\",\"inLanguage\":\"fr-FR\",\"@id\":\"https:\\\/\\\/marzenawalczak.com\\\/#\\\/schema\\\/logo\\\/image\\\/\",\"url\":\"https:\\\/\\\/marzenawalczak.com\\\/wp-content\\\/uploads\\\/2022\\\/07\\\/DSC_0210.jpg\",\"contentUrl\":\"https:\\\/\\\/marzenawalczak.com\\\/wp-content\\\/uploads\\\/2022\\\/07\\\/DSC_0210.jpg\",\"width\":1800,\"height\":1207,\"caption\":\"Marzena Walczak photography\"},\"image\":{\"@id\":\"https:\\\/\\\/marzenawalczak.com\\\/#\\\/schema\\\/logo\\\/image\\\/\"},\"sameAs\":[\"https:\\\/\\\/www.instagram.com\\\/marzenawalczak_com\\\/\"]}]}<\/script>\n<!-- \/ Yoast SEO plugin. -->","yoast_head_json":{"title":"\u015bwiate\u0142ko w mroku","description":"Jaskier polny jak \u015bwiate\u0142ko wy\u0142ania si\u0119 z g\u0105szczu innych ro\u015blin - detale przyrody w kadrach makro. Autorska galeria fotografii.","robots":{"index":"index","follow":"follow","max-snippet":"max-snippet:-1","max-image-preview":"max-image-preview:large","max-video-preview":"max-video-preview:-1"},"canonical":"https:\/\/marzenawalczak.com\/fr\/produkt\/jaskier-polny-fotografia-artystyczna\/","og_locale":"fr_FR","og_type":"article","og_title":"jaskier polny &#8211; [:pl]\u015bwiate\u0142ko w mroku[:] &#8211; Marzena Walczak Photography","og_description":"Jaskier polny jak \u015bwiate\u0142ko wy\u0142ania si\u0119 z g\u0105szczu innych ro\u015blin - detale przyrody w kadrach makro. Autorska galeria fotografii.","og_url":"https:\/\/marzenawalczak.com\/fr\/produkt\/jaskier-polny-fotografia-artystyczna\/","og_site_name":"Marzena Walczak Photography","article_modified_time":"2023-10-11T09:44:56+00:00","og_image":[{"width":2000,"height":1325,"url":"https:\/\/marzenawalczak.com\/wp-content\/uploads\/2021\/12\/swiatelko-w-mroku.jpg","type":"image\/jpeg"}],"twitter_card":"summary_large_image","twitter_misc":{"Dur\u00e9e de lecture estim\u00e9e":"1 minute"},"schema":{"@context":"https:\/\/schema.org","@graph":[{"@type":"WebPage","@id":"https:\/\/marzenawalczak.com\/produkt\/jaskier-polny-fotografia-artystyczna\/","url":"https:\/\/marzenawalczak.com\/produkt\/jaskier-polny-fotografia-artystyczna\/","name":"\u015bwiate\u0142ko w mroku","isPartOf":{"@id":"https:\/\/marzenawalczak.com\/#website"},"primaryImageOfPage":{"@id":"https:\/\/marzenawalczak.com\/produkt\/jaskier-polny-fotografia-artystyczna\/#primaryimage"},"image":{"@id":"https:\/\/marzenawalczak.com\/produkt\/jaskier-polny-fotografia-artystyczna\/#primaryimage"},"thumbnailUrl":"https:\/\/marzenawalczak.com\/wp-content\/uploads\/2021\/12\/swiatelko-w-mroku.jpg","datePublished":"2021-12-21T10:22:09+00:00","dateModified":"2023-10-11T09:44:56+00:00","description":"Jaskier polny jak \u015bwiate\u0142ko wy\u0142ania si\u0119 z g\u0105szczu innych ro\u015blin - detale przyrody w kadrach makro. Autorska galeria fotografii.","breadcrumb":{"@id":"https:\/\/marzenawalczak.com\/produkt\/jaskier-polny-fotografia-artystyczna\/#breadcrumb"},"inLanguage":"fr-FR","potentialAction":[{"@type":"ReadAction","target":["https:\/\/marzenawalczak.com\/produkt\/jaskier-polny-fotografia-artystyczna\/"]}]},{"@type":"ImageObject","inLanguage":"fr-FR","@id":"https:\/\/marzenawalczak.com\/produkt\/jaskier-polny-fotografia-artystyczna\/#primaryimage","url":"https:\/\/marzenawalczak.com\/wp-content\/uploads\/2021\/12\/swiatelko-w-mroku.jpg","contentUrl":"https:\/\/marzenawalczak.com\/wp-content\/uploads\/2021\/12\/swiatelko-w-mroku.jpg","width":2000,"height":1325,"caption":"jaskier polny"},{"@type":"BreadcrumbList","@id":"https:\/\/marzenawalczak.com\/produkt\/jaskier-polny-fotografia-artystyczna\/#breadcrumb","itemListElement":[{"@type":"ListItem","position":1,"name":"Strona g\u0142\u00f3wna","item":"https:\/\/marzenawalczak.com\/en\/"},{"@type":"ListItem","position":2,"name":"Portfolio","item":"https:\/\/marzenawalczak.com\/portfolio-przyroda-w-skali-makro\/"},{"@type":"ListItem","position":3,"name":"\u015bwiate\u0142ko w mroku"}]},{"@type":"WebSite","@id":"https:\/\/marzenawalczak.com\/#website","url":"https:\/\/marzenawalczak.com\/","name":"Marzena Walczak Photography","description":"Galeria artystyczna","publisher":{"@id":"https:\/\/marzenawalczak.com\/#organization"},"potentialAction":[{"@type":"SearchAction","target":{"@type":"EntryPoint","urlTemplate":"https:\/\/marzenawalczak.com\/?s={search_term_string}"},"query-input":{"@type":"PropertyValueSpecification","valueRequired":true,"valueName":"search_term_string"}}],"inLanguage":"fr-FR"},{"@type":"Organization","@id":"https:\/\/marzenawalczak.com\/#organization","name":"Marzena Walczak photography","url":"https:\/\/marzenawalczak.com\/","logo":{"@type":"ImageObject","inLanguage":"fr-FR","@id":"https:\/\/marzenawalczak.com\/#\/schema\/logo\/image\/","url":"https:\/\/marzenawalczak.com\/wp-content\/uploads\/2022\/07\/DSC_0210.jpg","contentUrl":"https:\/\/marzenawalczak.com\/wp-content\/uploads\/2022\/07\/DSC_0210.jpg","width":1800,"height":1207,"caption":"Marzena Walczak photography"},"image":{"@id":"https:\/\/marzenawalczak.com\/#\/schema\/logo\/image\/"},"sameAs":["https:\/\/www.instagram.com\/marzenawalczak_com\/"]}]}},"_links":{"self":[{"href":"https:\/\/marzenawalczak.com\/fr\/wp-json\/wp\/v2\/product\/266","targetHints":{"allow":["GET"]}}],"collection":[{"href":"https:\/\/marzenawalczak.com\/fr\/wp-json\/wp\/v2\/product"}],"about":[{"href":"https:\/\/marzenawalczak.com\/fr\/wp-json\/wp\/v2\/types\/product"}],"wp:featuredmedia":[{"embeddable":true,"href":"https:\/\/marzenawalczak.com\/fr\/wp-json\/wp\/v2\/media\/265"}],"wp:attachment":[{"href":"https:\/\/marzenawalczak.com\/fr\/wp-json\/wp\/v2\/media?parent=266"}],"wp:term":[{"taxonomy":"product_brand","embeddable":true,"href":"https:\/\/marzenawalczak.com\/fr\/wp-json\/wp\/v2\/product_brand?post=266"},{"taxonomy":"product_cat","embeddable":true,"href":"https:\/\/marzenawalczak.com\/fr\/wp-json\/wp\/v2\/product_cat?post=266"},{"taxonomy":"product_tag","embeddable":true,"href":"https:\/\/marzenawalczak.com\/fr\/wp-json\/wp\/v2\/product_tag?post=266"}],"curies":[{"name":"wp","href":"https:\/\/api.w.org\/{rel}","templated":true}]}}

światełko w mroku

<p>Jaskier polny jak światełko wyłania się z gąszczu innych roślin. Jego nasyconą, ciepłą barwę widać z daleka. W ten sposób wabi do siebie. Nie omiń go, daj się oczarować. Gdy się nad nim pochylisz, dostrzeżesz również jego misterną budowę. Zobacz jak pięknie zbudowany jest nasz świat. Popatrz w <a href="https://marzenawalczak.com/produkt/tesknota/">słońce</a>.</p>
<blockquote class="wp-block-quote has-text-align-center"><p><strong><em>„Wpatrz się głęboko, głęboko w przyrodę, a wtedy wszystko lepiej zrozumiesz.”</em></strong></p>
<p><cite>Albert Einstein </cite></p></blockquote>
<p>&nbsp;</p>

<p>Żółty kwiatek jaskra polnego jak maleńkie światełko wyłania się z gąszczu innych roślin.</p>

<!-- This site is optimized with the Yoast SEO plugin v27.5 - https://yoast.com/product/yoast-seo-wordpress/ -->
<title>światełko w mroku</title>
<meta name="description" content="Jaskier polny jak światełko wyłania się z gąszczu innych roślin - detale przyrody w kadrach makro. Autorska galeria fotografii." />
<meta name="robots" content="index, follow, max-snippet:-1, max-image-preview:large, max-video-preview:-1" />
<link rel="canonical" href="https://marzenawalczak.com/fr/produkt/jaskier-polny-fotografia-artystyczna/" />
<meta property="og:locale" content="fr_FR" />
<meta property="og:locale:alternate" content="pl_PL" />
<meta property="og:locale:alternate" content="en_US" />
<meta property="og:type" content="article" />
<meta property="og:title" content="światełko w mroku" />
<meta property="og:description" content="Jaskier polny jak światełko wyłania się z gąszczu innych roślin - detale przyrody w kadrach makro. Autorska galeria fotografii." />
<meta property="og:url" content="https://marzenawalczak.com/fr/produkt/jaskier-polny-fotografia-artystyczna/" />
<meta property="og:site_name" content="Marzena Walczak Photography" />
<meta property="article:modified_time" content="2023-10-11T09:44:56+00:00" />
<meta property="og:image" content="https://marzenawalczak.com/wp-content/uploads/2021/12/swiatelko-w-mroku.jpg" />
	<meta property="og:image:width" content="2000" />
	<meta property="og:image:height" content="1325" />
	<meta property="og:image:type" content="image/jpeg" />
<meta name="twitter:card" content="summary_large_image" />
<meta name="twitter:label1" content="Durée de lecture estimée" />
	<meta name="twitter:data1" content="1 minute" />
<script type="application/ld+json" class="yoast-schema-graph">{"@context":"https:\/\/schema.org","@graph":[{"@type":"WebPage","@id":"https:\/\/marzenawalczak.com\/produkt\/jaskier-polny-fotografia-artystyczna\/","url":"https:\/\/marzenawalczak.com\/produkt\/jaskier-polny-fotografia-artystyczna\/","name":"światełko w mroku","isPartOf":{"@id":"https:\/\/marzenawalczak.com\/#website"},"primaryImageOfPage":{"@id":"https:\/\/marzenawalczak.com\/produkt\/jaskier-polny-fotografia-artystyczna\/#primaryimage"},"image":{"@id":"https:\/\/marzenawalczak.com\/produkt\/jaskier-polny-fotografia-artystyczna\/#primaryimage"},"thumbnailUrl":"https:\/\/marzenawalczak.com\/wp-content\/uploads\/2021\/12\/swiatelko-w-mroku.jpg","datePublished":"2021-12-21T10:22:09+00:00","dateModified":"2023-10-11T09:44:56+00:00","description":"Jaskier polny jak światełko wyłania się z gąszczu innych roślin - detale przyrody w kadrach makro. Autorska galeria fotografii.","breadcrumb":{"@id":"https:\/\/marzenawalczak.com\/produkt\/jaskier-polny-fotografia-artystyczna\/#breadcrumb"},"inLanguage":"fr-FR","potentialAction":[{"@type":"ReadAction","target":["https:\/\/marzenawalczak.com\/produkt\/jaskier-polny-fotografia-artystyczna\/"]}]},{"@type":"ImageObject","inLanguage":"fr-FR","@id":"https:\/\/marzenawalczak.com\/produkt\/jaskier-polny-fotografia-artystyczna\/#primaryimage","url":"https:\/\/marzenawalczak.com\/wp-content\/uploads\/2021\/12\/swiatelko-w-mroku.jpg","contentUrl":"https:\/\/marzenawalczak.com\/wp-content\/uploads\/2021\/12\/swiatelko-w-mroku.jpg","width":2000,"height":1325,"caption":"jaskier polny"},{"@type":"BreadcrumbList","@id":"https:\/\/marzenawalczak.com\/produkt\/jaskier-polny-fotografia-artystyczna\/#breadcrumb","itemListElement":[{"@type":"ListItem","position":1,"name":"Strona główna","item":"https:\/\/marzenawalczak.com\/en\/"},{"@type":"ListItem","position":2,"name":"Portfolio","item":"https:\/\/marzenawalczak.com\/portfolio-przyroda-w-skali-makro\/"},{"@type":"ListItem","position":3,"name":"światełko w mroku"}]},{"@type":"WebSite","@id":"https:\/\/marzenawalczak.com\/#website","url":"https:\/\/marzenawalczak.com\/","name":"Marzena Walczak Photography","description":"Galeria artystyczna","publisher":{"@id":"https:\/\/marzenawalczak.com\/#organization"},"potentialAction":[{"@type":"SearchAction","target":{"@type":"EntryPoint","urlTemplate":"https:\/\/marzenawalczak.com\/?s={search_term_string}"},"query-input":{"@type":"PropertyValueSpecification","valueRequired":true,"valueName":"search_term_string"}}],"inLanguage":"fr-FR"},{"@type":"Organization","@id":"https:\/\/marzenawalczak.com\/#organization","name":"Marzena Walczak photography","url":"https:\/\/marzenawalczak.com\/","logo":{"@type":"ImageObject","inLanguage":"fr-FR","@id":"https:\/\/marzenawalczak.com\/#\/schema\/logo\/image\/","url":"https:\/\/marzenawalczak.com\/wp-content\/uploads\/2022\/07\/DSC_0210.jpg","contentUrl":"https:\/\/marzenawalczak.com\/wp-content\/uploads\/2022\/07\/DSC_0210.jpg","width":1800,"height":1207,"caption":"Marzena Walczak photography"},"image":{"@id":"https:\/\/marzenawalczak.com\/#\/schema\/logo\/image\/"},"sameAs":["https:\/\/www.instagram.com\/marzenawalczak_com\/"]}]}</script>
<!-- / Yoast SEO plugin. -->

Jaskier polny jak światełko wyłania się z gąszczu innych roślin - detale przyrody w kadrach makro. Autorska galeria fotografii.

jaskier polny &#8211; [:pl]światełko w mroku[:] &#8211; Marzena Walczak Photography

Strona główna
