{"id":270,"date":"2021-12-21T11:28:07","date_gmt":"2021-12-21T10:28:07","guid":{"rendered":"http:\/\/marzenawalczak.com\/?post_type=product&#038;p=270"},"modified":"2023-10-11T10:37:55","modified_gmt":"2023-10-11T09:37:55","slug":"u-progu-zimy-fotografia-artystyczna","status":"publish","type":"product","link":"https:\/\/marzenawalczak.com\/fr\/produkt\/u-progu-zimy-fotografia-artystyczna\/","title":{"rendered":"u progu zimy"},"content":{"rendered":"<p>U progu zimy irga jest wystrojona w kr\u00f3lewsk\u0105 czerwon\u0105 szat\u0119 z koronkow\u0105 obw\u00f3dk\u0105 z igie\u0142ek szronu. To misterne przystrojenie\u00a0 trwa czasem tylko par\u0119 chwil, do pierwszych promieni s\u0142onecznych. Zwiastuje jednak rych\u0142e nadej\u015bcie zimy, jak w piosence El\u017cbiety Adamiak &#8211; <a href=\"https:\/\/www.youtube.com\/watch?v=uI0sn0toFto\">\u00ab\u00a0Sytuacja w drzwiach\u00a0\u00bb<\/a>.<\/p>\n<p>\u00ab\u00a0&#8230;Zima ju\u017c pewnie czuje si\u0119 kr\u00f3low\u0105<br aria-hidden=\"true\" \/>A jesie\u0144 jest kr\u00f3low\u0105 jeszcze&#8230;\u00a0\u00bb<\/p>\n<p><a href=\"https:\/\/marzenawalczak.com\/produkt\/kolorowe-jesienne-liscie\/\">Barwy jesieni<\/a> &#8211; zobacz irg\u0119 w wydaniu jesiennym.<\/p>\n","protected":false},"excerpt":{"rendered":"<p>Drobniutkie listki irgi przebarwi\u0142y si\u0119 na karmazynowo, a szron przyozdobi\u0142 je koronkow\u0105 obw\u00f3dk\u0105.<\/p>\n","protected":false},"featured_media":264,"template":"","meta":{"_acf_changed":false},"product_brand":[],"product_cat":[16],"product_tag":[49,262,64,79,59,260,69,66,261,80],"class_list":{"0":"post-270","1":"product","2":"type-product","3":"status-publish","4":"has-post-thumbnail","6":"product_cat-bez-kategorii","7":"product_tag-czerwony","8":"product_tag-filigranowy","9":"product_tag-jesien","10":"product_tag-jesienne-liscie","11":"product_tag-jesienny","12":"product_tag-karmazynowy","13":"product_tag-karminowy","14":"product_tag-slonce","15":"product_tag-szron","16":"product_tag-zima","17":"product_shipping_class-polska","19":"first","20":"onbackorder","21":"shipping-taxable","22":"purchasable","23":"product-type-variable"},"acf":[],"yoast_head":"<!-- This site is optimized with the Yoast SEO plugin v27.5 - https:\/\/yoast.com\/product\/yoast-seo-wordpress\/ -->\n<title>U progu zimy &#8211; fotografia artystyczna &#8211; Marzena Walczak<\/title>\n<meta name=\"description\" content=\"U progu zimy - fotografia artystyczna - detale przyrody w kadrach makro. Chwila zachwytu nad \u015bwiatem kt\u00f3ry trudno dostrzec. Zdj\u0119cia do wystroju wn\u0119trz.\" \/>\n<meta name=\"robots\" content=\"index, follow, max-snippet:-1, max-image-preview:large, max-video-preview:-1\" \/>\n<link rel=\"canonical\" href=\"https:\/\/marzenawalczak.com\/fr\/produkt\/u-progu-zimy-fotografia-artystyczna\/\" \/>\n<meta property=\"og:locale\" content=\"fr_FR\" \/>\n<meta property=\"og:locale:alternate\" content=\"pl_PL\" \/>\n<meta property=\"og:locale:alternate\" content=\"en_US\" \/>\n<meta property=\"og:type\" content=\"article\" \/>\n<meta property=\"og:title\" content=\"U progu zimy &#8211; fotografia artystyczna &#8211; Marzena Walczak\" \/>\n<meta property=\"og:description\" content=\"U progu zimy - fotografia artystyczna - detale przyrody w kadrach makro. Chwila zachwytu nad \u015bwiatem kt\u00f3ry trudno dostrzec. Zdj\u0119cia do wystroju wn\u0119trz.\" \/>\n<meta property=\"og:url\" content=\"https:\/\/marzenawalczak.com\/fr\/produkt\/u-progu-zimy-fotografia-artystyczna\/\" \/>\n<meta property=\"og:site_name\" content=\"Marzena Walczak Photography\" \/>\n<meta property=\"article:modified_time\" content=\"2023-10-11T09:37:55+00:00\" \/>\n<meta property=\"og:image\" content=\"https:\/\/marzenawalczak.com\/wp-content\/uploads\/2021\/12\/irga-u-progu-zimy.jpg\" \/>\n\t<meta property=\"og:image:width\" content=\"2000\" \/>\n\t<meta property=\"og:image:height\" content=\"1325\" \/>\n\t<meta property=\"og:image:type\" content=\"image\/jpeg\" \/>\n<meta name=\"twitter:card\" content=\"summary_large_image\" \/>\n<meta name=\"twitter:label1\" content=\"Dur\u00e9e de lecture estim\u00e9e\" \/>\n\t<meta name=\"twitter:data1\" content=\"1 minute\" \/>\n<script type=\"application\/ld+json\" class=\"yoast-schema-graph\">{\"@context\":\"https:\\\/\\\/schema.org\",\"@graph\":[{\"@type\":\"WebPage\",\"@id\":\"https:\\\/\\\/marzenawalczak.com\\\/produkt\\\/u-progu-zimy-fotografia-artystyczna\\\/\",\"url\":\"https:\\\/\\\/marzenawalczak.com\\\/produkt\\\/u-progu-zimy-fotografia-artystyczna\\\/\",\"name\":\"U progu zimy &#8211; fotografia artystyczna &#8211; Marzena Walczak\",\"isPartOf\":{\"@id\":\"https:\\\/\\\/marzenawalczak.com\\\/#website\"},\"primaryImageOfPage\":{\"@id\":\"https:\\\/\\\/marzenawalczak.com\\\/produkt\\\/u-progu-zimy-fotografia-artystyczna\\\/#primaryimage\"},\"image\":{\"@id\":\"https:\\\/\\\/marzenawalczak.com\\\/produkt\\\/u-progu-zimy-fotografia-artystyczna\\\/#primaryimage\"},\"thumbnailUrl\":\"https:\\\/\\\/marzenawalczak.com\\\/wp-content\\\/uploads\\\/2021\\\/12\\\/irga-u-progu-zimy.jpg\",\"datePublished\":\"2021-12-21T10:28:07+00:00\",\"dateModified\":\"2023-10-11T09:37:55+00:00\",\"description\":\"U progu zimy - fotografia artystyczna - detale przyrody w kadrach makro. Chwila zachwytu nad \u015bwiatem kt\u00f3ry trudno dostrzec. Zdj\u0119cia do wystroju wn\u0119trz.\",\"breadcrumb\":{\"@id\":\"https:\\\/\\\/marzenawalczak.com\\\/produkt\\\/u-progu-zimy-fotografia-artystyczna\\\/#breadcrumb\"},\"inLanguage\":\"fr-FR\",\"potentialAction\":[{\"@type\":\"ReadAction\",\"target\":[\"https:\\\/\\\/marzenawalczak.com\\\/produkt\\\/u-progu-zimy-fotografia-artystyczna\\\/\"]}]},{\"@type\":\"ImageObject\",\"inLanguage\":\"fr-FR\",\"@id\":\"https:\\\/\\\/marzenawalczak.com\\\/produkt\\\/u-progu-zimy-fotografia-artystyczna\\\/#primaryimage\",\"url\":\"https:\\\/\\\/marzenawalczak.com\\\/wp-content\\\/uploads\\\/2021\\\/12\\\/irga-u-progu-zimy.jpg\",\"contentUrl\":\"https:\\\/\\\/marzenawalczak.com\\\/wp-content\\\/uploads\\\/2021\\\/12\\\/irga-u-progu-zimy.jpg\",\"width\":2000,\"height\":1325,\"caption\":\"Irga u progu zimy, drobniutkie listki irgi przebarwi\u0142y si\u0119 na czerwono, a szron przyozdobi\u0142 je jakby koronkow\u0105 lam\u00f3wk\u0105.\"},{\"@type\":\"BreadcrumbList\",\"@id\":\"https:\\\/\\\/marzenawalczak.com\\\/produkt\\\/u-progu-zimy-fotografia-artystyczna\\\/#breadcrumb\",\"itemListElement\":[{\"@type\":\"ListItem\",\"position\":1,\"name\":\"Strona g\u0142\u00f3wna\",\"item\":\"https:\\\/\\\/marzenawalczak.com\\\/en\\\/\"},{\"@type\":\"ListItem\",\"position\":2,\"name\":\"Portfolio\",\"item\":\"https:\\\/\\\/marzenawalczak.com\\\/portfolio-przyroda-w-skali-makro\\\/\"},{\"@type\":\"ListItem\",\"position\":3,\"name\":\"u progu zimy\"}]},{\"@type\":\"WebSite\",\"@id\":\"https:\\\/\\\/marzenawalczak.com\\\/#website\",\"url\":\"https:\\\/\\\/marzenawalczak.com\\\/\",\"name\":\"Marzena Walczak Photography\",\"description\":\"Galeria artystyczna\",\"publisher\":{\"@id\":\"https:\\\/\\\/marzenawalczak.com\\\/#organization\"},\"potentialAction\":[{\"@type\":\"SearchAction\",\"target\":{\"@type\":\"EntryPoint\",\"urlTemplate\":\"https:\\\/\\\/marzenawalczak.com\\\/?s={search_term_string}\"},\"query-input\":{\"@type\":\"PropertyValueSpecification\",\"valueRequired\":true,\"valueName\":\"search_term_string\"}}],\"inLanguage\":\"fr-FR\"},{\"@type\":\"Organization\",\"@id\":\"https:\\\/\\\/marzenawalczak.com\\\/#organization\",\"name\":\"Marzena Walczak photography\",\"url\":\"https:\\\/\\\/marzenawalczak.com\\\/\",\"logo\":{\"@type\":\"ImageObject\",\"inLanguage\":\"fr-FR\",\"@id\":\"https:\\\/\\\/marzenawalczak.com\\\/#\\\/schema\\\/logo\\\/image\\\/\",\"url\":\"https:\\\/\\\/marzenawalczak.com\\\/wp-content\\\/uploads\\\/2022\\\/07\\\/DSC_0210.jpg\",\"contentUrl\":\"https:\\\/\\\/marzenawalczak.com\\\/wp-content\\\/uploads\\\/2022\\\/07\\\/DSC_0210.jpg\",\"width\":1800,\"height\":1207,\"caption\":\"Marzena Walczak photography\"},\"image\":{\"@id\":\"https:\\\/\\\/marzenawalczak.com\\\/#\\\/schema\\\/logo\\\/image\\\/\"},\"sameAs\":[\"https:\\\/\\\/www.instagram.com\\\/marzenawalczak_com\\\/\"]}]}<\/script>\n<!-- \/ Yoast SEO plugin. -->","yoast_head_json":{"title":"U progu zimy &#8211; fotografia artystyczna &#8211; Marzena Walczak","description":"U progu zimy - fotografia artystyczna - detale przyrody w kadrach makro. Chwila zachwytu nad \u015bwiatem kt\u00f3ry trudno dostrzec. Zdj\u0119cia do wystroju wn\u0119trz.","robots":{"index":"index","follow":"follow","max-snippet":"max-snippet:-1","max-image-preview":"max-image-preview:large","max-video-preview":"max-video-preview:-1"},"canonical":"https:\/\/marzenawalczak.com\/fr\/produkt\/u-progu-zimy-fotografia-artystyczna\/","og_locale":"fr_FR","og_type":"article","og_title":"U progu zimy &#8211; fotografia artystyczna &#8211; Marzena Walczak","og_description":"U progu zimy - fotografia artystyczna - detale przyrody w kadrach makro. Chwila zachwytu nad \u015bwiatem kt\u00f3ry trudno dostrzec. Zdj\u0119cia do wystroju wn\u0119trz.","og_url":"https:\/\/marzenawalczak.com\/fr\/produkt\/u-progu-zimy-fotografia-artystyczna\/","og_site_name":"Marzena Walczak Photography","article_modified_time":"2023-10-11T09:37:55+00:00","og_image":[{"width":2000,"height":1325,"url":"https:\/\/marzenawalczak.com\/wp-content\/uploads\/2021\/12\/irga-u-progu-zimy.jpg","type":"image\/jpeg"}],"twitter_card":"summary_large_image","twitter_misc":{"Dur\u00e9e de lecture estim\u00e9e":"1 minute"},"schema":{"@context":"https:\/\/schema.org","@graph":[{"@type":"WebPage","@id":"https:\/\/marzenawalczak.com\/produkt\/u-progu-zimy-fotografia-artystyczna\/","url":"https:\/\/marzenawalczak.com\/produkt\/u-progu-zimy-fotografia-artystyczna\/","name":"U progu zimy &#8211; fotografia artystyczna &#8211; Marzena Walczak","isPartOf":{"@id":"https:\/\/marzenawalczak.com\/#website"},"primaryImageOfPage":{"@id":"https:\/\/marzenawalczak.com\/produkt\/u-progu-zimy-fotografia-artystyczna\/#primaryimage"},"image":{"@id":"https:\/\/marzenawalczak.com\/produkt\/u-progu-zimy-fotografia-artystyczna\/#primaryimage"},"thumbnailUrl":"https:\/\/marzenawalczak.com\/wp-content\/uploads\/2021\/12\/irga-u-progu-zimy.jpg","datePublished":"2021-12-21T10:28:07+00:00","dateModified":"2023-10-11T09:37:55+00:00","description":"U progu zimy - fotografia artystyczna - detale przyrody w kadrach makro. Chwila zachwytu nad \u015bwiatem kt\u00f3ry trudno dostrzec. Zdj\u0119cia do wystroju wn\u0119trz.","breadcrumb":{"@id":"https:\/\/marzenawalczak.com\/produkt\/u-progu-zimy-fotografia-artystyczna\/#breadcrumb"},"inLanguage":"fr-FR","potentialAction":[{"@type":"ReadAction","target":["https:\/\/marzenawalczak.com\/produkt\/u-progu-zimy-fotografia-artystyczna\/"]}]},{"@type":"ImageObject","inLanguage":"fr-FR","@id":"https:\/\/marzenawalczak.com\/produkt\/u-progu-zimy-fotografia-artystyczna\/#primaryimage","url":"https:\/\/marzenawalczak.com\/wp-content\/uploads\/2021\/12\/irga-u-progu-zimy.jpg","contentUrl":"https:\/\/marzenawalczak.com\/wp-content\/uploads\/2021\/12\/irga-u-progu-zimy.jpg","width":2000,"height":1325,"caption":"Irga u progu zimy, drobniutkie listki irgi przebarwi\u0142y si\u0119 na czerwono, a szron przyozdobi\u0142 je jakby koronkow\u0105 lam\u00f3wk\u0105."},{"@type":"BreadcrumbList","@id":"https:\/\/marzenawalczak.com\/produkt\/u-progu-zimy-fotografia-artystyczna\/#breadcrumb","itemListElement":[{"@type":"ListItem","position":1,"name":"Strona g\u0142\u00f3wna","item":"https:\/\/marzenawalczak.com\/en\/"},{"@type":"ListItem","position":2,"name":"Portfolio","item":"https:\/\/marzenawalczak.com\/portfolio-przyroda-w-skali-makro\/"},{"@type":"ListItem","position":3,"name":"u progu zimy"}]},{"@type":"WebSite","@id":"https:\/\/marzenawalczak.com\/#website","url":"https:\/\/marzenawalczak.com\/","name":"Marzena Walczak Photography","description":"Galeria artystyczna","publisher":{"@id":"https:\/\/marzenawalczak.com\/#organization"},"potentialAction":[{"@type":"SearchAction","target":{"@type":"EntryPoint","urlTemplate":"https:\/\/marzenawalczak.com\/?s={search_term_string}"},"query-input":{"@type":"PropertyValueSpecification","valueRequired":true,"valueName":"search_term_string"}}],"inLanguage":"fr-FR"},{"@type":"Organization","@id":"https:\/\/marzenawalczak.com\/#organization","name":"Marzena Walczak photography","url":"https:\/\/marzenawalczak.com\/","logo":{"@type":"ImageObject","inLanguage":"fr-FR","@id":"https:\/\/marzenawalczak.com\/#\/schema\/logo\/image\/","url":"https:\/\/marzenawalczak.com\/wp-content\/uploads\/2022\/07\/DSC_0210.jpg","contentUrl":"https:\/\/marzenawalczak.com\/wp-content\/uploads\/2022\/07\/DSC_0210.jpg","width":1800,"height":1207,"caption":"Marzena Walczak photography"},"image":{"@id":"https:\/\/marzenawalczak.com\/#\/schema\/logo\/image\/"},"sameAs":["https:\/\/www.instagram.com\/marzenawalczak_com\/"]}]}},"_links":{"self":[{"href":"https:\/\/marzenawalczak.com\/fr\/wp-json\/wp\/v2\/product\/270","targetHints":{"allow":["GET"]}}],"collection":[{"href":"https:\/\/marzenawalczak.com\/fr\/wp-json\/wp\/v2\/product"}],"about":[{"href":"https:\/\/marzenawalczak.com\/fr\/wp-json\/wp\/v2\/types\/product"}],"wp:featuredmedia":[{"embeddable":true,"href":"https:\/\/marzenawalczak.com\/fr\/wp-json\/wp\/v2\/media\/264"}],"wp:attachment":[{"href":"https:\/\/marzenawalczak.com\/fr\/wp-json\/wp\/v2\/media?parent=270"}],"wp:term":[{"taxonomy":"product_brand","embeddable":true,"href":"https:\/\/marzenawalczak.com\/fr\/wp-json\/wp\/v2\/product_brand?post=270"},{"taxonomy":"product_cat","embeddable":true,"href":"https:\/\/marzenawalczak.com\/fr\/wp-json\/wp\/v2\/product_cat?post=270"},{"taxonomy":"product_tag","embeddable":true,"href":"https:\/\/marzenawalczak.com\/fr\/wp-json\/wp\/v2\/product_tag?post=270"}],"curies":[{"name":"wp","href":"https:\/\/api.w.org\/{rel}","templated":true}]}}

<p>U progu zimy irga jest wystrojona w królewską czerwoną szatę z koronkową obwódką z igiełek szronu. To misterne przystrojenie  trwa czasem tylko parę chwil, do pierwszych promieni słonecznych. Zwiastuje jednak rychłe nadejście zimy, jak w piosence Elżbiety Adamiak &#8211; <a href="https://www.youtube.com/watch?v=uI0sn0toFto">« Sytuacja w drzwiach »</a>.</p>
<p>« &#8230;Zima już pewnie czuje się królową<br aria-hidden="true" />A jesień jest królową jeszcze&#8230; »</p>
<p><a href="https://marzenawalczak.com/produkt/kolorowe-jesienne-liscie/">Barwy jesieni</a> &#8211; zobacz irgę w wydaniu jesiennym.</p>

<p>Drobniutkie listki irgi przebarwiły się na karmazynowo, a szron przyozdobił je koronkową obwódką.</p>

<!-- This site is optimized with the Yoast SEO plugin v27.5 - https://yoast.com/product/yoast-seo-wordpress/ -->
<title>U progu zimy &#8211; fotografia artystyczna &#8211; Marzena Walczak</title>
<meta name="description" content="U progu zimy - fotografia artystyczna - detale przyrody w kadrach makro. Chwila zachwytu nad światem który trudno dostrzec. Zdjęcia do wystroju wnętrz." />
<meta name="robots" content="index, follow, max-snippet:-1, max-image-preview:large, max-video-preview:-1" />
<link rel="canonical" href="https://marzenawalczak.com/fr/produkt/u-progu-zimy-fotografia-artystyczna/" />
<meta property="og:locale" content="fr_FR" />
<meta property="og:locale:alternate" content="pl_PL" />
<meta property="og:locale:alternate" content="en_US" />
<meta property="og:type" content="article" />
<meta property="og:title" content="U progu zimy &#8211; fotografia artystyczna &#8211; Marzena Walczak" />
<meta property="og:description" content="U progu zimy - fotografia artystyczna - detale przyrody w kadrach makro. Chwila zachwytu nad światem który trudno dostrzec. Zdjęcia do wystroju wnętrz." />
<meta property="og:url" content="https://marzenawalczak.com/fr/produkt/u-progu-zimy-fotografia-artystyczna/" />
<meta property="og:site_name" content="Marzena Walczak Photography" />
<meta property="article:modified_time" content="2023-10-11T09:37:55+00:00" />
<meta property="og:image" content="https://marzenawalczak.com/wp-content/uploads/2021/12/irga-u-progu-zimy.jpg" />
	<meta property="og:image:width" content="2000" />
	<meta property="og:image:height" content="1325" />
	<meta property="og:image:type" content="image/jpeg" />
<meta name="twitter:card" content="summary_large_image" />
<meta name="twitter:label1" content="Durée de lecture estimée" />
	<meta name="twitter:data1" content="1 minute" />
<script type="application/ld+json" class="yoast-schema-graph">{"@context":"https:\/\/schema.org","@graph":[{"@type":"WebPage","@id":"https:\/\/marzenawalczak.com\/produkt\/u-progu-zimy-fotografia-artystyczna\/","url":"https:\/\/marzenawalczak.com\/produkt\/u-progu-zimy-fotografia-artystyczna\/","name":"U progu zimy &#8211; fotografia artystyczna &#8211; Marzena Walczak","isPartOf":{"@id":"https:\/\/marzenawalczak.com\/#website"},"primaryImageOfPage":{"@id":"https:\/\/marzenawalczak.com\/produkt\/u-progu-zimy-fotografia-artystyczna\/#primaryimage"},"image":{"@id":"https:\/\/marzenawalczak.com\/produkt\/u-progu-zimy-fotografia-artystyczna\/#primaryimage"},"thumbnailUrl":"https:\/\/marzenawalczak.com\/wp-content\/uploads\/2021\/12\/irga-u-progu-zimy.jpg","datePublished":"2021-12-21T10:28:07+00:00","dateModified":"2023-10-11T09:37:55+00:00","description":"U progu zimy - fotografia artystyczna - detale przyrody w kadrach makro. Chwila zachwytu nad światem który trudno dostrzec. Zdjęcia do wystroju wnętrz.","breadcrumb":{"@id":"https:\/\/marzenawalczak.com\/produkt\/u-progu-zimy-fotografia-artystyczna\/#breadcrumb"},"inLanguage":"fr-FR","potentialAction":[{"@type":"ReadAction","target":["https:\/\/marzenawalczak.com\/produkt\/u-progu-zimy-fotografia-artystyczna\/"]}]},{"@type":"ImageObject","inLanguage":"fr-FR","@id":"https:\/\/marzenawalczak.com\/produkt\/u-progu-zimy-fotografia-artystyczna\/#primaryimage","url":"https:\/\/marzenawalczak.com\/wp-content\/uploads\/2021\/12\/irga-u-progu-zimy.jpg","contentUrl":"https:\/\/marzenawalczak.com\/wp-content\/uploads\/2021\/12\/irga-u-progu-zimy.jpg","width":2000,"height":1325,"caption":"Irga u progu zimy, drobniutkie listki irgi przebarwiły się na czerwono, a szron przyozdobił je jakby koronkową lamówką."},{"@type":"BreadcrumbList","@id":"https:\/\/marzenawalczak.com\/produkt\/u-progu-zimy-fotografia-artystyczna\/#breadcrumb","itemListElement":[{"@type":"ListItem","position":1,"name":"Strona główna","item":"https:\/\/marzenawalczak.com\/en\/"},{"@type":"ListItem","position":2,"name":"Portfolio","item":"https:\/\/marzenawalczak.com\/portfolio-przyroda-w-skali-makro\/"},{"@type":"ListItem","position":3,"name":"u progu zimy"}]},{"@type":"WebSite","@id":"https:\/\/marzenawalczak.com\/#website","url":"https:\/\/marzenawalczak.com\/","name":"Marzena Walczak Photography","description":"Galeria artystyczna","publisher":{"@id":"https:\/\/marzenawalczak.com\/#organization"},"potentialAction":[{"@type":"SearchAction","target":{"@type":"EntryPoint","urlTemplate":"https:\/\/marzenawalczak.com\/?s={search_term_string}"},"query-input":{"@type":"PropertyValueSpecification","valueRequired":true,"valueName":"search_term_string"}}],"inLanguage":"fr-FR"},{"@type":"Organization","@id":"https:\/\/marzenawalczak.com\/#organization","name":"Marzena Walczak photography","url":"https:\/\/marzenawalczak.com\/","logo":{"@type":"ImageObject","inLanguage":"fr-FR","@id":"https:\/\/marzenawalczak.com\/#\/schema\/logo\/image\/","url":"https:\/\/marzenawalczak.com\/wp-content\/uploads\/2022\/07\/DSC_0210.jpg","contentUrl":"https:\/\/marzenawalczak.com\/wp-content\/uploads\/2022\/07\/DSC_0210.jpg","width":1800,"height":1207,"caption":"Marzena Walczak photography"},"image":{"@id":"https:\/\/marzenawalczak.com\/#\/schema\/logo\/image\/"},"sameAs":["https:\/\/www.instagram.com\/marzenawalczak_com\/"]}]}</script>
<!-- / Yoast SEO plugin. -->

U progu zimy - fotografia artystyczna - detale przyrody w kadrach makro. Chwila zachwytu nad światem który trudno dostrzec. Zdjęcia do wystroju wnętrz.

Irga u progu zimy, drobniutkie listki irgi przebarwiły się na czerwono, a szron przyozdobił je jakby koronkową lamówką.

Strona główna
