{"id":283,"date":"2021-12-23T12:15:38","date_gmt":"2021-12-23T11:15:38","guid":{"rendered":"http:\/\/marzenawalczak.com\/?post_type=product&#038;p=283"},"modified":"2023-10-10T10:41:22","modified_gmt":"2023-10-10T09:41:22","slug":"precyzja-natury-symetria","status":"publish","type":"product","link":"https:\/\/marzenawalczak.com\/fr\/produkt\/precyzja-natury-symetria\/","title":{"rendered":"precyzja natury"},"content":{"rendered":"<p>Precyzja natury w kwiatku rukoli jest zadziwiaj\u0105ca.<\/p>\n<p>Czy wiesz, \u017ce to coraz bardziej popularne u nas warzywo pi\u0119knie kwitnie. Trzeba si\u0119 tylko nad nim pochyli\u0107, aby zobaczy\u0107 jak misternie uformowany jest jego kwiat. \u015awiat z bliska jest naprawd\u0119 zachwycaj\u0105cy.<\/p>\n","protected":false},"excerpt":{"rendered":"<p>Precyzja natury w \u017c\u00f3\u0142tym kwiatku po\u015br\u00f3d niebiesko-granatowych cieni.<\/p>\n","protected":false},"featured_media":738,"template":"","meta":{"_acf_changed":false},"product_brand":[],"product_cat":[16],"product_tag":[96,131,95,83,116,126,66,88,246,62,34],"class_list":{"0":"post-283","1":"product","2":"type-product","3":"status-publish","4":"has-post-thumbnail","6":"product_cat-bez-kategorii","7":"product_tag-kwiaty-lata","8":"product_tag-kwiaty-rukoli","9":"product_tag-lato","10":"product_tag-makro","11":"product_tag-natura","12":"product_tag-rukola","13":"product_tag-slonce","14":"product_tag-swiatlo-i-cien","15":"product_tag-swietlisty","16":"product_tag-zolty","17":"product_tag-strona-glowna","18":"product_shipping_class-polska","20":"first","21":"onbackorder","22":"shipping-taxable","23":"purchasable","24":"product-type-variable"},"acf":[],"yoast_head":"<!-- This site is optimized with the Yoast SEO plugin v27.5 - https:\/\/yoast.com\/product\/yoast-seo-wordpress\/ -->\n<title>precyzja natury &#8211; fotoobraz &#8211; Marzena Walczak Photography<\/title>\n<meta name=\"description\" content=\"Precyzja natury - detale przyrody w kadrach makro. Chwila zachwytu nad \u015bwiatem, kt\u00f3ry trudno dostrzec. Zdj\u0119cia do wystroju wn\u0119trz. Idealne na prezent.\" \/>\n<meta name=\"robots\" content=\"index, follow, max-snippet:-1, max-image-preview:large, max-video-preview:-1\" \/>\n<link rel=\"canonical\" href=\"https:\/\/marzenawalczak.com\/fr\/produkt\/precyzja-natury-symetria\/\" \/>\n<meta property=\"og:locale\" content=\"fr_FR\" \/>\n<meta property=\"og:locale:alternate\" content=\"pl_PL\" \/>\n<meta property=\"og:locale:alternate\" content=\"en_US\" \/>\n<meta property=\"og:type\" content=\"article\" \/>\n<meta property=\"og:title\" content=\"precyzja natury &#8211; fotoobraz &#8211; Marzena Walczak Photography\" \/>\n<meta property=\"og:description\" content=\"Precyzja natury - detale przyrody w kadrach makro. Chwila zachwytu nad \u015bwiatem, kt\u00f3ry trudno dostrzec. Zdj\u0119cia do wystroju wn\u0119trz. Idealne na prezent.\" \/>\n<meta property=\"og:url\" content=\"https:\/\/marzenawalczak.com\/fr\/produkt\/precyzja-natury-symetria\/\" \/>\n<meta property=\"og:site_name\" content=\"Marzena Walczak Photography\" \/>\n<meta property=\"article:modified_time\" content=\"2023-10-10T09:41:22+00:00\" \/>\n<meta property=\"og:image\" content=\"https:\/\/marzenawalczak.com\/wp-content\/uploads\/2021\/12\/precyzja-natury.jpg\" \/>\n\t<meta property=\"og:image:width\" content=\"2000\" \/>\n\t<meta property=\"og:image:height\" content=\"1325\" \/>\n\t<meta property=\"og:image:type\" content=\"image\/jpeg\" \/>\n<meta name=\"twitter:card\" content=\"summary_large_image\" \/>\n<meta name=\"twitter:label1\" content=\"Dur\u00e9e de lecture estim\u00e9e\" \/>\n\t<meta name=\"twitter:data1\" content=\"1 minute\" \/>\n<script type=\"application\/ld+json\" class=\"yoast-schema-graph\">{\"@context\":\"https:\\\/\\\/schema.org\",\"@graph\":[{\"@type\":\"WebPage\",\"@id\":\"https:\\\/\\\/marzenawalczak.com\\\/produkt\\\/precyzja-natury-symetria\\\/\",\"url\":\"https:\\\/\\\/marzenawalczak.com\\\/produkt\\\/precyzja-natury-symetria\\\/\",\"name\":\"precyzja natury &#8211; fotoobraz &#8211; Marzena Walczak Photography\",\"isPartOf\":{\"@id\":\"https:\\\/\\\/marzenawalczak.com\\\/#website\"},\"primaryImageOfPage\":{\"@id\":\"https:\\\/\\\/marzenawalczak.com\\\/produkt\\\/precyzja-natury-symetria\\\/#primaryimage\"},\"image\":{\"@id\":\"https:\\\/\\\/marzenawalczak.com\\\/produkt\\\/precyzja-natury-symetria\\\/#primaryimage\"},\"thumbnailUrl\":\"https:\\\/\\\/marzenawalczak.com\\\/wp-content\\\/uploads\\\/2021\\\/12\\\/precyzja-natury.jpg\",\"datePublished\":\"2021-12-23T11:15:38+00:00\",\"dateModified\":\"2023-10-10T09:41:22+00:00\",\"description\":\"Precyzja natury - detale przyrody w kadrach makro. Chwila zachwytu nad \u015bwiatem, kt\u00f3ry trudno dostrzec. Zdj\u0119cia do wystroju wn\u0119trz. Idealne na prezent.\",\"breadcrumb\":{\"@id\":\"https:\\\/\\\/marzenawalczak.com\\\/produkt\\\/precyzja-natury-symetria\\\/#breadcrumb\"},\"inLanguage\":\"fr-FR\",\"potentialAction\":[{\"@type\":\"ReadAction\",\"target\":[\"https:\\\/\\\/marzenawalczak.com\\\/produkt\\\/precyzja-natury-symetria\\\/\"]}]},{\"@type\":\"ImageObject\",\"inLanguage\":\"fr-FR\",\"@id\":\"https:\\\/\\\/marzenawalczak.com\\\/produkt\\\/precyzja-natury-symetria\\\/#primaryimage\",\"url\":\"https:\\\/\\\/marzenawalczak.com\\\/wp-content\\\/uploads\\\/2021\\\/12\\\/precyzja-natury.jpg\",\"contentUrl\":\"https:\\\/\\\/marzenawalczak.com\\\/wp-content\\\/uploads\\\/2021\\\/12\\\/precyzja-natury.jpg\",\"width\":2000,\"height\":1325,\"caption\":\"Precyzja natury w \u017c\u00f3\u0142tym kwiatku o bardzo intensywnej barwie po\u015br\u00f3d niebiesko-granatowych cieni.\"},{\"@type\":\"BreadcrumbList\",\"@id\":\"https:\\\/\\\/marzenawalczak.com\\\/produkt\\\/precyzja-natury-symetria\\\/#breadcrumb\",\"itemListElement\":[{\"@type\":\"ListItem\",\"position\":1,\"name\":\"Strona g\u0142\u00f3wna\",\"item\":\"https:\\\/\\\/marzenawalczak.com\\\/en\\\/\"},{\"@type\":\"ListItem\",\"position\":2,\"name\":\"Portfolio\",\"item\":\"https:\\\/\\\/marzenawalczak.com\\\/portfolio-przyroda-w-skali-makro\\\/\"},{\"@type\":\"ListItem\",\"position\":3,\"name\":\"precyzja natury\"}]},{\"@type\":\"WebSite\",\"@id\":\"https:\\\/\\\/marzenawalczak.com\\\/#website\",\"url\":\"https:\\\/\\\/marzenawalczak.com\\\/\",\"name\":\"Marzena Walczak Photography\",\"description\":\"Galeria artystyczna\",\"publisher\":{\"@id\":\"https:\\\/\\\/marzenawalczak.com\\\/#organization\"},\"potentialAction\":[{\"@type\":\"SearchAction\",\"target\":{\"@type\":\"EntryPoint\",\"urlTemplate\":\"https:\\\/\\\/marzenawalczak.com\\\/?s={search_term_string}\"},\"query-input\":{\"@type\":\"PropertyValueSpecification\",\"valueRequired\":true,\"valueName\":\"search_term_string\"}}],\"inLanguage\":\"fr-FR\"},{\"@type\":\"Organization\",\"@id\":\"https:\\\/\\\/marzenawalczak.com\\\/#organization\",\"name\":\"Marzena Walczak photography\",\"url\":\"https:\\\/\\\/marzenawalczak.com\\\/\",\"logo\":{\"@type\":\"ImageObject\",\"inLanguage\":\"fr-FR\",\"@id\":\"https:\\\/\\\/marzenawalczak.com\\\/#\\\/schema\\\/logo\\\/image\\\/\",\"url\":\"https:\\\/\\\/marzenawalczak.com\\\/wp-content\\\/uploads\\\/2022\\\/07\\\/DSC_0210.jpg\",\"contentUrl\":\"https:\\\/\\\/marzenawalczak.com\\\/wp-content\\\/uploads\\\/2022\\\/07\\\/DSC_0210.jpg\",\"width\":1800,\"height\":1207,\"caption\":\"Marzena Walczak photography\"},\"image\":{\"@id\":\"https:\\\/\\\/marzenawalczak.com\\\/#\\\/schema\\\/logo\\\/image\\\/\"},\"sameAs\":[\"https:\\\/\\\/www.instagram.com\\\/marzenawalczak_com\\\/\"]}]}<\/script>\n<!-- \/ Yoast SEO plugin. -->","yoast_head_json":{"title":"precyzja natury &#8211; fotoobraz &#8211; Marzena Walczak Photography","description":"Precyzja natury - detale przyrody w kadrach makro. Chwila zachwytu nad \u015bwiatem, kt\u00f3ry trudno dostrzec. Zdj\u0119cia do wystroju wn\u0119trz. Idealne na prezent.","robots":{"index":"index","follow":"follow","max-snippet":"max-snippet:-1","max-image-preview":"max-image-preview:large","max-video-preview":"max-video-preview:-1"},"canonical":"https:\/\/marzenawalczak.com\/fr\/produkt\/precyzja-natury-symetria\/","og_locale":"fr_FR","og_type":"article","og_title":"precyzja natury &#8211; fotoobraz &#8211; Marzena Walczak Photography","og_description":"Precyzja natury - detale przyrody w kadrach makro. Chwila zachwytu nad \u015bwiatem, kt\u00f3ry trudno dostrzec. Zdj\u0119cia do wystroju wn\u0119trz. Idealne na prezent.","og_url":"https:\/\/marzenawalczak.com\/fr\/produkt\/precyzja-natury-symetria\/","og_site_name":"Marzena Walczak Photography","article_modified_time":"2023-10-10T09:41:22+00:00","og_image":[{"width":2000,"height":1325,"url":"https:\/\/marzenawalczak.com\/wp-content\/uploads\/2021\/12\/precyzja-natury.jpg","type":"image\/jpeg"}],"twitter_card":"summary_large_image","twitter_misc":{"Dur\u00e9e de lecture estim\u00e9e":"1 minute"},"schema":{"@context":"https:\/\/schema.org","@graph":[{"@type":"WebPage","@id":"https:\/\/marzenawalczak.com\/produkt\/precyzja-natury-symetria\/","url":"https:\/\/marzenawalczak.com\/produkt\/precyzja-natury-symetria\/","name":"precyzja natury &#8211; fotoobraz &#8211; Marzena Walczak Photography","isPartOf":{"@id":"https:\/\/marzenawalczak.com\/#website"},"primaryImageOfPage":{"@id":"https:\/\/marzenawalczak.com\/produkt\/precyzja-natury-symetria\/#primaryimage"},"image":{"@id":"https:\/\/marzenawalczak.com\/produkt\/precyzja-natury-symetria\/#primaryimage"},"thumbnailUrl":"https:\/\/marzenawalczak.com\/wp-content\/uploads\/2021\/12\/precyzja-natury.jpg","datePublished":"2021-12-23T11:15:38+00:00","dateModified":"2023-10-10T09:41:22+00:00","description":"Precyzja natury - detale przyrody w kadrach makro. Chwila zachwytu nad \u015bwiatem, kt\u00f3ry trudno dostrzec. Zdj\u0119cia do wystroju wn\u0119trz. Idealne na prezent.","breadcrumb":{"@id":"https:\/\/marzenawalczak.com\/produkt\/precyzja-natury-symetria\/#breadcrumb"},"inLanguage":"fr-FR","potentialAction":[{"@type":"ReadAction","target":["https:\/\/marzenawalczak.com\/produkt\/precyzja-natury-symetria\/"]}]},{"@type":"ImageObject","inLanguage":"fr-FR","@id":"https:\/\/marzenawalczak.com\/produkt\/precyzja-natury-symetria\/#primaryimage","url":"https:\/\/marzenawalczak.com\/wp-content\/uploads\/2021\/12\/precyzja-natury.jpg","contentUrl":"https:\/\/marzenawalczak.com\/wp-content\/uploads\/2021\/12\/precyzja-natury.jpg","width":2000,"height":1325,"caption":"Precyzja natury w \u017c\u00f3\u0142tym kwiatku o bardzo intensywnej barwie po\u015br\u00f3d niebiesko-granatowych cieni."},{"@type":"BreadcrumbList","@id":"https:\/\/marzenawalczak.com\/produkt\/precyzja-natury-symetria\/#breadcrumb","itemListElement":[{"@type":"ListItem","position":1,"name":"Strona g\u0142\u00f3wna","item":"https:\/\/marzenawalczak.com\/en\/"},{"@type":"ListItem","position":2,"name":"Portfolio","item":"https:\/\/marzenawalczak.com\/portfolio-przyroda-w-skali-makro\/"},{"@type":"ListItem","position":3,"name":"precyzja natury"}]},{"@type":"WebSite","@id":"https:\/\/marzenawalczak.com\/#website","url":"https:\/\/marzenawalczak.com\/","name":"Marzena Walczak Photography","description":"Galeria artystyczna","publisher":{"@id":"https:\/\/marzenawalczak.com\/#organization"},"potentialAction":[{"@type":"SearchAction","target":{"@type":"EntryPoint","urlTemplate":"https:\/\/marzenawalczak.com\/?s={search_term_string}"},"query-input":{"@type":"PropertyValueSpecification","valueRequired":true,"valueName":"search_term_string"}}],"inLanguage":"fr-FR"},{"@type":"Organization","@id":"https:\/\/marzenawalczak.com\/#organization","name":"Marzena Walczak photography","url":"https:\/\/marzenawalczak.com\/","logo":{"@type":"ImageObject","inLanguage":"fr-FR","@id":"https:\/\/marzenawalczak.com\/#\/schema\/logo\/image\/","url":"https:\/\/marzenawalczak.com\/wp-content\/uploads\/2022\/07\/DSC_0210.jpg","contentUrl":"https:\/\/marzenawalczak.com\/wp-content\/uploads\/2022\/07\/DSC_0210.jpg","width":1800,"height":1207,"caption":"Marzena Walczak photography"},"image":{"@id":"https:\/\/marzenawalczak.com\/#\/schema\/logo\/image\/"},"sameAs":["https:\/\/www.instagram.com\/marzenawalczak_com\/"]}]}},"_links":{"self":[{"href":"https:\/\/marzenawalczak.com\/fr\/wp-json\/wp\/v2\/product\/283","targetHints":{"allow":["GET"]}}],"collection":[{"href":"https:\/\/marzenawalczak.com\/fr\/wp-json\/wp\/v2\/product"}],"about":[{"href":"https:\/\/marzenawalczak.com\/fr\/wp-json\/wp\/v2\/types\/product"}],"wp:featuredmedia":[{"embeddable":true,"href":"https:\/\/marzenawalczak.com\/fr\/wp-json\/wp\/v2\/media\/738"}],"wp:attachment":[{"href":"https:\/\/marzenawalczak.com\/fr\/wp-json\/wp\/v2\/media?parent=283"}],"wp:term":[{"taxonomy":"product_brand","embeddable":true,"href":"https:\/\/marzenawalczak.com\/fr\/wp-json\/wp\/v2\/product_brand?post=283"},{"taxonomy":"product_cat","embeddable":true,"href":"https:\/\/marzenawalczak.com\/fr\/wp-json\/wp\/v2\/product_cat?post=283"},{"taxonomy":"product_tag","embeddable":true,"href":"https:\/\/marzenawalczak.com\/fr\/wp-json\/wp\/v2\/product_tag?post=283"}],"curies":[{"name":"wp","href":"https:\/\/api.w.org\/{rel}","templated":true}]}}

<p>Precyzja natury w kwiatku rukoli jest zadziwiająca.</p>
<p>Czy wiesz, że to coraz bardziej popularne u nas warzywo pięknie kwitnie. Trzeba się tylko nad nim pochylić, aby zobaczyć jak misternie uformowany jest jego kwiat. Świat z bliska jest naprawdę zachwycający.</p>

<p>Precyzja natury w żółtym kwiatku pośród niebiesko-granatowych cieni.</p>

<!-- This site is optimized with the Yoast SEO plugin v27.5 - https://yoast.com/product/yoast-seo-wordpress/ -->
<title>precyzja natury &#8211; fotoobraz &#8211; Marzena Walczak Photography</title>
<meta name="description" content="Precyzja natury - detale przyrody w kadrach makro. Chwila zachwytu nad światem, który trudno dostrzec. Zdjęcia do wystroju wnętrz. Idealne na prezent." />
<meta name="robots" content="index, follow, max-snippet:-1, max-image-preview:large, max-video-preview:-1" />
<link rel="canonical" href="https://marzenawalczak.com/fr/produkt/precyzja-natury-symetria/" />
<meta property="og:locale" content="fr_FR" />
<meta property="og:locale:alternate" content="pl_PL" />
<meta property="og:locale:alternate" content="en_US" />
<meta property="og:type" content="article" />
<meta property="og:title" content="precyzja natury &#8211; fotoobraz &#8211; Marzena Walczak Photography" />
<meta property="og:description" content="Precyzja natury - detale przyrody w kadrach makro. Chwila zachwytu nad światem, który trudno dostrzec. Zdjęcia do wystroju wnętrz. Idealne na prezent." />
<meta property="og:url" content="https://marzenawalczak.com/fr/produkt/precyzja-natury-symetria/" />
<meta property="og:site_name" content="Marzena Walczak Photography" />
<meta property="article:modified_time" content="2023-10-10T09:41:22+00:00" />
<meta property="og:image" content="https://marzenawalczak.com/wp-content/uploads/2021/12/precyzja-natury.jpg" />
	<meta property="og:image:width" content="2000" />
	<meta property="og:image:height" content="1325" />
	<meta property="og:image:type" content="image/jpeg" />
<meta name="twitter:card" content="summary_large_image" />
<meta name="twitter:label1" content="Durée de lecture estimée" />
	<meta name="twitter:data1" content="1 minute" />
<script type="application/ld+json" class="yoast-schema-graph">{"@context":"https:\/\/schema.org","@graph":[{"@type":"WebPage","@id":"https:\/\/marzenawalczak.com\/produkt\/precyzja-natury-symetria\/","url":"https:\/\/marzenawalczak.com\/produkt\/precyzja-natury-symetria\/","name":"precyzja natury &#8211; fotoobraz &#8211; Marzena Walczak Photography","isPartOf":{"@id":"https:\/\/marzenawalczak.com\/#website"},"primaryImageOfPage":{"@id":"https:\/\/marzenawalczak.com\/produkt\/precyzja-natury-symetria\/#primaryimage"},"image":{"@id":"https:\/\/marzenawalczak.com\/produkt\/precyzja-natury-symetria\/#primaryimage"},"thumbnailUrl":"https:\/\/marzenawalczak.com\/wp-content\/uploads\/2021\/12\/precyzja-natury.jpg","datePublished":"2021-12-23T11:15:38+00:00","dateModified":"2023-10-10T09:41:22+00:00","description":"Precyzja natury - detale przyrody w kadrach makro. Chwila zachwytu nad światem, który trudno dostrzec. Zdjęcia do wystroju wnętrz. Idealne na prezent.","breadcrumb":{"@id":"https:\/\/marzenawalczak.com\/produkt\/precyzja-natury-symetria\/#breadcrumb"},"inLanguage":"fr-FR","potentialAction":[{"@type":"ReadAction","target":["https:\/\/marzenawalczak.com\/produkt\/precyzja-natury-symetria\/"]}]},{"@type":"ImageObject","inLanguage":"fr-FR","@id":"https:\/\/marzenawalczak.com\/produkt\/precyzja-natury-symetria\/#primaryimage","url":"https:\/\/marzenawalczak.com\/wp-content\/uploads\/2021\/12\/precyzja-natury.jpg","contentUrl":"https:\/\/marzenawalczak.com\/wp-content\/uploads\/2021\/12\/precyzja-natury.jpg","width":2000,"height":1325,"caption":"Precyzja natury w żółtym kwiatku o bardzo intensywnej barwie pośród niebiesko-granatowych cieni."},{"@type":"BreadcrumbList","@id":"https:\/\/marzenawalczak.com\/produkt\/precyzja-natury-symetria\/#breadcrumb","itemListElement":[{"@type":"ListItem","position":1,"name":"Strona główna","item":"https:\/\/marzenawalczak.com\/en\/"},{"@type":"ListItem","position":2,"name":"Portfolio","item":"https:\/\/marzenawalczak.com\/portfolio-przyroda-w-skali-makro\/"},{"@type":"ListItem","position":3,"name":"precyzja natury"}]},{"@type":"WebSite","@id":"https:\/\/marzenawalczak.com\/#website","url":"https:\/\/marzenawalczak.com\/","name":"Marzena Walczak Photography","description":"Galeria artystyczna","publisher":{"@id":"https:\/\/marzenawalczak.com\/#organization"},"potentialAction":[{"@type":"SearchAction","target":{"@type":"EntryPoint","urlTemplate":"https:\/\/marzenawalczak.com\/?s={search_term_string}"},"query-input":{"@type":"PropertyValueSpecification","valueRequired":true,"valueName":"search_term_string"}}],"inLanguage":"fr-FR"},{"@type":"Organization","@id":"https:\/\/marzenawalczak.com\/#organization","name":"Marzena Walczak photography","url":"https:\/\/marzenawalczak.com\/","logo":{"@type":"ImageObject","inLanguage":"fr-FR","@id":"https:\/\/marzenawalczak.com\/#\/schema\/logo\/image\/","url":"https:\/\/marzenawalczak.com\/wp-content\/uploads\/2022\/07\/DSC_0210.jpg","contentUrl":"https:\/\/marzenawalczak.com\/wp-content\/uploads\/2022\/07\/DSC_0210.jpg","width":1800,"height":1207,"caption":"Marzena Walczak photography"},"image":{"@id":"https:\/\/marzenawalczak.com\/#\/schema\/logo\/image\/"},"sameAs":["https:\/\/www.instagram.com\/marzenawalczak_com\/"]}]}</script>
<!-- / Yoast SEO plugin. -->

Precyzja natury - detale przyrody w kadrach makro. Chwila zachwytu nad światem, który trudno dostrzec. Zdjęcia do wystroju wnętrz. Idealne na prezent.

Precyzja natury w żółtym kwiatku o bardzo intensywnej barwie pośród niebiesko-granatowych cieni.

Strona główna
