{"id":307,"date":"2021-12-27T17:57:10","date_gmt":"2021-12-27T16:57:10","guid":{"rendered":"https:\/\/marzenawalczak.com\/?post_type=product&#038;p=307"},"modified":"2023-10-10T09:19:38","modified_gmt":"2023-10-10T08:19:38","slug":"zolty-kwiat-dzielzanu","status":"publish","type":"product","link":"https:\/\/marzenawalczak.com\/fr\/produkt\/zolty-kwiat-dzielzanu\/","title":{"rendered":"\u017c\u00f3\u0142ty kwiat dziel\u017canu"},"content":{"rendered":"<p>\u017b\u00f3\u0142ty kwiat dziel\u017canu, po\u015br\u00f3d soczystej zieleni, wygl\u0105da jak ma\u0142e s\u0142o\u0144ce.<\/p>\n<p>W\u015br\u00f3d wielu atrakcyjnych odmian dziel\u017canu ogrodowego mo\u017cemy znale\u017a\u0107 ro\u015bliny o kwiatach od intensywnie \u017c\u00f3\u0142tych do <strong><a href=\"https:\/\/marzenawalczak.com\/produkt\/karminowe-marzenie\/\"><em>soczy\u015bcie czerwonych<\/em><\/a><\/strong>.<\/p>\n<p>Zdj\u0119cie wykona\u0142am w <a href=\"https:\/\/ogrod-powsin.pl\/\"><strong><em>Ogrodzie Botanicznym PAN<\/em><\/strong><\/a> w Powsinie. Polecam to pi\u0119kne miejsce na przyjemny, interesuj\u0105cy i relaksuj\u0105cy spacer.<\/p>\n","protected":false},"excerpt":{"rendered":"<p>odbicie s\u0142o\u0144ca<\/p>\n","protected":false},"featured_media":747,"template":"","meta":{"_acf_changed":false},"product_brand":[],"product_cat":[16],"product_tag":[76,130,64,129,96,116,66,67,88,62,34],"class_list":{"0":"post-307","1":"product","2":"type-product","3":"status-publish","4":"has-post-thumbnail","6":"product_cat-bez-kategorii","7":"product_tag-barwny","8":"product_tag-dzielzan","9":"product_tag-jesien","10":"product_tag-kwiatek","11":"product_tag-kwiaty-lata","12":"product_tag-natura","13":"product_tag-slonce","14":"product_tag-sloneczny","15":"product_tag-swiatlo-i-cien","16":"product_tag-zolty","17":"product_tag-strona-glowna","18":"product_shipping_class-polska","20":"first","21":"onbackorder","22":"shipping-taxable","23":"purchasable","24":"product-type-variable"},"acf":[],"yoast_head":"<!-- This site is optimized with the Yoast SEO plugin v27.5 - https:\/\/yoast.com\/product\/yoast-seo-wordpress\/ -->\n<title>\u017c\u00f3\u0142ty kwiat dziel\u017canu<\/title>\n<meta name=\"description\" content=\"\u017b\u00f3\u0142ty kwiat dziel\u017canu - detale przyrody w kadrach makro. Chwila zachwytu nad \u015bwiatem, kt\u00f3ry trudno dostrzec. Zdj\u0119cia do wystroju wn\u0119trz, r\u00f3wnie\u017c na prezent.\" \/>\n<meta name=\"robots\" content=\"index, follow, max-snippet:-1, max-image-preview:large, max-video-preview:-1\" \/>\n<link rel=\"canonical\" href=\"https:\/\/marzenawalczak.com\/fr\/produkt\/zolty-kwiat-dzielzanu\/\" \/>\n<meta property=\"og:locale\" content=\"fr_FR\" \/>\n<meta property=\"og:locale:alternate\" content=\"pl_PL\" \/>\n<meta property=\"og:locale:alternate\" content=\"en_US\" \/>\n<meta property=\"og:type\" content=\"article\" \/>\n<meta property=\"og:title\" content=\"\u017c\u00f3\u0142ty kwiat dziel\u017canu\" \/>\n<meta property=\"og:description\" content=\"\u017b\u00f3\u0142ty kwiat dziel\u017canu - detale przyrody w kadrach makro. Chwila zachwytu nad \u015bwiatem, kt\u00f3ry trudno dostrzec. Zdj\u0119cia do wystroju wn\u0119trz, r\u00f3wnie\u017c na prezent.\" \/>\n<meta property=\"og:url\" content=\"https:\/\/marzenawalczak.com\/fr\/produkt\/zolty-kwiat-dzielzanu\/\" \/>\n<meta property=\"og:site_name\" content=\"Marzena Walczak Photography\" \/>\n<meta property=\"article:modified_time\" content=\"2023-10-10T08:19:38+00:00\" \/>\n<meta property=\"og:image\" content=\"https:\/\/marzenawalczak.com\/wp-content\/uploads\/2021\/12\/sloneczny-kwiat.jpg\" \/>\n\t<meta property=\"og:image:width\" content=\"2000\" \/>\n\t<meta property=\"og:image:height\" content=\"1325\" \/>\n\t<meta property=\"og:image:type\" content=\"image\/jpeg\" \/>\n<meta name=\"twitter:card\" content=\"summary_large_image\" \/>\n<meta name=\"twitter:label1\" content=\"Dur\u00e9e de lecture estim\u00e9e\" \/>\n\t<meta name=\"twitter:data1\" content=\"1 minute\" \/>\n<script type=\"application\/ld+json\" class=\"yoast-schema-graph\">{\"@context\":\"https:\\\/\\\/schema.org\",\"@graph\":[{\"@type\":\"WebPage\",\"@id\":\"https:\\\/\\\/marzenawalczak.com\\\/produkt\\\/zolty-kwiat-dzielzanu\\\/\",\"url\":\"https:\\\/\\\/marzenawalczak.com\\\/produkt\\\/zolty-kwiat-dzielzanu\\\/\",\"name\":\"\u017c\u00f3\u0142ty kwiat dziel\u017canu\",\"isPartOf\":{\"@id\":\"https:\\\/\\\/marzenawalczak.com\\\/#website\"},\"primaryImageOfPage\":{\"@id\":\"https:\\\/\\\/marzenawalczak.com\\\/produkt\\\/zolty-kwiat-dzielzanu\\\/#primaryimage\"},\"image\":{\"@id\":\"https:\\\/\\\/marzenawalczak.com\\\/produkt\\\/zolty-kwiat-dzielzanu\\\/#primaryimage\"},\"thumbnailUrl\":\"https:\\\/\\\/marzenawalczak.com\\\/wp-content\\\/uploads\\\/2021\\\/12\\\/sloneczny-kwiat.jpg\",\"datePublished\":\"2021-12-27T16:57:10+00:00\",\"dateModified\":\"2023-10-10T08:19:38+00:00\",\"description\":\"\u017b\u00f3\u0142ty kwiat dziel\u017canu - detale przyrody w kadrach makro. Chwila zachwytu nad \u015bwiatem, kt\u00f3ry trudno dostrzec. Zdj\u0119cia do wystroju wn\u0119trz, r\u00f3wnie\u017c na prezent.\",\"breadcrumb\":{\"@id\":\"https:\\\/\\\/marzenawalczak.com\\\/produkt\\\/zolty-kwiat-dzielzanu\\\/#breadcrumb\"},\"inLanguage\":\"fr-FR\",\"potentialAction\":[{\"@type\":\"ReadAction\",\"target\":[\"https:\\\/\\\/marzenawalczak.com\\\/produkt\\\/zolty-kwiat-dzielzanu\\\/\"]}]},{\"@type\":\"ImageObject\",\"inLanguage\":\"fr-FR\",\"@id\":\"https:\\\/\\\/marzenawalczak.com\\\/produkt\\\/zolty-kwiat-dzielzanu\\\/#primaryimage\",\"url\":\"https:\\\/\\\/marzenawalczak.com\\\/wp-content\\\/uploads\\\/2021\\\/12\\\/sloneczny-kwiat.jpg\",\"contentUrl\":\"https:\\\/\\\/marzenawalczak.com\\\/wp-content\\\/uploads\\\/2021\\\/12\\\/sloneczny-kwiat.jpg\",\"width\":2000,\"height\":1325,\"caption\":\"dziel\u017can\"},{\"@type\":\"BreadcrumbList\",\"@id\":\"https:\\\/\\\/marzenawalczak.com\\\/produkt\\\/zolty-kwiat-dzielzanu\\\/#breadcrumb\",\"itemListElement\":[{\"@type\":\"ListItem\",\"position\":1,\"name\":\"Strona g\u0142\u00f3wna\",\"item\":\"https:\\\/\\\/marzenawalczak.com\\\/en\\\/\"},{\"@type\":\"ListItem\",\"position\":2,\"name\":\"Portfolio\",\"item\":\"https:\\\/\\\/marzenawalczak.com\\\/portfolio-przyroda-w-skali-makro\\\/\"},{\"@type\":\"ListItem\",\"position\":3,\"name\":\"\u017c\u00f3\u0142ty kwiat dziel\u017canu\"}]},{\"@type\":\"WebSite\",\"@id\":\"https:\\\/\\\/marzenawalczak.com\\\/#website\",\"url\":\"https:\\\/\\\/marzenawalczak.com\\\/\",\"name\":\"Marzena Walczak Photography\",\"description\":\"Galeria artystyczna\",\"publisher\":{\"@id\":\"https:\\\/\\\/marzenawalczak.com\\\/#organization\"},\"potentialAction\":[{\"@type\":\"SearchAction\",\"target\":{\"@type\":\"EntryPoint\",\"urlTemplate\":\"https:\\\/\\\/marzenawalczak.com\\\/?s={search_term_string}\"},\"query-input\":{\"@type\":\"PropertyValueSpecification\",\"valueRequired\":true,\"valueName\":\"search_term_string\"}}],\"inLanguage\":\"fr-FR\"},{\"@type\":\"Organization\",\"@id\":\"https:\\\/\\\/marzenawalczak.com\\\/#organization\",\"name\":\"Marzena Walczak photography\",\"url\":\"https:\\\/\\\/marzenawalczak.com\\\/\",\"logo\":{\"@type\":\"ImageObject\",\"inLanguage\":\"fr-FR\",\"@id\":\"https:\\\/\\\/marzenawalczak.com\\\/#\\\/schema\\\/logo\\\/image\\\/\",\"url\":\"https:\\\/\\\/marzenawalczak.com\\\/wp-content\\\/uploads\\\/2022\\\/07\\\/DSC_0210.jpg\",\"contentUrl\":\"https:\\\/\\\/marzenawalczak.com\\\/wp-content\\\/uploads\\\/2022\\\/07\\\/DSC_0210.jpg\",\"width\":1800,\"height\":1207,\"caption\":\"Marzena Walczak photography\"},\"image\":{\"@id\":\"https:\\\/\\\/marzenawalczak.com\\\/#\\\/schema\\\/logo\\\/image\\\/\"},\"sameAs\":[\"https:\\\/\\\/www.instagram.com\\\/marzenawalczak_com\\\/\"]}]}<\/script>\n<!-- \/ Yoast SEO plugin. -->","yoast_head_json":{"title":"\u017c\u00f3\u0142ty kwiat dziel\u017canu","description":"\u017b\u00f3\u0142ty kwiat dziel\u017canu - detale przyrody w kadrach makro. Chwila zachwytu nad \u015bwiatem, kt\u00f3ry trudno dostrzec. Zdj\u0119cia do wystroju wn\u0119trz, r\u00f3wnie\u017c na prezent.","robots":{"index":"index","follow":"follow","max-snippet":"max-snippet:-1","max-image-preview":"max-image-preview:large","max-video-preview":"max-video-preview:-1"},"canonical":"https:\/\/marzenawalczak.com\/fr\/produkt\/zolty-kwiat-dzielzanu\/","og_locale":"fr_FR","og_type":"article","og_title":"[:pl]\u017c\u00f3\u0142ty kwiat dziel\u017canu[:en]bli\u017aniacy[:] &#8211; Marzena Walczak Photography","og_description":"\u017b\u00f3\u0142ty kwiat dziel\u017canu - detale przyrody w kadrach makro. Chwila zachwytu nad \u015bwiatem, kt\u00f3ry trudno dostrzec. Zdj\u0119cia do wystroju wn\u0119trz, r\u00f3wnie\u017c na prezent.","og_url":"https:\/\/marzenawalczak.com\/fr\/produkt\/zolty-kwiat-dzielzanu\/","og_site_name":"Marzena Walczak Photography","article_modified_time":"2023-10-10T08:19:38+00:00","og_image":[{"width":2000,"height":1325,"url":"https:\/\/marzenawalczak.com\/wp-content\/uploads\/2021\/12\/sloneczny-kwiat.jpg","type":"image\/jpeg"}],"twitter_card":"summary_large_image","twitter_misc":{"Dur\u00e9e de lecture estim\u00e9e":"1 minute"},"schema":{"@context":"https:\/\/schema.org","@graph":[{"@type":"WebPage","@id":"https:\/\/marzenawalczak.com\/produkt\/zolty-kwiat-dzielzanu\/","url":"https:\/\/marzenawalczak.com\/produkt\/zolty-kwiat-dzielzanu\/","name":"\u017c\u00f3\u0142ty kwiat dziel\u017canu","isPartOf":{"@id":"https:\/\/marzenawalczak.com\/#website"},"primaryImageOfPage":{"@id":"https:\/\/marzenawalczak.com\/produkt\/zolty-kwiat-dzielzanu\/#primaryimage"},"image":{"@id":"https:\/\/marzenawalczak.com\/produkt\/zolty-kwiat-dzielzanu\/#primaryimage"},"thumbnailUrl":"https:\/\/marzenawalczak.com\/wp-content\/uploads\/2021\/12\/sloneczny-kwiat.jpg","datePublished":"2021-12-27T16:57:10+00:00","dateModified":"2023-10-10T08:19:38+00:00","description":"\u017b\u00f3\u0142ty kwiat dziel\u017canu - detale przyrody w kadrach makro. Chwila zachwytu nad \u015bwiatem, kt\u00f3ry trudno dostrzec. Zdj\u0119cia do wystroju wn\u0119trz, r\u00f3wnie\u017c na prezent.","breadcrumb":{"@id":"https:\/\/marzenawalczak.com\/produkt\/zolty-kwiat-dzielzanu\/#breadcrumb"},"inLanguage":"fr-FR","potentialAction":[{"@type":"ReadAction","target":["https:\/\/marzenawalczak.com\/produkt\/zolty-kwiat-dzielzanu\/"]}]},{"@type":"ImageObject","inLanguage":"fr-FR","@id":"https:\/\/marzenawalczak.com\/produkt\/zolty-kwiat-dzielzanu\/#primaryimage","url":"https:\/\/marzenawalczak.com\/wp-content\/uploads\/2021\/12\/sloneczny-kwiat.jpg","contentUrl":"https:\/\/marzenawalczak.com\/wp-content\/uploads\/2021\/12\/sloneczny-kwiat.jpg","width":2000,"height":1325,"caption":"dziel\u017can"},{"@type":"BreadcrumbList","@id":"https:\/\/marzenawalczak.com\/produkt\/zolty-kwiat-dzielzanu\/#breadcrumb","itemListElement":[{"@type":"ListItem","position":1,"name":"Strona g\u0142\u00f3wna","item":"https:\/\/marzenawalczak.com\/en\/"},{"@type":"ListItem","position":2,"name":"Portfolio","item":"https:\/\/marzenawalczak.com\/portfolio-przyroda-w-skali-makro\/"},{"@type":"ListItem","position":3,"name":"\u017c\u00f3\u0142ty kwiat dziel\u017canu"}]},{"@type":"WebSite","@id":"https:\/\/marzenawalczak.com\/#website","url":"https:\/\/marzenawalczak.com\/","name":"Marzena Walczak Photography","description":"Galeria artystyczna","publisher":{"@id":"https:\/\/marzenawalczak.com\/#organization"},"potentialAction":[{"@type":"SearchAction","target":{"@type":"EntryPoint","urlTemplate":"https:\/\/marzenawalczak.com\/?s={search_term_string}"},"query-input":{"@type":"PropertyValueSpecification","valueRequired":true,"valueName":"search_term_string"}}],"inLanguage":"fr-FR"},{"@type":"Organization","@id":"https:\/\/marzenawalczak.com\/#organization","name":"Marzena Walczak photography","url":"https:\/\/marzenawalczak.com\/","logo":{"@type":"ImageObject","inLanguage":"fr-FR","@id":"https:\/\/marzenawalczak.com\/#\/schema\/logo\/image\/","url":"https:\/\/marzenawalczak.com\/wp-content\/uploads\/2022\/07\/DSC_0210.jpg","contentUrl":"https:\/\/marzenawalczak.com\/wp-content\/uploads\/2022\/07\/DSC_0210.jpg","width":1800,"height":1207,"caption":"Marzena Walczak photography"},"image":{"@id":"https:\/\/marzenawalczak.com\/#\/schema\/logo\/image\/"},"sameAs":["https:\/\/www.instagram.com\/marzenawalczak_com\/"]}]}},"_links":{"self":[{"href":"https:\/\/marzenawalczak.com\/fr\/wp-json\/wp\/v2\/product\/307","targetHints":{"allow":["GET"]}}],"collection":[{"href":"https:\/\/marzenawalczak.com\/fr\/wp-json\/wp\/v2\/product"}],"about":[{"href":"https:\/\/marzenawalczak.com\/fr\/wp-json\/wp\/v2\/types\/product"}],"wp:featuredmedia":[{"embeddable":true,"href":"https:\/\/marzenawalczak.com\/fr\/wp-json\/wp\/v2\/media\/747"}],"wp:attachment":[{"href":"https:\/\/marzenawalczak.com\/fr\/wp-json\/wp\/v2\/media?parent=307"}],"wp:term":[{"taxonomy":"product_brand","embeddable":true,"href":"https:\/\/marzenawalczak.com\/fr\/wp-json\/wp\/v2\/product_brand?post=307"},{"taxonomy":"product_cat","embeddable":true,"href":"https:\/\/marzenawalczak.com\/fr\/wp-json\/wp\/v2\/product_cat?post=307"},{"taxonomy":"product_tag","embeddable":true,"href":"https:\/\/marzenawalczak.com\/fr\/wp-json\/wp\/v2\/product_tag?post=307"}],"curies":[{"name":"wp","href":"https:\/\/api.w.org\/{rel}","templated":true}]}}

żółty kwiat dzielżanu

<p>Żółty kwiat dzielżanu, pośród soczystej zieleni, wygląda jak małe słońce.</p>
<p>Wśród wielu atrakcyjnych odmian dzielżanu ogrodowego możemy znaleźć rośliny o kwiatach od intensywnie żółtych do <strong><a href="https://marzenawalczak.com/produkt/karminowe-marzenie/"><em>soczyście czerwonych</em></a></strong>.</p>
<p>Zdjęcie wykonałam w <a href="https://ogrod-powsin.pl/"><strong><em>Ogrodzie Botanicznym PAN</em></strong></a> w Powsinie. Polecam to piękne miejsce na przyjemny, interesujący i relaksujący spacer.</p>

<p>odbicie słońca</p>

<!-- This site is optimized with the Yoast SEO plugin v27.5 - https://yoast.com/product/yoast-seo-wordpress/ -->
<title>żółty kwiat dzielżanu</title>
<meta name="description" content="Żółty kwiat dzielżanu - detale przyrody w kadrach makro. Chwila zachwytu nad światem, który trudno dostrzec. Zdjęcia do wystroju wnętrz, również na prezent." />
<meta name="robots" content="index, follow, max-snippet:-1, max-image-preview:large, max-video-preview:-1" />
<link rel="canonical" href="https://marzenawalczak.com/fr/produkt/zolty-kwiat-dzielzanu/" />
<meta property="og:locale" content="fr_FR" />
<meta property="og:locale:alternate" content="pl_PL" />
<meta property="og:locale:alternate" content="en_US" />
<meta property="og:type" content="article" />
<meta property="og:title" content="żółty kwiat dzielżanu" />
<meta property="og:description" content="Żółty kwiat dzielżanu - detale przyrody w kadrach makro. Chwila zachwytu nad światem, który trudno dostrzec. Zdjęcia do wystroju wnętrz, również na prezent." />
<meta property="og:url" content="https://marzenawalczak.com/fr/produkt/zolty-kwiat-dzielzanu/" />
<meta property="og:site_name" content="Marzena Walczak Photography" />
<meta property="article:modified_time" content="2023-10-10T08:19:38+00:00" />
<meta property="og:image" content="https://marzenawalczak.com/wp-content/uploads/2021/12/sloneczny-kwiat.jpg" />
	<meta property="og:image:width" content="2000" />
	<meta property="og:image:height" content="1325" />
	<meta property="og:image:type" content="image/jpeg" />
<meta name="twitter:card" content="summary_large_image" />
<meta name="twitter:label1" content="Durée de lecture estimée" />
	<meta name="twitter:data1" content="1 minute" />
<script type="application/ld+json" class="yoast-schema-graph">{"@context":"https:\/\/schema.org","@graph":[{"@type":"WebPage","@id":"https:\/\/marzenawalczak.com\/produkt\/zolty-kwiat-dzielzanu\/","url":"https:\/\/marzenawalczak.com\/produkt\/zolty-kwiat-dzielzanu\/","name":"żółty kwiat dzielżanu","isPartOf":{"@id":"https:\/\/marzenawalczak.com\/#website"},"primaryImageOfPage":{"@id":"https:\/\/marzenawalczak.com\/produkt\/zolty-kwiat-dzielzanu\/#primaryimage"},"image":{"@id":"https:\/\/marzenawalczak.com\/produkt\/zolty-kwiat-dzielzanu\/#primaryimage"},"thumbnailUrl":"https:\/\/marzenawalczak.com\/wp-content\/uploads\/2021\/12\/sloneczny-kwiat.jpg","datePublished":"2021-12-27T16:57:10+00:00","dateModified":"2023-10-10T08:19:38+00:00","description":"Żółty kwiat dzielżanu - detale przyrody w kadrach makro. Chwila zachwytu nad światem, który trudno dostrzec. Zdjęcia do wystroju wnętrz, również na prezent.","breadcrumb":{"@id":"https:\/\/marzenawalczak.com\/produkt\/zolty-kwiat-dzielzanu\/#breadcrumb"},"inLanguage":"fr-FR","potentialAction":[{"@type":"ReadAction","target":["https:\/\/marzenawalczak.com\/produkt\/zolty-kwiat-dzielzanu\/"]}]},{"@type":"ImageObject","inLanguage":"fr-FR","@id":"https:\/\/marzenawalczak.com\/produkt\/zolty-kwiat-dzielzanu\/#primaryimage","url":"https:\/\/marzenawalczak.com\/wp-content\/uploads\/2021\/12\/sloneczny-kwiat.jpg","contentUrl":"https:\/\/marzenawalczak.com\/wp-content\/uploads\/2021\/12\/sloneczny-kwiat.jpg","width":2000,"height":1325,"caption":"dzielżan"},{"@type":"BreadcrumbList","@id":"https:\/\/marzenawalczak.com\/produkt\/zolty-kwiat-dzielzanu\/#breadcrumb","itemListElement":[{"@type":"ListItem","position":1,"name":"Strona główna","item":"https:\/\/marzenawalczak.com\/en\/"},{"@type":"ListItem","position":2,"name":"Portfolio","item":"https:\/\/marzenawalczak.com\/portfolio-przyroda-w-skali-makro\/"},{"@type":"ListItem","position":3,"name":"żółty kwiat dzielżanu"}]},{"@type":"WebSite","@id":"https:\/\/marzenawalczak.com\/#website","url":"https:\/\/marzenawalczak.com\/","name":"Marzena Walczak Photography","description":"Galeria artystyczna","publisher":{"@id":"https:\/\/marzenawalczak.com\/#organization"},"potentialAction":[{"@type":"SearchAction","target":{"@type":"EntryPoint","urlTemplate":"https:\/\/marzenawalczak.com\/?s={search_term_string}"},"query-input":{"@type":"PropertyValueSpecification","valueRequired":true,"valueName":"search_term_string"}}],"inLanguage":"fr-FR"},{"@type":"Organization","@id":"https:\/\/marzenawalczak.com\/#organization","name":"Marzena Walczak photography","url":"https:\/\/marzenawalczak.com\/","logo":{"@type":"ImageObject","inLanguage":"fr-FR","@id":"https:\/\/marzenawalczak.com\/#\/schema\/logo\/image\/","url":"https:\/\/marzenawalczak.com\/wp-content\/uploads\/2022\/07\/DSC_0210.jpg","contentUrl":"https:\/\/marzenawalczak.com\/wp-content\/uploads\/2022\/07\/DSC_0210.jpg","width":1800,"height":1207,"caption":"Marzena Walczak photography"},"image":{"@id":"https:\/\/marzenawalczak.com\/#\/schema\/logo\/image\/"},"sameAs":["https:\/\/www.instagram.com\/marzenawalczak_com\/"]}]}</script>
<!-- / Yoast SEO plugin. -->

Żółty kwiat dzielżanu - detale przyrody w kadrach makro. Chwila zachwytu nad światem, który trudno dostrzec. Zdjęcia do wystroju wnętrz, również na prezent.

[:pl]żółty kwiat dzielżanu[:en]bliźniacy[:] &#8211; Marzena Walczak Photography

dzielżan

Strona główna
