{"id":342,"date":"2021-12-30T20:10:29","date_gmt":"2021-12-30T19:10:29","guid":{"rendered":"https:\/\/marzenawalczak.com\/?post_type=product&#038;p=342"},"modified":"2023-10-09T10:37:02","modified_gmt":"2023-10-09T09:37:02","slug":"letnie-pastele","status":"publish","type":"product","link":"https:\/\/marzenawalczak.com\/fr\/produkt\/letnie-pastele\/","title":{"rendered":"letnie pastele"},"content":{"rendered":"<p>Letnie pastele na fotografii kwiatu lantany.<\/p>\n<p>\u017b\u00f3\u0142ty, pomara\u0144czowy i r\u00f3\u017cowy na tle jasnej zieleni,\u00a0 <strong><em><a href=\"https:\/\/marzenawalczak.com\/produkt\/zolty-kwiat-dzielzanu\/\">kolory lata<\/a><\/em><\/strong>. Cieszmy si\u0119 nimi, czas tak szybko p\u0142ynie, \u015bwiat si\u0119 zmienia, my si\u0119 zmieniamy.<\/p>\n<p>Delektujmy si\u0119 ka\u017cd\u0105 chwil\u0105.<\/p>\n","protected":false},"excerpt":{"rendered":"<p>kolory lata, ciep\u0142e, s\u0142oneczne, pozytywne<\/p>\n","protected":false},"featured_media":786,"template":"","meta":{"_acf_changed":false},"product_brand":[],"product_cat":[16],"product_tag":[76,150,58,129,96,95,83,116,134,149,61,148,121,81,67,68,60,62],"class_list":{"0":"post-342","1":"product","2":"type-product","3":"status-publish","4":"has-post-thumbnail","6":"product_cat-bez-kategorii","7":"product_tag-barwny","8":"product_tag-delikatnosc","9":"product_tag-kolorowy","10":"product_tag-kwiatek","11":"product_tag-kwiaty-lata","12":"product_tag-lato","13":"product_tag-makro","14":"product_tag-natura","15":"product_tag-ogrod","16":"product_tag-oryginalny-prezent","17":"product_tag-pomaranczowy","18":"product_tag-prezent-doskonaly","19":"product_tag-prezent","20":"product_tag-przyroda","21":"product_tag-sloneczny","22":"product_tag-swietllisty","23":"product_tag-wielobarwny","24":"product_tag-zolty","25":"product_shipping_class-polska","27":"first","28":"onbackorder","29":"shipping-taxable","30":"purchasable","31":"product-type-variable"},"acf":[],"yoast_head":"<!-- This site is optimized with the Yoast SEO plugin v27.5 - https:\/\/yoast.com\/product\/yoast-seo-wordpress\/ -->\n<title>letnie pastele<\/title>\n<meta name=\"description\" content=\"Letnie pastele - detale przyrody w kadrach makro. Chwila zachwytu nad \u015bwiatem, kt\u00f3ry trudno dostrzec. Zdj\u0119cia do wystroju wn\u0119trz. Prezent doskona\u0142y.\" \/>\n<meta name=\"robots\" content=\"index, follow, max-snippet:-1, max-image-preview:large, max-video-preview:-1\" \/>\n<link rel=\"canonical\" href=\"https:\/\/marzenawalczak.com\/fr\/produkt\/letnie-pastele\/\" \/>\n<meta property=\"og:locale\" content=\"fr_FR\" \/>\n<meta property=\"og:locale:alternate\" content=\"pl_PL\" \/>\n<meta property=\"og:locale:alternate\" content=\"en_US\" \/>\n<meta property=\"og:type\" content=\"article\" \/>\n<meta property=\"og:title\" content=\"letnie pastele\" \/>\n<meta property=\"og:description\" content=\"Letnie pastele - detale przyrody w kadrach makro. Chwila zachwytu nad \u015bwiatem, kt\u00f3ry trudno dostrzec. Zdj\u0119cia do wystroju wn\u0119trz. Prezent doskona\u0142y.\" \/>\n<meta property=\"og:url\" content=\"https:\/\/marzenawalczak.com\/fr\/produkt\/letnie-pastele\/\" \/>\n<meta property=\"og:site_name\" content=\"Marzena Walczak Photography\" \/>\n<meta property=\"article:modified_time\" content=\"2023-10-09T09:37:02+00:00\" \/>\n<meta property=\"og:image\" content=\"https:\/\/marzenawalczak.com\/wp-content\/uploads\/2021\/12\/letnie-pastele.jpg\" \/>\n\t<meta property=\"og:image:width\" content=\"2083\" \/>\n\t<meta property=\"og:image:height\" content=\"1380\" \/>\n\t<meta property=\"og:image:type\" content=\"image\/jpeg\" \/>\n<meta name=\"twitter:card\" content=\"summary_large_image\" \/>\n<meta name=\"twitter:label1\" content=\"Dur\u00e9e de lecture estim\u00e9e\" \/>\n\t<meta name=\"twitter:data1\" content=\"1 minute\" \/>\n<script type=\"application\/ld+json\" class=\"yoast-schema-graph\">{\"@context\":\"https:\\\/\\\/schema.org\",\"@graph\":[{\"@type\":\"WebPage\",\"@id\":\"https:\\\/\\\/marzenawalczak.com\\\/produkt\\\/letnie-pastele\\\/\",\"url\":\"https:\\\/\\\/marzenawalczak.com\\\/produkt\\\/letnie-pastele\\\/\",\"name\":\"letnie pastele\",\"isPartOf\":{\"@id\":\"https:\\\/\\\/marzenawalczak.com\\\/#website\"},\"primaryImageOfPage\":{\"@id\":\"https:\\\/\\\/marzenawalczak.com\\\/produkt\\\/letnie-pastele\\\/#primaryimage\"},\"image\":{\"@id\":\"https:\\\/\\\/marzenawalczak.com\\\/produkt\\\/letnie-pastele\\\/#primaryimage\"},\"thumbnailUrl\":\"https:\\\/\\\/marzenawalczak.com\\\/wp-content\\\/uploads\\\/2021\\\/12\\\/letnie-pastele.jpg\",\"datePublished\":\"2021-12-30T19:10:29+00:00\",\"dateModified\":\"2023-10-09T09:37:02+00:00\",\"description\":\"Letnie pastele - detale przyrody w kadrach makro. Chwila zachwytu nad \u015bwiatem, kt\u00f3ry trudno dostrzec. Zdj\u0119cia do wystroju wn\u0119trz. Prezent doskona\u0142y.\",\"breadcrumb\":{\"@id\":\"https:\\\/\\\/marzenawalczak.com\\\/produkt\\\/letnie-pastele\\\/#breadcrumb\"},\"inLanguage\":\"fr-FR\",\"potentialAction\":[{\"@type\":\"ReadAction\",\"target\":[\"https:\\\/\\\/marzenawalczak.com\\\/produkt\\\/letnie-pastele\\\/\"]}]},{\"@type\":\"ImageObject\",\"inLanguage\":\"fr-FR\",\"@id\":\"https:\\\/\\\/marzenawalczak.com\\\/produkt\\\/letnie-pastele\\\/#primaryimage\",\"url\":\"https:\\\/\\\/marzenawalczak.com\\\/wp-content\\\/uploads\\\/2021\\\/12\\\/letnie-pastele.jpg\",\"contentUrl\":\"https:\\\/\\\/marzenawalczak.com\\\/wp-content\\\/uploads\\\/2021\\\/12\\\/letnie-pastele.jpg\",\"width\":2083,\"height\":1380,\"caption\":\"Letnie pastele na fotografii kwiatu lantany. \u017b\u00f3\u0142ty, pomara\u0144czowy i r\u00f3\u017cowy na tle jasnej zieleni.\"},{\"@type\":\"BreadcrumbList\",\"@id\":\"https:\\\/\\\/marzenawalczak.com\\\/produkt\\\/letnie-pastele\\\/#breadcrumb\",\"itemListElement\":[{\"@type\":\"ListItem\",\"position\":1,\"name\":\"Strona g\u0142\u00f3wna\",\"item\":\"https:\\\/\\\/marzenawalczak.com\\\/en\\\/\"},{\"@type\":\"ListItem\",\"position\":2,\"name\":\"Portfolio\",\"item\":\"https:\\\/\\\/marzenawalczak.com\\\/portfolio-przyroda-w-skali-makro\\\/\"},{\"@type\":\"ListItem\",\"position\":3,\"name\":\"letnie pastele\"}]},{\"@type\":\"WebSite\",\"@id\":\"https:\\\/\\\/marzenawalczak.com\\\/#website\",\"url\":\"https:\\\/\\\/marzenawalczak.com\\\/\",\"name\":\"Marzena Walczak Photography\",\"description\":\"Galeria artystyczna\",\"publisher\":{\"@id\":\"https:\\\/\\\/marzenawalczak.com\\\/#organization\"},\"potentialAction\":[{\"@type\":\"SearchAction\",\"target\":{\"@type\":\"EntryPoint\",\"urlTemplate\":\"https:\\\/\\\/marzenawalczak.com\\\/?s={search_term_string}\"},\"query-input\":{\"@type\":\"PropertyValueSpecification\",\"valueRequired\":true,\"valueName\":\"search_term_string\"}}],\"inLanguage\":\"fr-FR\"},{\"@type\":\"Organization\",\"@id\":\"https:\\\/\\\/marzenawalczak.com\\\/#organization\",\"name\":\"Marzena Walczak photography\",\"url\":\"https:\\\/\\\/marzenawalczak.com\\\/\",\"logo\":{\"@type\":\"ImageObject\",\"inLanguage\":\"fr-FR\",\"@id\":\"https:\\\/\\\/marzenawalczak.com\\\/#\\\/schema\\\/logo\\\/image\\\/\",\"url\":\"https:\\\/\\\/marzenawalczak.com\\\/wp-content\\\/uploads\\\/2022\\\/07\\\/DSC_0210.jpg\",\"contentUrl\":\"https:\\\/\\\/marzenawalczak.com\\\/wp-content\\\/uploads\\\/2022\\\/07\\\/DSC_0210.jpg\",\"width\":1800,\"height\":1207,\"caption\":\"Marzena Walczak photography\"},\"image\":{\"@id\":\"https:\\\/\\\/marzenawalczak.com\\\/#\\\/schema\\\/logo\\\/image\\\/\"},\"sameAs\":[\"https:\\\/\\\/www.instagram.com\\\/marzenawalczak_com\\\/\"]}]}<\/script>\n<!-- \/ Yoast SEO plugin. -->","yoast_head_json":{"title":"letnie pastele","description":"Letnie pastele - detale przyrody w kadrach makro. Chwila zachwytu nad \u015bwiatem, kt\u00f3ry trudno dostrzec. Zdj\u0119cia do wystroju wn\u0119trz. Prezent doskona\u0142y.","robots":{"index":"index","follow":"follow","max-snippet":"max-snippet:-1","max-image-preview":"max-image-preview:large","max-video-preview":"max-video-preview:-1"},"canonical":"https:\/\/marzenawalczak.com\/fr\/produkt\/letnie-pastele\/","og_locale":"fr_FR","og_type":"article","og_title":"[:pl]letnie pastele[:en]letnie pastele[:] &#8211; Marzena Walczak Photography","og_description":"Letnie pastele - detale przyrody w kadrach makro. Chwila zachwytu nad \u015bwiatem, kt\u00f3ry trudno dostrzec. Zdj\u0119cia do wystroju wn\u0119trz. Prezent doskona\u0142y.","og_url":"https:\/\/marzenawalczak.com\/fr\/produkt\/letnie-pastele\/","og_site_name":"Marzena Walczak Photography","article_modified_time":"2023-10-09T09:37:02+00:00","og_image":[{"width":2083,"height":1380,"url":"https:\/\/marzenawalczak.com\/wp-content\/uploads\/2021\/12\/letnie-pastele.jpg","type":"image\/jpeg"}],"twitter_card":"summary_large_image","twitter_misc":{"Dur\u00e9e de lecture estim\u00e9e":"1 minute"},"schema":{"@context":"https:\/\/schema.org","@graph":[{"@type":"WebPage","@id":"https:\/\/marzenawalczak.com\/produkt\/letnie-pastele\/","url":"https:\/\/marzenawalczak.com\/produkt\/letnie-pastele\/","name":"letnie pastele","isPartOf":{"@id":"https:\/\/marzenawalczak.com\/#website"},"primaryImageOfPage":{"@id":"https:\/\/marzenawalczak.com\/produkt\/letnie-pastele\/#primaryimage"},"image":{"@id":"https:\/\/marzenawalczak.com\/produkt\/letnie-pastele\/#primaryimage"},"thumbnailUrl":"https:\/\/marzenawalczak.com\/wp-content\/uploads\/2021\/12\/letnie-pastele.jpg","datePublished":"2021-12-30T19:10:29+00:00","dateModified":"2023-10-09T09:37:02+00:00","description":"Letnie pastele - detale przyrody w kadrach makro. Chwila zachwytu nad \u015bwiatem, kt\u00f3ry trudno dostrzec. Zdj\u0119cia do wystroju wn\u0119trz. Prezent doskona\u0142y.","breadcrumb":{"@id":"https:\/\/marzenawalczak.com\/produkt\/letnie-pastele\/#breadcrumb"},"inLanguage":"fr-FR","potentialAction":[{"@type":"ReadAction","target":["https:\/\/marzenawalczak.com\/produkt\/letnie-pastele\/"]}]},{"@type":"ImageObject","inLanguage":"fr-FR","@id":"https:\/\/marzenawalczak.com\/produkt\/letnie-pastele\/#primaryimage","url":"https:\/\/marzenawalczak.com\/wp-content\/uploads\/2021\/12\/letnie-pastele.jpg","contentUrl":"https:\/\/marzenawalczak.com\/wp-content\/uploads\/2021\/12\/letnie-pastele.jpg","width":2083,"height":1380,"caption":"Letnie pastele na fotografii kwiatu lantany. \u017b\u00f3\u0142ty, pomara\u0144czowy i r\u00f3\u017cowy na tle jasnej zieleni."},{"@type":"BreadcrumbList","@id":"https:\/\/marzenawalczak.com\/produkt\/letnie-pastele\/#breadcrumb","itemListElement":[{"@type":"ListItem","position":1,"name":"Strona g\u0142\u00f3wna","item":"https:\/\/marzenawalczak.com\/en\/"},{"@type":"ListItem","position":2,"name":"Portfolio","item":"https:\/\/marzenawalczak.com\/portfolio-przyroda-w-skali-makro\/"},{"@type":"ListItem","position":3,"name":"letnie pastele"}]},{"@type":"WebSite","@id":"https:\/\/marzenawalczak.com\/#website","url":"https:\/\/marzenawalczak.com\/","name":"Marzena Walczak Photography","description":"Galeria artystyczna","publisher":{"@id":"https:\/\/marzenawalczak.com\/#organization"},"potentialAction":[{"@type":"SearchAction","target":{"@type":"EntryPoint","urlTemplate":"https:\/\/marzenawalczak.com\/?s={search_term_string}"},"query-input":{"@type":"PropertyValueSpecification","valueRequired":true,"valueName":"search_term_string"}}],"inLanguage":"fr-FR"},{"@type":"Organization","@id":"https:\/\/marzenawalczak.com\/#organization","name":"Marzena Walczak photography","url":"https:\/\/marzenawalczak.com\/","logo":{"@type":"ImageObject","inLanguage":"fr-FR","@id":"https:\/\/marzenawalczak.com\/#\/schema\/logo\/image\/","url":"https:\/\/marzenawalczak.com\/wp-content\/uploads\/2022\/07\/DSC_0210.jpg","contentUrl":"https:\/\/marzenawalczak.com\/wp-content\/uploads\/2022\/07\/DSC_0210.jpg","width":1800,"height":1207,"caption":"Marzena Walczak photography"},"image":{"@id":"https:\/\/marzenawalczak.com\/#\/schema\/logo\/image\/"},"sameAs":["https:\/\/www.instagram.com\/marzenawalczak_com\/"]}]}},"_links":{"self":[{"href":"https:\/\/marzenawalczak.com\/fr\/wp-json\/wp\/v2\/product\/342","targetHints":{"allow":["GET"]}}],"collection":[{"href":"https:\/\/marzenawalczak.com\/fr\/wp-json\/wp\/v2\/product"}],"about":[{"href":"https:\/\/marzenawalczak.com\/fr\/wp-json\/wp\/v2\/types\/product"}],"wp:featuredmedia":[{"embeddable":true,"href":"https:\/\/marzenawalczak.com\/fr\/wp-json\/wp\/v2\/media\/786"}],"wp:attachment":[{"href":"https:\/\/marzenawalczak.com\/fr\/wp-json\/wp\/v2\/media?parent=342"}],"wp:term":[{"taxonomy":"product_brand","embeddable":true,"href":"https:\/\/marzenawalczak.com\/fr\/wp-json\/wp\/v2\/product_brand?post=342"},{"taxonomy":"product_cat","embeddable":true,"href":"https:\/\/marzenawalczak.com\/fr\/wp-json\/wp\/v2\/product_cat?post=342"},{"taxonomy":"product_tag","embeddable":true,"href":"https:\/\/marzenawalczak.com\/fr\/wp-json\/wp\/v2\/product_tag?post=342"}],"curies":[{"name":"wp","href":"https:\/\/api.w.org\/{rel}","templated":true}]}}

<p>Letnie pastele na fotografii kwiatu lantany.</p>
<p>Żółty, pomarańczowy i różowy na tle jasnej zieleni,  <strong><em><a href="https://marzenawalczak.com/produkt/zolty-kwiat-dzielzanu/">kolory lata</a></em></strong>. Cieszmy się nimi, czas tak szybko płynie, świat się zmienia, my się zmieniamy.</p>
<p>Delektujmy się każdą chwilą.</p>

<p>kolory lata, ciepłe, słoneczne, pozytywne</p>

<!-- This site is optimized with the Yoast SEO plugin v27.5 - https://yoast.com/product/yoast-seo-wordpress/ -->
<title>letnie pastele</title>
<meta name="description" content="Letnie pastele - detale przyrody w kadrach makro. Chwila zachwytu nad światem, który trudno dostrzec. Zdjęcia do wystroju wnętrz. Prezent doskonały." />
<meta name="robots" content="index, follow, max-snippet:-1, max-image-preview:large, max-video-preview:-1" />
<link rel="canonical" href="https://marzenawalczak.com/fr/produkt/letnie-pastele/" />
<meta property="og:locale" content="fr_FR" />
<meta property="og:locale:alternate" content="pl_PL" />
<meta property="og:locale:alternate" content="en_US" />
<meta property="og:type" content="article" />
<meta property="og:title" content="letnie pastele" />
<meta property="og:description" content="Letnie pastele - detale przyrody w kadrach makro. Chwila zachwytu nad światem, który trudno dostrzec. Zdjęcia do wystroju wnętrz. Prezent doskonały." />
<meta property="og:url" content="https://marzenawalczak.com/fr/produkt/letnie-pastele/" />
<meta property="og:site_name" content="Marzena Walczak Photography" />
<meta property="article:modified_time" content="2023-10-09T09:37:02+00:00" />
<meta property="og:image" content="https://marzenawalczak.com/wp-content/uploads/2021/12/letnie-pastele.jpg" />
	<meta property="og:image:width" content="2083" />
	<meta property="og:image:height" content="1380" />
	<meta property="og:image:type" content="image/jpeg" />
<meta name="twitter:card" content="summary_large_image" />
<meta name="twitter:label1" content="Durée de lecture estimée" />
	<meta name="twitter:data1" content="1 minute" />
<script type="application/ld+json" class="yoast-schema-graph">{"@context":"https:\/\/schema.org","@graph":[{"@type":"WebPage","@id":"https:\/\/marzenawalczak.com\/produkt\/letnie-pastele\/","url":"https:\/\/marzenawalczak.com\/produkt\/letnie-pastele\/","name":"letnie pastele","isPartOf":{"@id":"https:\/\/marzenawalczak.com\/#website"},"primaryImageOfPage":{"@id":"https:\/\/marzenawalczak.com\/produkt\/letnie-pastele\/#primaryimage"},"image":{"@id":"https:\/\/marzenawalczak.com\/produkt\/letnie-pastele\/#primaryimage"},"thumbnailUrl":"https:\/\/marzenawalczak.com\/wp-content\/uploads\/2021\/12\/letnie-pastele.jpg","datePublished":"2021-12-30T19:10:29+00:00","dateModified":"2023-10-09T09:37:02+00:00","description":"Letnie pastele - detale przyrody w kadrach makro. Chwila zachwytu nad światem, który trudno dostrzec. Zdjęcia do wystroju wnętrz. Prezent doskonały.","breadcrumb":{"@id":"https:\/\/marzenawalczak.com\/produkt\/letnie-pastele\/#breadcrumb"},"inLanguage":"fr-FR","potentialAction":[{"@type":"ReadAction","target":["https:\/\/marzenawalczak.com\/produkt\/letnie-pastele\/"]}]},{"@type":"ImageObject","inLanguage":"fr-FR","@id":"https:\/\/marzenawalczak.com\/produkt\/letnie-pastele\/#primaryimage","url":"https:\/\/marzenawalczak.com\/wp-content\/uploads\/2021\/12\/letnie-pastele.jpg","contentUrl":"https:\/\/marzenawalczak.com\/wp-content\/uploads\/2021\/12\/letnie-pastele.jpg","width":2083,"height":1380,"caption":"Letnie pastele na fotografii kwiatu lantany. Żółty, pomarańczowy i różowy na tle jasnej zieleni."},{"@type":"BreadcrumbList","@id":"https:\/\/marzenawalczak.com\/produkt\/letnie-pastele\/#breadcrumb","itemListElement":[{"@type":"ListItem","position":1,"name":"Strona główna","item":"https:\/\/marzenawalczak.com\/en\/"},{"@type":"ListItem","position":2,"name":"Portfolio","item":"https:\/\/marzenawalczak.com\/portfolio-przyroda-w-skali-makro\/"},{"@type":"ListItem","position":3,"name":"letnie pastele"}]},{"@type":"WebSite","@id":"https:\/\/marzenawalczak.com\/#website","url":"https:\/\/marzenawalczak.com\/","name":"Marzena Walczak Photography","description":"Galeria artystyczna","publisher":{"@id":"https:\/\/marzenawalczak.com\/#organization"},"potentialAction":[{"@type":"SearchAction","target":{"@type":"EntryPoint","urlTemplate":"https:\/\/marzenawalczak.com\/?s={search_term_string}"},"query-input":{"@type":"PropertyValueSpecification","valueRequired":true,"valueName":"search_term_string"}}],"inLanguage":"fr-FR"},{"@type":"Organization","@id":"https:\/\/marzenawalczak.com\/#organization","name":"Marzena Walczak photography","url":"https:\/\/marzenawalczak.com\/","logo":{"@type":"ImageObject","inLanguage":"fr-FR","@id":"https:\/\/marzenawalczak.com\/#\/schema\/logo\/image\/","url":"https:\/\/marzenawalczak.com\/wp-content\/uploads\/2022\/07\/DSC_0210.jpg","contentUrl":"https:\/\/marzenawalczak.com\/wp-content\/uploads\/2022\/07\/DSC_0210.jpg","width":1800,"height":1207,"caption":"Marzena Walczak photography"},"image":{"@id":"https:\/\/marzenawalczak.com\/#\/schema\/logo\/image\/"},"sameAs":["https:\/\/www.instagram.com\/marzenawalczak_com\/"]}]}</script>
<!-- / Yoast SEO plugin. -->

Letnie pastele - detale przyrody w kadrach makro. Chwila zachwytu nad światem, który trudno dostrzec. Zdjęcia do wystroju wnętrz. Prezent doskonały.

Letnie pastele na fotografii kwiatu lantany. Żółty, pomarańczowy i różowy na tle jasnej zieleni.

Strona główna
