{"id":375,"date":"2022-01-13T12:12:21","date_gmt":"2022-01-13T11:12:21","guid":{"rendered":"https:\/\/marzenawalczak.com\/en\/?post_type=product&#038;p=375"},"modified":"2023-10-06T10:45:11","modified_gmt":"2023-10-06T09:45:11","slug":"kwiaty-pigwowca-w-promieniach-slonca","status":"publish","type":"product","link":"https:\/\/marzenawalczak.com\/fr\/produkt\/kwiaty-pigwowca-w-promieniach-slonca\/","title":{"rendered":"czerwie\u0144\u00a0to mi\u0142o\u015b\u0107"},"content":{"rendered":"<p>Kwiaty pigwowca w promieniach s\u0142o\u0144ca. <a href=\"https:\/\/marzenawalczak.com\/produkt\/blask-poranka\/\"><em><strong>Blask poranka<\/strong><\/em><\/a> oraz pierwsze kwiaty pigwowca urzekaj\u0105 bogactwem kolor\u00f3w, odcieni, gr\u0105 \u015bwiate\u0142 i cieni.<\/p>\n","protected":false},"excerpt":{"rendered":"<p>pigwowiec japo\u0144ski<\/p>\n","protected":false},"featured_media":883,"template":"","meta":{"_acf_changed":false},"product_brand":[],"product_cat":[16],"product_tag":[76,49,69,116,206,207,81,88,68],"class_list":{"0":"post-375","1":"product","2":"type-product","3":"status-publish","4":"has-post-thumbnail","6":"product_cat-bez-kategorii","7":"product_tag-barwny","8":"product_tag-czerwony","9":"product_tag-karminowy","10":"product_tag-natura","11":"product_tag-pigwa","12":"product_tag-pigwowiec","13":"product_tag-przyroda","14":"product_tag-swiatlo-i-cien","15":"product_tag-swietllisty","16":"product_shipping_class-polska","18":"first","19":"onbackorder","20":"shipping-taxable","21":"purchasable","22":"product-type-variable"},"acf":[],"yoast_head":"<!-- This site is optimized with the Yoast SEO plugin v27.5 - https:\/\/yoast.com\/product\/yoast-seo-wordpress\/ -->\n<title>czerwie\u0144\u00a0to mi\u0142o\u015b\u0107<\/title>\n<meta name=\"description\" content=\"Kwiaty pigwowca w promieniach s\u0142o\u0144ca - detale przyrody w kadrach makro. Chwila zachwytu nad \u015bwiatem, kt\u00f3ry trudno dostrzec. Fotografie do wystroju wn\u0119trz.\" \/>\n<meta name=\"robots\" content=\"index, follow, max-snippet:-1, max-image-preview:large, max-video-preview:-1\" \/>\n<link rel=\"canonical\" href=\"https:\/\/marzenawalczak.com\/fr\/produkt\/kwiaty-pigwowca-w-promieniach-slonca\/\" \/>\n<meta property=\"og:locale\" content=\"fr_FR\" \/>\n<meta property=\"og:locale:alternate\" content=\"pl_PL\" \/>\n<meta property=\"og:locale:alternate\" content=\"en_US\" \/>\n<meta property=\"og:type\" content=\"article\" \/>\n<meta property=\"og:title\" content=\"czerwie\u0144\u00a0to mi\u0142o\u015b\u0107\" \/>\n<meta property=\"og:description\" content=\"Kwiaty pigwowca w promieniach s\u0142o\u0144ca - detale przyrody w kadrach makro. Chwila zachwytu nad \u015bwiatem, kt\u00f3ry trudno dostrzec. Fotografie do wystroju wn\u0119trz.\" \/>\n<meta property=\"og:url\" content=\"https:\/\/marzenawalczak.com\/fr\/produkt\/kwiaty-pigwowca-w-promieniach-slonca\/\" \/>\n<meta property=\"og:site_name\" content=\"Marzena Walczak Photography\" \/>\n<meta property=\"article:modified_time\" content=\"2023-10-06T09:45:11+00:00\" \/>\n<meta property=\"og:image\" content=\"https:\/\/marzenawalczak.com\/wp-content\/uploads\/2022\/01\/pigwa3.jpg\" \/>\n\t<meta property=\"og:image:width\" content=\"2000\" \/>\n\t<meta property=\"og:image:height\" content=\"1325\" \/>\n\t<meta property=\"og:image:type\" content=\"image\/jpeg\" \/>\n<meta name=\"twitter:card\" content=\"summary_large_image\" \/>\n<meta name=\"twitter:label1\" content=\"Dur\u00e9e de lecture estim\u00e9e\" \/>\n\t<meta name=\"twitter:data1\" content=\"1 minute\" \/>\n<script type=\"application\/ld+json\" class=\"yoast-schema-graph\">{\"@context\":\"https:\\\/\\\/schema.org\",\"@graph\":[{\"@type\":\"WebPage\",\"@id\":\"https:\\\/\\\/marzenawalczak.com\\\/produkt\\\/kwiaty-pigwowca-w-promieniach-slonca\\\/\",\"url\":\"https:\\\/\\\/marzenawalczak.com\\\/produkt\\\/kwiaty-pigwowca-w-promieniach-slonca\\\/\",\"name\":\"czerwie\u0144\u00a0to mi\u0142o\u015b\u0107\",\"isPartOf\":{\"@id\":\"https:\\\/\\\/marzenawalczak.com\\\/#website\"},\"primaryImageOfPage\":{\"@id\":\"https:\\\/\\\/marzenawalczak.com\\\/produkt\\\/kwiaty-pigwowca-w-promieniach-slonca\\\/#primaryimage\"},\"image\":{\"@id\":\"https:\\\/\\\/marzenawalczak.com\\\/produkt\\\/kwiaty-pigwowca-w-promieniach-slonca\\\/#primaryimage\"},\"thumbnailUrl\":\"https:\\\/\\\/marzenawalczak.com\\\/wp-content\\\/uploads\\\/2022\\\/01\\\/pigwa3.jpg\",\"datePublished\":\"2022-01-13T11:12:21+00:00\",\"dateModified\":\"2023-10-06T09:45:11+00:00\",\"description\":\"Kwiaty pigwowca w promieniach s\u0142o\u0144ca - detale przyrody w kadrach makro. Chwila zachwytu nad \u015bwiatem, kt\u00f3ry trudno dostrzec. Fotografie do wystroju wn\u0119trz.\",\"breadcrumb\":{\"@id\":\"https:\\\/\\\/marzenawalczak.com\\\/produkt\\\/kwiaty-pigwowca-w-promieniach-slonca\\\/#breadcrumb\"},\"inLanguage\":\"fr-FR\",\"potentialAction\":[{\"@type\":\"ReadAction\",\"target\":[\"https:\\\/\\\/marzenawalczak.com\\\/produkt\\\/kwiaty-pigwowca-w-promieniach-slonca\\\/\"]}]},{\"@type\":\"ImageObject\",\"inLanguage\":\"fr-FR\",\"@id\":\"https:\\\/\\\/marzenawalczak.com\\\/produkt\\\/kwiaty-pigwowca-w-promieniach-slonca\\\/#primaryimage\",\"url\":\"https:\\\/\\\/marzenawalczak.com\\\/wp-content\\\/uploads\\\/2022\\\/01\\\/pigwa3.jpg\",\"contentUrl\":\"https:\\\/\\\/marzenawalczak.com\\\/wp-content\\\/uploads\\\/2022\\\/01\\\/pigwa3.jpg\",\"width\":2000,\"height\":1325,\"caption\":\"Kwiaty pigwowca w promieniach s\u0142o\u0144ca. Trzy kwiatki pod\u015bwietlone od ty\u0142u s\u0142o\u0144cem.\"},{\"@type\":\"BreadcrumbList\",\"@id\":\"https:\\\/\\\/marzenawalczak.com\\\/produkt\\\/kwiaty-pigwowca-w-promieniach-slonca\\\/#breadcrumb\",\"itemListElement\":[{\"@type\":\"ListItem\",\"position\":1,\"name\":\"Strona g\u0142\u00f3wna\",\"item\":\"https:\\\/\\\/marzenawalczak.com\\\/en\\\/\"},{\"@type\":\"ListItem\",\"position\":2,\"name\":\"Portfolio\",\"item\":\"https:\\\/\\\/marzenawalczak.com\\\/portfolio-przyroda-w-skali-makro\\\/\"},{\"@type\":\"ListItem\",\"position\":3,\"name\":\"czerwie\u0144\u00a0to mi\u0142o\u015b\u0107\"}]},{\"@type\":\"WebSite\",\"@id\":\"https:\\\/\\\/marzenawalczak.com\\\/#website\",\"url\":\"https:\\\/\\\/marzenawalczak.com\\\/\",\"name\":\"Marzena Walczak Photography\",\"description\":\"Galeria artystyczna\",\"publisher\":{\"@id\":\"https:\\\/\\\/marzenawalczak.com\\\/#organization\"},\"potentialAction\":[{\"@type\":\"SearchAction\",\"target\":{\"@type\":\"EntryPoint\",\"urlTemplate\":\"https:\\\/\\\/marzenawalczak.com\\\/?s={search_term_string}\"},\"query-input\":{\"@type\":\"PropertyValueSpecification\",\"valueRequired\":true,\"valueName\":\"search_term_string\"}}],\"inLanguage\":\"fr-FR\"},{\"@type\":\"Organization\",\"@id\":\"https:\\\/\\\/marzenawalczak.com\\\/#organization\",\"name\":\"Marzena Walczak photography\",\"url\":\"https:\\\/\\\/marzenawalczak.com\\\/\",\"logo\":{\"@type\":\"ImageObject\",\"inLanguage\":\"fr-FR\",\"@id\":\"https:\\\/\\\/marzenawalczak.com\\\/#\\\/schema\\\/logo\\\/image\\\/\",\"url\":\"https:\\\/\\\/marzenawalczak.com\\\/wp-content\\\/uploads\\\/2022\\\/07\\\/DSC_0210.jpg\",\"contentUrl\":\"https:\\\/\\\/marzenawalczak.com\\\/wp-content\\\/uploads\\\/2022\\\/07\\\/DSC_0210.jpg\",\"width\":1800,\"height\":1207,\"caption\":\"Marzena Walczak photography\"},\"image\":{\"@id\":\"https:\\\/\\\/marzenawalczak.com\\\/#\\\/schema\\\/logo\\\/image\\\/\"},\"sameAs\":[\"https:\\\/\\\/www.instagram.com\\\/marzenawalczak_com\\\/\"]}]}<\/script>\n<!-- \/ Yoast SEO plugin. -->","yoast_head_json":{"title":"czerwie\u0144\u00a0to mi\u0142o\u015b\u0107","description":"Kwiaty pigwowca w promieniach s\u0142o\u0144ca - detale przyrody w kadrach makro. Chwila zachwytu nad \u015bwiatem, kt\u00f3ry trudno dostrzec. Fotografie do wystroju wn\u0119trz.","robots":{"index":"index","follow":"follow","max-snippet":"max-snippet:-1","max-image-preview":"max-image-preview:large","max-video-preview":"max-video-preview:-1"},"canonical":"https:\/\/marzenawalczak.com\/fr\/produkt\/kwiaty-pigwowca-w-promieniach-slonca\/","og_locale":"fr_FR","og_type":"article","og_title":"[:pl]czerwie\u0144\u00a0to mi\u0142o\u015b\u0107[:en]letnia czerwie\u0144 2[:] &#8211; Marzena Walczak Photography","og_description":"Kwiaty pigwowca w promieniach s\u0142o\u0144ca - detale przyrody w kadrach makro. Chwila zachwytu nad \u015bwiatem, kt\u00f3ry trudno dostrzec. Fotografie do wystroju wn\u0119trz.","og_url":"https:\/\/marzenawalczak.com\/fr\/produkt\/kwiaty-pigwowca-w-promieniach-slonca\/","og_site_name":"Marzena Walczak Photography","article_modified_time":"2023-10-06T09:45:11+00:00","og_image":[{"width":2000,"height":1325,"url":"https:\/\/marzenawalczak.com\/wp-content\/uploads\/2022\/01\/pigwa3.jpg","type":"image\/jpeg"}],"twitter_card":"summary_large_image","twitter_misc":{"Dur\u00e9e de lecture estim\u00e9e":"1 minute"},"schema":{"@context":"https:\/\/schema.org","@graph":[{"@type":"WebPage","@id":"https:\/\/marzenawalczak.com\/produkt\/kwiaty-pigwowca-w-promieniach-slonca\/","url":"https:\/\/marzenawalczak.com\/produkt\/kwiaty-pigwowca-w-promieniach-slonca\/","name":"czerwie\u0144\u00a0to mi\u0142o\u015b\u0107","isPartOf":{"@id":"https:\/\/marzenawalczak.com\/#website"},"primaryImageOfPage":{"@id":"https:\/\/marzenawalczak.com\/produkt\/kwiaty-pigwowca-w-promieniach-slonca\/#primaryimage"},"image":{"@id":"https:\/\/marzenawalczak.com\/produkt\/kwiaty-pigwowca-w-promieniach-slonca\/#primaryimage"},"thumbnailUrl":"https:\/\/marzenawalczak.com\/wp-content\/uploads\/2022\/01\/pigwa3.jpg","datePublished":"2022-01-13T11:12:21+00:00","dateModified":"2023-10-06T09:45:11+00:00","description":"Kwiaty pigwowca w promieniach s\u0142o\u0144ca - detale przyrody w kadrach makro. Chwila zachwytu nad \u015bwiatem, kt\u00f3ry trudno dostrzec. Fotografie do wystroju wn\u0119trz.","breadcrumb":{"@id":"https:\/\/marzenawalczak.com\/produkt\/kwiaty-pigwowca-w-promieniach-slonca\/#breadcrumb"},"inLanguage":"fr-FR","potentialAction":[{"@type":"ReadAction","target":["https:\/\/marzenawalczak.com\/produkt\/kwiaty-pigwowca-w-promieniach-slonca\/"]}]},{"@type":"ImageObject","inLanguage":"fr-FR","@id":"https:\/\/marzenawalczak.com\/produkt\/kwiaty-pigwowca-w-promieniach-slonca\/#primaryimage","url":"https:\/\/marzenawalczak.com\/wp-content\/uploads\/2022\/01\/pigwa3.jpg","contentUrl":"https:\/\/marzenawalczak.com\/wp-content\/uploads\/2022\/01\/pigwa3.jpg","width":2000,"height":1325,"caption":"Kwiaty pigwowca w promieniach s\u0142o\u0144ca. Trzy kwiatki pod\u015bwietlone od ty\u0142u s\u0142o\u0144cem."},{"@type":"BreadcrumbList","@id":"https:\/\/marzenawalczak.com\/produkt\/kwiaty-pigwowca-w-promieniach-slonca\/#breadcrumb","itemListElement":[{"@type":"ListItem","position":1,"name":"Strona g\u0142\u00f3wna","item":"https:\/\/marzenawalczak.com\/en\/"},{"@type":"ListItem","position":2,"name":"Portfolio","item":"https:\/\/marzenawalczak.com\/portfolio-przyroda-w-skali-makro\/"},{"@type":"ListItem","position":3,"name":"czerwie\u0144\u00a0to mi\u0142o\u015b\u0107"}]},{"@type":"WebSite","@id":"https:\/\/marzenawalczak.com\/#website","url":"https:\/\/marzenawalczak.com\/","name":"Marzena Walczak Photography","description":"Galeria artystyczna","publisher":{"@id":"https:\/\/marzenawalczak.com\/#organization"},"potentialAction":[{"@type":"SearchAction","target":{"@type":"EntryPoint","urlTemplate":"https:\/\/marzenawalczak.com\/?s={search_term_string}"},"query-input":{"@type":"PropertyValueSpecification","valueRequired":true,"valueName":"search_term_string"}}],"inLanguage":"fr-FR"},{"@type":"Organization","@id":"https:\/\/marzenawalczak.com\/#organization","name":"Marzena Walczak photography","url":"https:\/\/marzenawalczak.com\/","logo":{"@type":"ImageObject","inLanguage":"fr-FR","@id":"https:\/\/marzenawalczak.com\/#\/schema\/logo\/image\/","url":"https:\/\/marzenawalczak.com\/wp-content\/uploads\/2022\/07\/DSC_0210.jpg","contentUrl":"https:\/\/marzenawalczak.com\/wp-content\/uploads\/2022\/07\/DSC_0210.jpg","width":1800,"height":1207,"caption":"Marzena Walczak photography"},"image":{"@id":"https:\/\/marzenawalczak.com\/#\/schema\/logo\/image\/"},"sameAs":["https:\/\/www.instagram.com\/marzenawalczak_com\/"]}]}},"_links":{"self":[{"href":"https:\/\/marzenawalczak.com\/fr\/wp-json\/wp\/v2\/product\/375","targetHints":{"allow":["GET"]}}],"collection":[{"href":"https:\/\/marzenawalczak.com\/fr\/wp-json\/wp\/v2\/product"}],"about":[{"href":"https:\/\/marzenawalczak.com\/fr\/wp-json\/wp\/v2\/types\/product"}],"wp:featuredmedia":[{"embeddable":true,"href":"https:\/\/marzenawalczak.com\/fr\/wp-json\/wp\/v2\/media\/883"}],"wp:attachment":[{"href":"https:\/\/marzenawalczak.com\/fr\/wp-json\/wp\/v2\/media?parent=375"}],"wp:term":[{"taxonomy":"product_brand","embeddable":true,"href":"https:\/\/marzenawalczak.com\/fr\/wp-json\/wp\/v2\/product_brand?post=375"},{"taxonomy":"product_cat","embeddable":true,"href":"https:\/\/marzenawalczak.com\/fr\/wp-json\/wp\/v2\/product_cat?post=375"},{"taxonomy":"product_tag","embeddable":true,"href":"https:\/\/marzenawalczak.com\/fr\/wp-json\/wp\/v2\/product_tag?post=375"}],"curies":[{"name":"wp","href":"https:\/\/api.w.org\/{rel}","templated":true}]}}

czerwień to miłość

<p>Kwiaty pigwowca w promieniach słońca. <a href="https://marzenawalczak.com/produkt/blask-poranka/"><em><strong>Blask poranka</strong></em></a> oraz pierwsze kwiaty pigwowca urzekają bogactwem kolorów, odcieni, grą świateł i cieni.</p>

<p>pigwowiec japoński</p>

<!-- This site is optimized with the Yoast SEO plugin v27.5 - https://yoast.com/product/yoast-seo-wordpress/ -->
<title>czerwień to miłość</title>
<meta name="description" content="Kwiaty pigwowca w promieniach słońca - detale przyrody w kadrach makro. Chwila zachwytu nad światem, który trudno dostrzec. Fotografie do wystroju wnętrz." />
<meta name="robots" content="index, follow, max-snippet:-1, max-image-preview:large, max-video-preview:-1" />
<link rel="canonical" href="https://marzenawalczak.com/fr/produkt/kwiaty-pigwowca-w-promieniach-slonca/" />
<meta property="og:locale" content="fr_FR" />
<meta property="og:locale:alternate" content="pl_PL" />
<meta property="og:locale:alternate" content="en_US" />
<meta property="og:type" content="article" />
<meta property="og:title" content="czerwień to miłość" />
<meta property="og:description" content="Kwiaty pigwowca w promieniach słońca - detale przyrody w kadrach makro. Chwila zachwytu nad światem, który trudno dostrzec. Fotografie do wystroju wnętrz." />
<meta property="og:url" content="https://marzenawalczak.com/fr/produkt/kwiaty-pigwowca-w-promieniach-slonca/" />
<meta property="og:site_name" content="Marzena Walczak Photography" />
<meta property="article:modified_time" content="2023-10-06T09:45:11+00:00" />
<meta property="og:image" content="https://marzenawalczak.com/wp-content/uploads/2022/01/pigwa3.jpg" />
	<meta property="og:image:width" content="2000" />
	<meta property="og:image:height" content="1325" />
	<meta property="og:image:type" content="image/jpeg" />
<meta name="twitter:card" content="summary_large_image" />
<meta name="twitter:label1" content="Durée de lecture estimée" />
	<meta name="twitter:data1" content="1 minute" />
<script type="application/ld+json" class="yoast-schema-graph">{"@context":"https:\/\/schema.org","@graph":[{"@type":"WebPage","@id":"https:\/\/marzenawalczak.com\/produkt\/kwiaty-pigwowca-w-promieniach-slonca\/","url":"https:\/\/marzenawalczak.com\/produkt\/kwiaty-pigwowca-w-promieniach-slonca\/","name":"czerwień to miłość","isPartOf":{"@id":"https:\/\/marzenawalczak.com\/#website"},"primaryImageOfPage":{"@id":"https:\/\/marzenawalczak.com\/produkt\/kwiaty-pigwowca-w-promieniach-slonca\/#primaryimage"},"image":{"@id":"https:\/\/marzenawalczak.com\/produkt\/kwiaty-pigwowca-w-promieniach-slonca\/#primaryimage"},"thumbnailUrl":"https:\/\/marzenawalczak.com\/wp-content\/uploads\/2022\/01\/pigwa3.jpg","datePublished":"2022-01-13T11:12:21+00:00","dateModified":"2023-10-06T09:45:11+00:00","description":"Kwiaty pigwowca w promieniach słońca - detale przyrody w kadrach makro. Chwila zachwytu nad światem, który trudno dostrzec. Fotografie do wystroju wnętrz.","breadcrumb":{"@id":"https:\/\/marzenawalczak.com\/produkt\/kwiaty-pigwowca-w-promieniach-slonca\/#breadcrumb"},"inLanguage":"fr-FR","potentialAction":[{"@type":"ReadAction","target":["https:\/\/marzenawalczak.com\/produkt\/kwiaty-pigwowca-w-promieniach-slonca\/"]}]},{"@type":"ImageObject","inLanguage":"fr-FR","@id":"https:\/\/marzenawalczak.com\/produkt\/kwiaty-pigwowca-w-promieniach-slonca\/#primaryimage","url":"https:\/\/marzenawalczak.com\/wp-content\/uploads\/2022\/01\/pigwa3.jpg","contentUrl":"https:\/\/marzenawalczak.com\/wp-content\/uploads\/2022\/01\/pigwa3.jpg","width":2000,"height":1325,"caption":"Kwiaty pigwowca w promieniach słońca. Trzy kwiatki podświetlone od tyłu słońcem."},{"@type":"BreadcrumbList","@id":"https:\/\/marzenawalczak.com\/produkt\/kwiaty-pigwowca-w-promieniach-slonca\/#breadcrumb","itemListElement":[{"@type":"ListItem","position":1,"name":"Strona główna","item":"https:\/\/marzenawalczak.com\/en\/"},{"@type":"ListItem","position":2,"name":"Portfolio","item":"https:\/\/marzenawalczak.com\/portfolio-przyroda-w-skali-makro\/"},{"@type":"ListItem","position":3,"name":"czerwień to miłość"}]},{"@type":"WebSite","@id":"https:\/\/marzenawalczak.com\/#website","url":"https:\/\/marzenawalczak.com\/","name":"Marzena Walczak Photography","description":"Galeria artystyczna","publisher":{"@id":"https:\/\/marzenawalczak.com\/#organization"},"potentialAction":[{"@type":"SearchAction","target":{"@type":"EntryPoint","urlTemplate":"https:\/\/marzenawalczak.com\/?s={search_term_string}"},"query-input":{"@type":"PropertyValueSpecification","valueRequired":true,"valueName":"search_term_string"}}],"inLanguage":"fr-FR"},{"@type":"Organization","@id":"https:\/\/marzenawalczak.com\/#organization","name":"Marzena Walczak photography","url":"https:\/\/marzenawalczak.com\/","logo":{"@type":"ImageObject","inLanguage":"fr-FR","@id":"https:\/\/marzenawalczak.com\/#\/schema\/logo\/image\/","url":"https:\/\/marzenawalczak.com\/wp-content\/uploads\/2022\/07\/DSC_0210.jpg","contentUrl":"https:\/\/marzenawalczak.com\/wp-content\/uploads\/2022\/07\/DSC_0210.jpg","width":1800,"height":1207,"caption":"Marzena Walczak photography"},"image":{"@id":"https:\/\/marzenawalczak.com\/#\/schema\/logo\/image\/"},"sameAs":["https:\/\/www.instagram.com\/marzenawalczak_com\/"]}]}</script>
<!-- / Yoast SEO plugin. -->

Kwiaty pigwowca w promieniach słońca - detale przyrody w kadrach makro. Chwila zachwytu nad światem, który trudno dostrzec. Fotografie do wystroju wnętrz.

[:pl]czerwień to miłość[:en]letnia czerwień 2[:] &#8211; Marzena Walczak Photography

Kwiaty pigwowca w promieniach słońca. Trzy kwiatki podświetlone od tyłu słońcem.

Strona główna
