{"id":409,"date":"2022-01-13T15:31:36","date_gmt":"2022-01-13T14:31:36","guid":{"rendered":"https:\/\/marzenawalczak.com\/en\/?post_type=product&#038;p=409"},"modified":"2023-10-04T12:37:02","modified_gmt":"2023-10-04T11:37:02","slug":"nawloc-w-zimowej-szacie","status":"publish","type":"product","link":"https:\/\/marzenawalczak.com\/fr\/produkt\/nawloc-w-zimowej-szacie\/","title":{"rendered":"w zimowej szacie"},"content":{"rendered":"<p>Naw\u0142o\u0107 w zimowej szacie prezentuje si\u0119\u00a0 niezwykle atrakcyjnie.<\/p>\n<p>Latem w pe\u0142ni rozkwitu r\u00f3wnie\u017c wygl\u0105daj\u0105 pi\u0119knie, szczeg\u00f3lnie jak si\u0119 im przyjrze\u0107 z bliska.<\/p>\n<p>S\u0105 nie tylko urodziwe, ale r\u00f3wnie\u017c zdrowe i miododajne.<\/p>\n","protected":false},"excerpt":{"rendered":"<p>Naw\u0142o\u0107 w zimowej szacie prezentuje si\u0119\u00a0 niezwykle atrakcyjnie. Latem w pe\u0142ni rozkwitu r\u00f3wnie\u017c wygl\u0105daj\u0105 pi\u0119knie, szczeg\u00f3lnie jak si\u0119 im przyjrze\u0107 z bliska. S\u0105 nie tylko urodziwe, ale r\u00f3wnie\u017c zdrowe i miododajne.<\/p>\n","protected":false},"featured_media":864,"template":"","meta":{"_acf_changed":false},"product_brand":[],"product_cat":[16],"product_tag":[110,150,156,83,116,208,134,81,68,80,209],"class_list":{"0":"post-409","1":"product","2":"type-product","3":"status-publish","4":"has-post-thumbnail","6":"product_cat-bez-kategorii","7":"product_tag-bialy","8":"product_tag-delikatnosc","9":"product_tag-gift","10":"product_tag-makro","11":"product_tag-natura","12":"product_tag-nawloc","13":"product_tag-ogrod","14":"product_tag-przyroda","15":"product_tag-swietllisty","16":"product_tag-zima","17":"product_tag-zimowy","18":"product_shipping_class-polska","20":"first","21":"onbackorder","22":"shipping-taxable","23":"purchasable","24":"product-type-variable"},"acf":[],"yoast_head":"<!-- This site is optimized with the Yoast SEO plugin v27.5 - https:\/\/yoast.com\/product\/yoast-seo-wordpress\/ -->\n<title>w zimowej szacie<\/title>\n<meta name=\"description\" content=\"Naw\u0142o\u0107 w zimowej szacie - detale przyrody w kadrach makro. Chwila zachwytu nad \u015bwiatem, kt\u00f3ry trudno dostrzec. Fotografie do wystroju wn\u0119trz.\" \/>\n<meta name=\"robots\" content=\"index, follow, max-snippet:-1, max-image-preview:large, max-video-preview:-1\" \/>\n<link rel=\"canonical\" href=\"https:\/\/marzenawalczak.com\/fr\/produkt\/nawloc-w-zimowej-szacie\/\" \/>\n<meta property=\"og:locale\" content=\"fr_FR\" \/>\n<meta property=\"og:locale:alternate\" content=\"pl_PL\" \/>\n<meta property=\"og:locale:alternate\" content=\"en_US\" \/>\n<meta property=\"og:type\" content=\"article\" \/>\n<meta property=\"og:title\" content=\"w zimowej szacie\" \/>\n<meta property=\"og:description\" content=\"Naw\u0142o\u0107 w zimowej szacie - detale przyrody w kadrach makro. Chwila zachwytu nad \u015bwiatem, kt\u00f3ry trudno dostrzec. Fotografie do wystroju wn\u0119trz.\" \/>\n<meta property=\"og:url\" content=\"https:\/\/marzenawalczak.com\/fr\/produkt\/nawloc-w-zimowej-szacie\/\" \/>\n<meta property=\"og:site_name\" content=\"Marzena Walczak Photography\" \/>\n<meta property=\"article:modified_time\" content=\"2023-10-04T11:37:02+00:00\" \/>\n<meta property=\"og:image\" content=\"https:\/\/marzenawalczak.com\/wp-content\/uploads\/2022\/01\/nawloc-zima.jpg\" \/>\n\t<meta property=\"og:image:width\" content=\"2000\" \/>\n\t<meta property=\"og:image:height\" content=\"1325\" \/>\n\t<meta property=\"og:image:type\" content=\"image\/jpeg\" \/>\n<meta name=\"twitter:card\" content=\"summary_large_image\" \/>\n<meta name=\"twitter:label1\" content=\"Dur\u00e9e de lecture estim\u00e9e\" \/>\n\t<meta name=\"twitter:data1\" content=\"1 minute\" \/>\n<script type=\"application\/ld+json\" class=\"yoast-schema-graph\">{\"@context\":\"https:\\\/\\\/schema.org\",\"@graph\":[{\"@type\":\"WebPage\",\"@id\":\"https:\\\/\\\/marzenawalczak.com\\\/produkt\\\/nawloc-w-zimowej-szacie\\\/\",\"url\":\"https:\\\/\\\/marzenawalczak.com\\\/produkt\\\/nawloc-w-zimowej-szacie\\\/\",\"name\":\"w zimowej szacie\",\"isPartOf\":{\"@id\":\"https:\\\/\\\/marzenawalczak.com\\\/#website\"},\"primaryImageOfPage\":{\"@id\":\"https:\\\/\\\/marzenawalczak.com\\\/produkt\\\/nawloc-w-zimowej-szacie\\\/#primaryimage\"},\"image\":{\"@id\":\"https:\\\/\\\/marzenawalczak.com\\\/produkt\\\/nawloc-w-zimowej-szacie\\\/#primaryimage\"},\"thumbnailUrl\":\"https:\\\/\\\/marzenawalczak.com\\\/wp-content\\\/uploads\\\/2022\\\/01\\\/nawloc-zima.jpg\",\"datePublished\":\"2022-01-13T14:31:36+00:00\",\"dateModified\":\"2023-10-04T11:37:02+00:00\",\"description\":\"Naw\u0142o\u0107 w zimowej szacie - detale przyrody w kadrach makro. Chwila zachwytu nad \u015bwiatem, kt\u00f3ry trudno dostrzec. Fotografie do wystroju wn\u0119trz.\",\"breadcrumb\":{\"@id\":\"https:\\\/\\\/marzenawalczak.com\\\/produkt\\\/nawloc-w-zimowej-szacie\\\/#breadcrumb\"},\"inLanguage\":\"fr-FR\",\"potentialAction\":[{\"@type\":\"ReadAction\",\"target\":[\"https:\\\/\\\/marzenawalczak.com\\\/produkt\\\/nawloc-w-zimowej-szacie\\\/\"]}]},{\"@type\":\"ImageObject\",\"inLanguage\":\"fr-FR\",\"@id\":\"https:\\\/\\\/marzenawalczak.com\\\/produkt\\\/nawloc-w-zimowej-szacie\\\/#primaryimage\",\"url\":\"https:\\\/\\\/marzenawalczak.com\\\/wp-content\\\/uploads\\\/2022\\\/01\\\/nawloc-zima.jpg\",\"contentUrl\":\"https:\\\/\\\/marzenawalczak.com\\\/wp-content\\\/uploads\\\/2022\\\/01\\\/nawloc-zima.jpg\",\"width\":2000,\"height\":1325,\"caption\":\"Naw\u0142o\u0107 w zimowej szacie prezentuje si\u0119 atrakcyjnie.\"},{\"@type\":\"BreadcrumbList\",\"@id\":\"https:\\\/\\\/marzenawalczak.com\\\/produkt\\\/nawloc-w-zimowej-szacie\\\/#breadcrumb\",\"itemListElement\":[{\"@type\":\"ListItem\",\"position\":1,\"name\":\"Strona g\u0142\u00f3wna\",\"item\":\"https:\\\/\\\/marzenawalczak.com\\\/en\\\/\"},{\"@type\":\"ListItem\",\"position\":2,\"name\":\"Portfolio\",\"item\":\"https:\\\/\\\/marzenawalczak.com\\\/portfolio-przyroda-w-skali-makro\\\/\"},{\"@type\":\"ListItem\",\"position\":3,\"name\":\"w zimowej szacie\"}]},{\"@type\":\"WebSite\",\"@id\":\"https:\\\/\\\/marzenawalczak.com\\\/#website\",\"url\":\"https:\\\/\\\/marzenawalczak.com\\\/\",\"name\":\"Marzena Walczak Photography\",\"description\":\"Galeria artystyczna\",\"publisher\":{\"@id\":\"https:\\\/\\\/marzenawalczak.com\\\/#organization\"},\"potentialAction\":[{\"@type\":\"SearchAction\",\"target\":{\"@type\":\"EntryPoint\",\"urlTemplate\":\"https:\\\/\\\/marzenawalczak.com\\\/?s={search_term_string}\"},\"query-input\":{\"@type\":\"PropertyValueSpecification\",\"valueRequired\":true,\"valueName\":\"search_term_string\"}}],\"inLanguage\":\"fr-FR\"},{\"@type\":\"Organization\",\"@id\":\"https:\\\/\\\/marzenawalczak.com\\\/#organization\",\"name\":\"Marzena Walczak photography\",\"url\":\"https:\\\/\\\/marzenawalczak.com\\\/\",\"logo\":{\"@type\":\"ImageObject\",\"inLanguage\":\"fr-FR\",\"@id\":\"https:\\\/\\\/marzenawalczak.com\\\/#\\\/schema\\\/logo\\\/image\\\/\",\"url\":\"https:\\\/\\\/marzenawalczak.com\\\/wp-content\\\/uploads\\\/2022\\\/07\\\/DSC_0210.jpg\",\"contentUrl\":\"https:\\\/\\\/marzenawalczak.com\\\/wp-content\\\/uploads\\\/2022\\\/07\\\/DSC_0210.jpg\",\"width\":1800,\"height\":1207,\"caption\":\"Marzena Walczak photography\"},\"image\":{\"@id\":\"https:\\\/\\\/marzenawalczak.com\\\/#\\\/schema\\\/logo\\\/image\\\/\"},\"sameAs\":[\"https:\\\/\\\/www.instagram.com\\\/marzenawalczak_com\\\/\"]}]}<\/script>\n<!-- \/ Yoast SEO plugin. -->","yoast_head_json":{"title":"w zimowej szacie","description":"Naw\u0142o\u0107 w zimowej szacie - detale przyrody w kadrach makro. Chwila zachwytu nad \u015bwiatem, kt\u00f3ry trudno dostrzec. Fotografie do wystroju wn\u0119trz.","robots":{"index":"index","follow":"follow","max-snippet":"max-snippet:-1","max-image-preview":"max-image-preview:large","max-video-preview":"max-video-preview:-1"},"canonical":"https:\/\/marzenawalczak.com\/fr\/produkt\/nawloc-w-zimowej-szacie\/","og_locale":"fr_FR","og_type":"article","og_title":"[:pl]w zimowej szacie[:en]\u015bwiate\u0142ko w mroku[:] &#8211; Marzena Walczak Photography","og_description":"Naw\u0142o\u0107 w zimowej szacie - detale przyrody w kadrach makro. Chwila zachwytu nad \u015bwiatem, kt\u00f3ry trudno dostrzec. Fotografie do wystroju wn\u0119trz.","og_url":"https:\/\/marzenawalczak.com\/fr\/produkt\/nawloc-w-zimowej-szacie\/","og_site_name":"Marzena Walczak Photography","article_modified_time":"2023-10-04T11:37:02+00:00","og_image":[{"width":2000,"height":1325,"url":"https:\/\/marzenawalczak.com\/wp-content\/uploads\/2022\/01\/nawloc-zima.jpg","type":"image\/jpeg"}],"twitter_card":"summary_large_image","twitter_misc":{"Dur\u00e9e de lecture estim\u00e9e":"1 minute"},"schema":{"@context":"https:\/\/schema.org","@graph":[{"@type":"WebPage","@id":"https:\/\/marzenawalczak.com\/produkt\/nawloc-w-zimowej-szacie\/","url":"https:\/\/marzenawalczak.com\/produkt\/nawloc-w-zimowej-szacie\/","name":"w zimowej szacie","isPartOf":{"@id":"https:\/\/marzenawalczak.com\/#website"},"primaryImageOfPage":{"@id":"https:\/\/marzenawalczak.com\/produkt\/nawloc-w-zimowej-szacie\/#primaryimage"},"image":{"@id":"https:\/\/marzenawalczak.com\/produkt\/nawloc-w-zimowej-szacie\/#primaryimage"},"thumbnailUrl":"https:\/\/marzenawalczak.com\/wp-content\/uploads\/2022\/01\/nawloc-zima.jpg","datePublished":"2022-01-13T14:31:36+00:00","dateModified":"2023-10-04T11:37:02+00:00","description":"Naw\u0142o\u0107 w zimowej szacie - detale przyrody w kadrach makro. Chwila zachwytu nad \u015bwiatem, kt\u00f3ry trudno dostrzec. Fotografie do wystroju wn\u0119trz.","breadcrumb":{"@id":"https:\/\/marzenawalczak.com\/produkt\/nawloc-w-zimowej-szacie\/#breadcrumb"},"inLanguage":"fr-FR","potentialAction":[{"@type":"ReadAction","target":["https:\/\/marzenawalczak.com\/produkt\/nawloc-w-zimowej-szacie\/"]}]},{"@type":"ImageObject","inLanguage":"fr-FR","@id":"https:\/\/marzenawalczak.com\/produkt\/nawloc-w-zimowej-szacie\/#primaryimage","url":"https:\/\/marzenawalczak.com\/wp-content\/uploads\/2022\/01\/nawloc-zima.jpg","contentUrl":"https:\/\/marzenawalczak.com\/wp-content\/uploads\/2022\/01\/nawloc-zima.jpg","width":2000,"height":1325,"caption":"Naw\u0142o\u0107 w zimowej szacie prezentuje si\u0119 atrakcyjnie."},{"@type":"BreadcrumbList","@id":"https:\/\/marzenawalczak.com\/produkt\/nawloc-w-zimowej-szacie\/#breadcrumb","itemListElement":[{"@type":"ListItem","position":1,"name":"Strona g\u0142\u00f3wna","item":"https:\/\/marzenawalczak.com\/en\/"},{"@type":"ListItem","position":2,"name":"Portfolio","item":"https:\/\/marzenawalczak.com\/portfolio-przyroda-w-skali-makro\/"},{"@type":"ListItem","position":3,"name":"w zimowej szacie"}]},{"@type":"WebSite","@id":"https:\/\/marzenawalczak.com\/#website","url":"https:\/\/marzenawalczak.com\/","name":"Marzena Walczak Photography","description":"Galeria artystyczna","publisher":{"@id":"https:\/\/marzenawalczak.com\/#organization"},"potentialAction":[{"@type":"SearchAction","target":{"@type":"EntryPoint","urlTemplate":"https:\/\/marzenawalczak.com\/?s={search_term_string}"},"query-input":{"@type":"PropertyValueSpecification","valueRequired":true,"valueName":"search_term_string"}}],"inLanguage":"fr-FR"},{"@type":"Organization","@id":"https:\/\/marzenawalczak.com\/#organization","name":"Marzena Walczak photography","url":"https:\/\/marzenawalczak.com\/","logo":{"@type":"ImageObject","inLanguage":"fr-FR","@id":"https:\/\/marzenawalczak.com\/#\/schema\/logo\/image\/","url":"https:\/\/marzenawalczak.com\/wp-content\/uploads\/2022\/07\/DSC_0210.jpg","contentUrl":"https:\/\/marzenawalczak.com\/wp-content\/uploads\/2022\/07\/DSC_0210.jpg","width":1800,"height":1207,"caption":"Marzena Walczak photography"},"image":{"@id":"https:\/\/marzenawalczak.com\/#\/schema\/logo\/image\/"},"sameAs":["https:\/\/www.instagram.com\/marzenawalczak_com\/"]}]}},"_links":{"self":[{"href":"https:\/\/marzenawalczak.com\/fr\/wp-json\/wp\/v2\/product\/409","targetHints":{"allow":["GET"]}}],"collection":[{"href":"https:\/\/marzenawalczak.com\/fr\/wp-json\/wp\/v2\/product"}],"about":[{"href":"https:\/\/marzenawalczak.com\/fr\/wp-json\/wp\/v2\/types\/product"}],"wp:featuredmedia":[{"embeddable":true,"href":"https:\/\/marzenawalczak.com\/fr\/wp-json\/wp\/v2\/media\/864"}],"wp:attachment":[{"href":"https:\/\/marzenawalczak.com\/fr\/wp-json\/wp\/v2\/media?parent=409"}],"wp:term":[{"taxonomy":"product_brand","embeddable":true,"href":"https:\/\/marzenawalczak.com\/fr\/wp-json\/wp\/v2\/product_brand?post=409"},{"taxonomy":"product_cat","embeddable":true,"href":"https:\/\/marzenawalczak.com\/fr\/wp-json\/wp\/v2\/product_cat?post=409"},{"taxonomy":"product_tag","embeddable":true,"href":"https:\/\/marzenawalczak.com\/fr\/wp-json\/wp\/v2\/product_tag?post=409"}],"curies":[{"name":"wp","href":"https:\/\/api.w.org\/{rel}","templated":true}]}}

<p>Nawłoć w zimowej szacie prezentuje się  niezwykle atrakcyjnie.</p>
<p>Latem w pełni rozkwitu również wyglądają pięknie, szczególnie jak się im przyjrzeć z bliska.</p>
<p>Są nie tylko urodziwe, ale również zdrowe i miododajne.</p>

<p>Nawłoć w zimowej szacie prezentuje się  niezwykle atrakcyjnie. Latem w pełni rozkwitu również wyglądają pięknie, szczególnie jak się im przyjrzeć z bliska. Są nie tylko urodziwe, ale również zdrowe i miododajne.</p>

<!-- This site is optimized with the Yoast SEO plugin v27.5 - https://yoast.com/product/yoast-seo-wordpress/ -->
<title>w zimowej szacie</title>
<meta name="description" content="Nawłoć w zimowej szacie - detale przyrody w kadrach makro. Chwila zachwytu nad światem, który trudno dostrzec. Fotografie do wystroju wnętrz." />
<meta name="robots" content="index, follow, max-snippet:-1, max-image-preview:large, max-video-preview:-1" />
<link rel="canonical" href="https://marzenawalczak.com/fr/produkt/nawloc-w-zimowej-szacie/" />
<meta property="og:locale" content="fr_FR" />
<meta property="og:locale:alternate" content="pl_PL" />
<meta property="og:locale:alternate" content="en_US" />
<meta property="og:type" content="article" />
<meta property="og:title" content="w zimowej szacie" />
<meta property="og:description" content="Nawłoć w zimowej szacie - detale przyrody w kadrach makro. Chwila zachwytu nad światem, który trudno dostrzec. Fotografie do wystroju wnętrz." />
<meta property="og:url" content="https://marzenawalczak.com/fr/produkt/nawloc-w-zimowej-szacie/" />
<meta property="og:site_name" content="Marzena Walczak Photography" />
<meta property="article:modified_time" content="2023-10-04T11:37:02+00:00" />
<meta property="og:image" content="https://marzenawalczak.com/wp-content/uploads/2022/01/nawloc-zima.jpg" />
	<meta property="og:image:width" content="2000" />
	<meta property="og:image:height" content="1325" />
	<meta property="og:image:type" content="image/jpeg" />
<meta name="twitter:card" content="summary_large_image" />
<meta name="twitter:label1" content="Durée de lecture estimée" />
	<meta name="twitter:data1" content="1 minute" />
<script type="application/ld+json" class="yoast-schema-graph">{"@context":"https:\/\/schema.org","@graph":[{"@type":"WebPage","@id":"https:\/\/marzenawalczak.com\/produkt\/nawloc-w-zimowej-szacie\/","url":"https:\/\/marzenawalczak.com\/produkt\/nawloc-w-zimowej-szacie\/","name":"w zimowej szacie","isPartOf":{"@id":"https:\/\/marzenawalczak.com\/#website"},"primaryImageOfPage":{"@id":"https:\/\/marzenawalczak.com\/produkt\/nawloc-w-zimowej-szacie\/#primaryimage"},"image":{"@id":"https:\/\/marzenawalczak.com\/produkt\/nawloc-w-zimowej-szacie\/#primaryimage"},"thumbnailUrl":"https:\/\/marzenawalczak.com\/wp-content\/uploads\/2022\/01\/nawloc-zima.jpg","datePublished":"2022-01-13T14:31:36+00:00","dateModified":"2023-10-04T11:37:02+00:00","description":"Nawłoć w zimowej szacie - detale przyrody w kadrach makro. Chwila zachwytu nad światem, który trudno dostrzec. Fotografie do wystroju wnętrz.","breadcrumb":{"@id":"https:\/\/marzenawalczak.com\/produkt\/nawloc-w-zimowej-szacie\/#breadcrumb"},"inLanguage":"fr-FR","potentialAction":[{"@type":"ReadAction","target":["https:\/\/marzenawalczak.com\/produkt\/nawloc-w-zimowej-szacie\/"]}]},{"@type":"ImageObject","inLanguage":"fr-FR","@id":"https:\/\/marzenawalczak.com\/produkt\/nawloc-w-zimowej-szacie\/#primaryimage","url":"https:\/\/marzenawalczak.com\/wp-content\/uploads\/2022\/01\/nawloc-zima.jpg","contentUrl":"https:\/\/marzenawalczak.com\/wp-content\/uploads\/2022\/01\/nawloc-zima.jpg","width":2000,"height":1325,"caption":"Nawłoć w zimowej szacie prezentuje się atrakcyjnie."},{"@type":"BreadcrumbList","@id":"https:\/\/marzenawalczak.com\/produkt\/nawloc-w-zimowej-szacie\/#breadcrumb","itemListElement":[{"@type":"ListItem","position":1,"name":"Strona główna","item":"https:\/\/marzenawalczak.com\/en\/"},{"@type":"ListItem","position":2,"name":"Portfolio","item":"https:\/\/marzenawalczak.com\/portfolio-przyroda-w-skali-makro\/"},{"@type":"ListItem","position":3,"name":"w zimowej szacie"}]},{"@type":"WebSite","@id":"https:\/\/marzenawalczak.com\/#website","url":"https:\/\/marzenawalczak.com\/","name":"Marzena Walczak Photography","description":"Galeria artystyczna","publisher":{"@id":"https:\/\/marzenawalczak.com\/#organization"},"potentialAction":[{"@type":"SearchAction","target":{"@type":"EntryPoint","urlTemplate":"https:\/\/marzenawalczak.com\/?s={search_term_string}"},"query-input":{"@type":"PropertyValueSpecification","valueRequired":true,"valueName":"search_term_string"}}],"inLanguage":"fr-FR"},{"@type":"Organization","@id":"https:\/\/marzenawalczak.com\/#organization","name":"Marzena Walczak photography","url":"https:\/\/marzenawalczak.com\/","logo":{"@type":"ImageObject","inLanguage":"fr-FR","@id":"https:\/\/marzenawalczak.com\/#\/schema\/logo\/image\/","url":"https:\/\/marzenawalczak.com\/wp-content\/uploads\/2022\/07\/DSC_0210.jpg","contentUrl":"https:\/\/marzenawalczak.com\/wp-content\/uploads\/2022\/07\/DSC_0210.jpg","width":1800,"height":1207,"caption":"Marzena Walczak photography"},"image":{"@id":"https:\/\/marzenawalczak.com\/#\/schema\/logo\/image\/"},"sameAs":["https:\/\/www.instagram.com\/marzenawalczak_com\/"]}]}</script>
<!-- / Yoast SEO plugin. -->

Nawłoć w zimowej szacie - detale przyrody w kadrach makro. Chwila zachwytu nad światem, który trudno dostrzec. Fotografie do wystroju wnętrz.

[:pl]w zimowej szacie[:en]światełko w mroku[:] &#8211; Marzena Walczak Photography

Nawłoć w zimowej szacie prezentuje się atrakcyjnie.

Strona główna
