{"id":450,"date":"2022-01-24T17:23:54","date_gmt":"2022-01-24T16:23:54","guid":{"rendered":"https:\/\/marzenawalczak.com\/?post_type=product&#038;p=450"},"modified":"2023-10-03T14:40:20","modified_gmt":"2023-10-03T13:40:20","slug":"szyszka-modrzewia","status":"publish","type":"product","link":"https:\/\/marzenawalczak.com\/fr\/produkt\/szyszka-modrzewia\/","title":{"rendered":"szyszunia"},"content":{"rendered":"<p>Szyszka modrzewia &#8211; male\u0144ki, <a href=\"https:\/\/marzenawalczak.com\/produkt\/miniaturowe-kwiatuszki-w-szafirowej-glebi\/\"><em><strong>uroczy detal<\/strong><\/em><\/a> budzi mi\u0142e wspomnienia.<\/p>\n<p>\u00ab\u00a0Chwila jest pi\u0119kna, lecz jeszcze pi\u0119kniejsze jest wspomnienie o niej\u00a0\u00bb (Horst Wolfram)<\/p>\n","protected":false},"excerpt":{"rendered":"<p>wspomnienie lata<\/p>\n","protected":false},"featured_media":843,"template":"","meta":{"_acf_changed":false},"product_brand":[],"product_cat":[16],"product_tag":[201,64,59,95,83,200,145,116,121,81,67,199],"class_list":{"0":"post-450","1":"product","2":"type-product","3":"status-publish","4":"has-post-thumbnail","6":"product_cat-bez-kategorii","7":"product_tag-drzewo","8":"product_tag-jesien","9":"product_tag-jesienny","10":"product_tag-lato","11":"product_tag-makro","12":"product_tag-modrzew","13":"product_tag-na-prezent","14":"product_tag-natura","15":"product_tag-prezent","16":"product_tag-przyroda","17":"product_tag-sloneczny","18":"product_tag-szyszka","19":"product_shipping_class-polska","21":"first","22":"onbackorder","23":"shipping-taxable","24":"purchasable","25":"product-type-variable"},"acf":[],"yoast_head":"<!-- This site is optimized with the Yoast SEO plugin v27.5 - https:\/\/yoast.com\/product\/yoast-seo-wordpress\/ -->\n<title>szyszunia<\/title>\n<meta name=\"description\" content=\"Szyszka modrzewia - detale przyrody w kadrach makro. Chwila zachwytu nad \u015bwiatem, kt\u00f3ry trudno dostrzec. Fotografia artystyczna do wystroju wn\u0119trz.\" \/>\n<meta name=\"robots\" content=\"index, follow, max-snippet:-1, max-image-preview:large, max-video-preview:-1\" \/>\n<link rel=\"canonical\" href=\"https:\/\/marzenawalczak.com\/fr\/produkt\/szyszka-modrzewia\/\" \/>\n<meta property=\"og:locale\" content=\"fr_FR\" \/>\n<meta property=\"og:locale:alternate\" content=\"pl_PL\" \/>\n<meta property=\"og:locale:alternate\" content=\"en_US\" \/>\n<meta property=\"og:type\" content=\"article\" \/>\n<meta property=\"og:title\" content=\"szyszunia\" \/>\n<meta property=\"og:description\" content=\"Szyszka modrzewia - detale przyrody w kadrach makro. Chwila zachwytu nad \u015bwiatem, kt\u00f3ry trudno dostrzec. Fotografia artystyczna do wystroju wn\u0119trz.\" \/>\n<meta property=\"og:url\" content=\"https:\/\/marzenawalczak.com\/fr\/produkt\/szyszka-modrzewia\/\" \/>\n<meta property=\"og:site_name\" content=\"Marzena Walczak Photography\" \/>\n<meta property=\"article:modified_time\" content=\"2023-10-03T13:40:20+00:00\" \/>\n<meta property=\"og:image\" content=\"https:\/\/marzenawalczak.com\/wp-content\/uploads\/2022\/01\/szyszka.jpg\" \/>\n\t<meta property=\"og:image:width\" content=\"2000\" \/>\n\t<meta property=\"og:image:height\" content=\"1325\" \/>\n\t<meta property=\"og:image:type\" content=\"image\/jpeg\" \/>\n<meta name=\"twitter:card\" content=\"summary_large_image\" \/>\n<meta name=\"twitter:label1\" content=\"Dur\u00e9e de lecture estim\u00e9e\" \/>\n\t<meta name=\"twitter:data1\" content=\"1 minute\" \/>\n<script type=\"application\/ld+json\" class=\"yoast-schema-graph\">{\"@context\":\"https:\\\/\\\/schema.org\",\"@graph\":[{\"@type\":\"WebPage\",\"@id\":\"https:\\\/\\\/marzenawalczak.com\\\/produkt\\\/szyszka-modrzewia\\\/\",\"url\":\"https:\\\/\\\/marzenawalczak.com\\\/produkt\\\/szyszka-modrzewia\\\/\",\"name\":\"szyszunia\",\"isPartOf\":{\"@id\":\"https:\\\/\\\/marzenawalczak.com\\\/#website\"},\"primaryImageOfPage\":{\"@id\":\"https:\\\/\\\/marzenawalczak.com\\\/produkt\\\/szyszka-modrzewia\\\/#primaryimage\"},\"image\":{\"@id\":\"https:\\\/\\\/marzenawalczak.com\\\/produkt\\\/szyszka-modrzewia\\\/#primaryimage\"},\"thumbnailUrl\":\"https:\\\/\\\/marzenawalczak.com\\\/wp-content\\\/uploads\\\/2022\\\/01\\\/szyszka.jpg\",\"datePublished\":\"2022-01-24T16:23:54+00:00\",\"dateModified\":\"2023-10-03T13:40:20+00:00\",\"description\":\"Szyszka modrzewia - detale przyrody w kadrach makro. Chwila zachwytu nad \u015bwiatem, kt\u00f3ry trudno dostrzec. Fotografia artystyczna do wystroju wn\u0119trz.\",\"breadcrumb\":{\"@id\":\"https:\\\/\\\/marzenawalczak.com\\\/produkt\\\/szyszka-modrzewia\\\/#breadcrumb\"},\"inLanguage\":\"fr-FR\",\"potentialAction\":[{\"@type\":\"ReadAction\",\"target\":[\"https:\\\/\\\/marzenawalczak.com\\\/produkt\\\/szyszka-modrzewia\\\/\"]}]},{\"@type\":\"ImageObject\",\"inLanguage\":\"fr-FR\",\"@id\":\"https:\\\/\\\/marzenawalczak.com\\\/produkt\\\/szyszka-modrzewia\\\/#primaryimage\",\"url\":\"https:\\\/\\\/marzenawalczak.com\\\/wp-content\\\/uploads\\\/2022\\\/01\\\/szyszka.jpg\",\"contentUrl\":\"https:\\\/\\\/marzenawalczak.com\\\/wp-content\\\/uploads\\\/2022\\\/01\\\/szyszka.jpg\",\"width\":2000,\"height\":1325,\"caption\":\"Szyszka modrzewia - sympatyczne wspomnienie lata.\"},{\"@type\":\"BreadcrumbList\",\"@id\":\"https:\\\/\\\/marzenawalczak.com\\\/produkt\\\/szyszka-modrzewia\\\/#breadcrumb\",\"itemListElement\":[{\"@type\":\"ListItem\",\"position\":1,\"name\":\"Strona g\u0142\u00f3wna\",\"item\":\"https:\\\/\\\/marzenawalczak.com\\\/en\\\/\"},{\"@type\":\"ListItem\",\"position\":2,\"name\":\"Portfolio\",\"item\":\"https:\\\/\\\/marzenawalczak.com\\\/portfolio-przyroda-w-skali-makro\\\/\"},{\"@type\":\"ListItem\",\"position\":3,\"name\":\"szyszunia\"}]},{\"@type\":\"WebSite\",\"@id\":\"https:\\\/\\\/marzenawalczak.com\\\/#website\",\"url\":\"https:\\\/\\\/marzenawalczak.com\\\/\",\"name\":\"Marzena Walczak Photography\",\"description\":\"Galeria artystyczna\",\"publisher\":{\"@id\":\"https:\\\/\\\/marzenawalczak.com\\\/#organization\"},\"potentialAction\":[{\"@type\":\"SearchAction\",\"target\":{\"@type\":\"EntryPoint\",\"urlTemplate\":\"https:\\\/\\\/marzenawalczak.com\\\/?s={search_term_string}\"},\"query-input\":{\"@type\":\"PropertyValueSpecification\",\"valueRequired\":true,\"valueName\":\"search_term_string\"}}],\"inLanguage\":\"fr-FR\"},{\"@type\":\"Organization\",\"@id\":\"https:\\\/\\\/marzenawalczak.com\\\/#organization\",\"name\":\"Marzena Walczak photography\",\"url\":\"https:\\\/\\\/marzenawalczak.com\\\/\",\"logo\":{\"@type\":\"ImageObject\",\"inLanguage\":\"fr-FR\",\"@id\":\"https:\\\/\\\/marzenawalczak.com\\\/#\\\/schema\\\/logo\\\/image\\\/\",\"url\":\"https:\\\/\\\/marzenawalczak.com\\\/wp-content\\\/uploads\\\/2022\\\/07\\\/DSC_0210.jpg\",\"contentUrl\":\"https:\\\/\\\/marzenawalczak.com\\\/wp-content\\\/uploads\\\/2022\\\/07\\\/DSC_0210.jpg\",\"width\":1800,\"height\":1207,\"caption\":\"Marzena Walczak photography\"},\"image\":{\"@id\":\"https:\\\/\\\/marzenawalczak.com\\\/#\\\/schema\\\/logo\\\/image\\\/\"},\"sameAs\":[\"https:\\\/\\\/www.instagram.com\\\/marzenawalczak_com\\\/\"]}]}<\/script>\n<!-- \/ Yoast SEO plugin. -->","yoast_head_json":{"title":"szyszunia","description":"Szyszka modrzewia - detale przyrody w kadrach makro. Chwila zachwytu nad \u015bwiatem, kt\u00f3ry trudno dostrzec. Fotografia artystyczna do wystroju wn\u0119trz.","robots":{"index":"index","follow":"follow","max-snippet":"max-snippet:-1","max-image-preview":"max-image-preview:large","max-video-preview":"max-video-preview:-1"},"canonical":"https:\/\/marzenawalczak.com\/fr\/produkt\/szyszka-modrzewia\/","og_locale":"fr_FR","og_type":"article","og_title":"[:pl]szyszunia[:en]letnia czerwie\u0144 3[:] &#8211; Marzena Walczak Photography","og_description":"Szyszka modrzewia - detale przyrody w kadrach makro. Chwila zachwytu nad \u015bwiatem, kt\u00f3ry trudno dostrzec. Fotografia artystyczna do wystroju wn\u0119trz.","og_url":"https:\/\/marzenawalczak.com\/fr\/produkt\/szyszka-modrzewia\/","og_site_name":"Marzena Walczak Photography","article_modified_time":"2023-10-03T13:40:20+00:00","og_image":[{"width":2000,"height":1325,"url":"https:\/\/marzenawalczak.com\/wp-content\/uploads\/2022\/01\/szyszka.jpg","type":"image\/jpeg"}],"twitter_card":"summary_large_image","twitter_misc":{"Dur\u00e9e de lecture estim\u00e9e":"1 minute"},"schema":{"@context":"https:\/\/schema.org","@graph":[{"@type":"WebPage","@id":"https:\/\/marzenawalczak.com\/produkt\/szyszka-modrzewia\/","url":"https:\/\/marzenawalczak.com\/produkt\/szyszka-modrzewia\/","name":"szyszunia","isPartOf":{"@id":"https:\/\/marzenawalczak.com\/#website"},"primaryImageOfPage":{"@id":"https:\/\/marzenawalczak.com\/produkt\/szyszka-modrzewia\/#primaryimage"},"image":{"@id":"https:\/\/marzenawalczak.com\/produkt\/szyszka-modrzewia\/#primaryimage"},"thumbnailUrl":"https:\/\/marzenawalczak.com\/wp-content\/uploads\/2022\/01\/szyszka.jpg","datePublished":"2022-01-24T16:23:54+00:00","dateModified":"2023-10-03T13:40:20+00:00","description":"Szyszka modrzewia - detale przyrody w kadrach makro. Chwila zachwytu nad \u015bwiatem, kt\u00f3ry trudno dostrzec. Fotografia artystyczna do wystroju wn\u0119trz.","breadcrumb":{"@id":"https:\/\/marzenawalczak.com\/produkt\/szyszka-modrzewia\/#breadcrumb"},"inLanguage":"fr-FR","potentialAction":[{"@type":"ReadAction","target":["https:\/\/marzenawalczak.com\/produkt\/szyszka-modrzewia\/"]}]},{"@type":"ImageObject","inLanguage":"fr-FR","@id":"https:\/\/marzenawalczak.com\/produkt\/szyszka-modrzewia\/#primaryimage","url":"https:\/\/marzenawalczak.com\/wp-content\/uploads\/2022\/01\/szyszka.jpg","contentUrl":"https:\/\/marzenawalczak.com\/wp-content\/uploads\/2022\/01\/szyszka.jpg","width":2000,"height":1325,"caption":"Szyszka modrzewia - sympatyczne wspomnienie lata."},{"@type":"BreadcrumbList","@id":"https:\/\/marzenawalczak.com\/produkt\/szyszka-modrzewia\/#breadcrumb","itemListElement":[{"@type":"ListItem","position":1,"name":"Strona g\u0142\u00f3wna","item":"https:\/\/marzenawalczak.com\/en\/"},{"@type":"ListItem","position":2,"name":"Portfolio","item":"https:\/\/marzenawalczak.com\/portfolio-przyroda-w-skali-makro\/"},{"@type":"ListItem","position":3,"name":"szyszunia"}]},{"@type":"WebSite","@id":"https:\/\/marzenawalczak.com\/#website","url":"https:\/\/marzenawalczak.com\/","name":"Marzena Walczak Photography","description":"Galeria artystyczna","publisher":{"@id":"https:\/\/marzenawalczak.com\/#organization"},"potentialAction":[{"@type":"SearchAction","target":{"@type":"EntryPoint","urlTemplate":"https:\/\/marzenawalczak.com\/?s={search_term_string}"},"query-input":{"@type":"PropertyValueSpecification","valueRequired":true,"valueName":"search_term_string"}}],"inLanguage":"fr-FR"},{"@type":"Organization","@id":"https:\/\/marzenawalczak.com\/#organization","name":"Marzena Walczak photography","url":"https:\/\/marzenawalczak.com\/","logo":{"@type":"ImageObject","inLanguage":"fr-FR","@id":"https:\/\/marzenawalczak.com\/#\/schema\/logo\/image\/","url":"https:\/\/marzenawalczak.com\/wp-content\/uploads\/2022\/07\/DSC_0210.jpg","contentUrl":"https:\/\/marzenawalczak.com\/wp-content\/uploads\/2022\/07\/DSC_0210.jpg","width":1800,"height":1207,"caption":"Marzena Walczak photography"},"image":{"@id":"https:\/\/marzenawalczak.com\/#\/schema\/logo\/image\/"},"sameAs":["https:\/\/www.instagram.com\/marzenawalczak_com\/"]}]}},"_links":{"self":[{"href":"https:\/\/marzenawalczak.com\/fr\/wp-json\/wp\/v2\/product\/450","targetHints":{"allow":["GET"]}}],"collection":[{"href":"https:\/\/marzenawalczak.com\/fr\/wp-json\/wp\/v2\/product"}],"about":[{"href":"https:\/\/marzenawalczak.com\/fr\/wp-json\/wp\/v2\/types\/product"}],"wp:featuredmedia":[{"embeddable":true,"href":"https:\/\/marzenawalczak.com\/fr\/wp-json\/wp\/v2\/media\/843"}],"wp:attachment":[{"href":"https:\/\/marzenawalczak.com\/fr\/wp-json\/wp\/v2\/media?parent=450"}],"wp:term":[{"taxonomy":"product_brand","embeddable":true,"href":"https:\/\/marzenawalczak.com\/fr\/wp-json\/wp\/v2\/product_brand?post=450"},{"taxonomy":"product_cat","embeddable":true,"href":"https:\/\/marzenawalczak.com\/fr\/wp-json\/wp\/v2\/product_cat?post=450"},{"taxonomy":"product_tag","embeddable":true,"href":"https:\/\/marzenawalczak.com\/fr\/wp-json\/wp\/v2\/product_tag?post=450"}],"curies":[{"name":"wp","href":"https:\/\/api.w.org\/{rel}","templated":true}]}}

<p>Szyszka modrzewia &#8211; maleńki, <a href="https://marzenawalczak.com/produkt/miniaturowe-kwiatuszki-w-szafirowej-glebi/"><em><strong>uroczy detal</strong></em></a> budzi miłe wspomnienia.</p>
<p>« Chwila jest piękna, lecz jeszcze piękniejsze jest wspomnienie o niej » (Horst Wolfram)</p>

<!-- This site is optimized with the Yoast SEO plugin v27.5 - https://yoast.com/product/yoast-seo-wordpress/ -->
<title>szyszunia</title>
<meta name="description" content="Szyszka modrzewia - detale przyrody w kadrach makro. Chwila zachwytu nad światem, który trudno dostrzec. Fotografia artystyczna do wystroju wnętrz." />
<meta name="robots" content="index, follow, max-snippet:-1, max-image-preview:large, max-video-preview:-1" />
<link rel="canonical" href="https://marzenawalczak.com/fr/produkt/szyszka-modrzewia/" />
<meta property="og:locale" content="fr_FR" />
<meta property="og:locale:alternate" content="pl_PL" />
<meta property="og:locale:alternate" content="en_US" />
<meta property="og:type" content="article" />
<meta property="og:title" content="szyszunia" />
<meta property="og:description" content="Szyszka modrzewia - detale przyrody w kadrach makro. Chwila zachwytu nad światem, który trudno dostrzec. Fotografia artystyczna do wystroju wnętrz." />
<meta property="og:url" content="https://marzenawalczak.com/fr/produkt/szyszka-modrzewia/" />
<meta property="og:site_name" content="Marzena Walczak Photography" />
<meta property="article:modified_time" content="2023-10-03T13:40:20+00:00" />
<meta property="og:image" content="https://marzenawalczak.com/wp-content/uploads/2022/01/szyszka.jpg" />
	<meta property="og:image:width" content="2000" />
	<meta property="og:image:height" content="1325" />
	<meta property="og:image:type" content="image/jpeg" />
<meta name="twitter:card" content="summary_large_image" />
<meta name="twitter:label1" content="Durée de lecture estimée" />
	<meta name="twitter:data1" content="1 minute" />
<script type="application/ld+json" class="yoast-schema-graph">{"@context":"https:\/\/schema.org","@graph":[{"@type":"WebPage","@id":"https:\/\/marzenawalczak.com\/produkt\/szyszka-modrzewia\/","url":"https:\/\/marzenawalczak.com\/produkt\/szyszka-modrzewia\/","name":"szyszunia","isPartOf":{"@id":"https:\/\/marzenawalczak.com\/#website"},"primaryImageOfPage":{"@id":"https:\/\/marzenawalczak.com\/produkt\/szyszka-modrzewia\/#primaryimage"},"image":{"@id":"https:\/\/marzenawalczak.com\/produkt\/szyszka-modrzewia\/#primaryimage"},"thumbnailUrl":"https:\/\/marzenawalczak.com\/wp-content\/uploads\/2022\/01\/szyszka.jpg","datePublished":"2022-01-24T16:23:54+00:00","dateModified":"2023-10-03T13:40:20+00:00","description":"Szyszka modrzewia - detale przyrody w kadrach makro. Chwila zachwytu nad światem, który trudno dostrzec. Fotografia artystyczna do wystroju wnętrz.","breadcrumb":{"@id":"https:\/\/marzenawalczak.com\/produkt\/szyszka-modrzewia\/#breadcrumb"},"inLanguage":"fr-FR","potentialAction":[{"@type":"ReadAction","target":["https:\/\/marzenawalczak.com\/produkt\/szyszka-modrzewia\/"]}]},{"@type":"ImageObject","inLanguage":"fr-FR","@id":"https:\/\/marzenawalczak.com\/produkt\/szyszka-modrzewia\/#primaryimage","url":"https:\/\/marzenawalczak.com\/wp-content\/uploads\/2022\/01\/szyszka.jpg","contentUrl":"https:\/\/marzenawalczak.com\/wp-content\/uploads\/2022\/01\/szyszka.jpg","width":2000,"height":1325,"caption":"Szyszka modrzewia - sympatyczne wspomnienie lata."},{"@type":"BreadcrumbList","@id":"https:\/\/marzenawalczak.com\/produkt\/szyszka-modrzewia\/#breadcrumb","itemListElement":[{"@type":"ListItem","position":1,"name":"Strona główna","item":"https:\/\/marzenawalczak.com\/en\/"},{"@type":"ListItem","position":2,"name":"Portfolio","item":"https:\/\/marzenawalczak.com\/portfolio-przyroda-w-skali-makro\/"},{"@type":"ListItem","position":3,"name":"szyszunia"}]},{"@type":"WebSite","@id":"https:\/\/marzenawalczak.com\/#website","url":"https:\/\/marzenawalczak.com\/","name":"Marzena Walczak Photography","description":"Galeria artystyczna","publisher":{"@id":"https:\/\/marzenawalczak.com\/#organization"},"potentialAction":[{"@type":"SearchAction","target":{"@type":"EntryPoint","urlTemplate":"https:\/\/marzenawalczak.com\/?s={search_term_string}"},"query-input":{"@type":"PropertyValueSpecification","valueRequired":true,"valueName":"search_term_string"}}],"inLanguage":"fr-FR"},{"@type":"Organization","@id":"https:\/\/marzenawalczak.com\/#organization","name":"Marzena Walczak photography","url":"https:\/\/marzenawalczak.com\/","logo":{"@type":"ImageObject","inLanguage":"fr-FR","@id":"https:\/\/marzenawalczak.com\/#\/schema\/logo\/image\/","url":"https:\/\/marzenawalczak.com\/wp-content\/uploads\/2022\/07\/DSC_0210.jpg","contentUrl":"https:\/\/marzenawalczak.com\/wp-content\/uploads\/2022\/07\/DSC_0210.jpg","width":1800,"height":1207,"caption":"Marzena Walczak photography"},"image":{"@id":"https:\/\/marzenawalczak.com\/#\/schema\/logo\/image\/"},"sameAs":["https:\/\/www.instagram.com\/marzenawalczak_com\/"]}]}</script>
<!-- / Yoast SEO plugin. -->

Szyszka modrzewia - detale przyrody w kadrach makro. Chwila zachwytu nad światem, który trudno dostrzec. Fotografia artystyczna do wystroju wnętrz.

[:pl]szyszunia[:en]letnia czerwień 3[:] &#8211; Marzena Walczak Photography

Strona główna
