{"id":456,"date":"2022-01-26T16:27:42","date_gmt":"2022-01-26T15:27:42","guid":{"rendered":"https:\/\/marzenawalczak.com\/?post_type=product&#038;p=456"},"modified":"2023-10-03T14:33:24","modified_gmt":"2023-10-03T13:33:24","slug":"fotografia-artystyczna-wrzos","status":"publish","type":"product","link":"https:\/\/marzenawalczak.com\/fr\/produkt\/fotografia-artystyczna-wrzos\/","title":{"rendered":"wrzos"},"content":{"rendered":"<p>Fotografia artystyczna &#8211; wrzos, zwiastun nadchodz\u0105cej <em><strong><a href=\"https:\/\/marzenawalczak.com\/produkt\/jesienne-astry\/\">jesieni<\/a><\/strong><\/em>.<\/p>\n<p>\u201eA przecie przypomnia\u0142a mi kwiat! Wie pani, jaki? Wrzos! Znam takie wrzosowiska w kwiecie. [..] Ona ma taki wdzi\u0119k nie\u015bwietny, niepozorny. Cieniutka, skromniutka, bez blask\u00f3w, barw, form okaza\u0142ych, taka ga\u0142\u0105zka koralowa, osypana drobniutkim kwieciem, \u0142agodnej barwy, a kszta\u0142t\u00f3w nadzwyczaj \u015blicznych, gdy si\u0119 im przyjrze\u0107 uwa\u017cnie! I nie zwi\u0119dnie to, i nie osypie si\u0119.\u201d &#8211; Maria Rodziewicz\u00f3wna \u201eWrzos\u201d<\/p>\n<p>&nbsp;<\/p>\n","protected":false},"excerpt":{"rendered":"<p>filigranowa maestria<\/p>\n<p>subtelna estetyka<\/p>\n","protected":false},"featured_media":839,"template":"","meta":{"_acf_changed":false},"product_brand":[],"product_cat":[16],"product_tag":[150,92,93,156,64,161,121,81,198],"class_list":{"0":"post-456","1":"product","2":"type-product","3":"status-publish","4":"has-post-thumbnail","6":"product_cat-bez-kategorii","7":"product_tag-delikatnosc","8":"product_tag-fiolet","9":"product_tag-fioletowy","10":"product_tag-gift","11":"product_tag-jesien","12":"product_tag-na-sciane","13":"product_tag-prezent","14":"product_tag-przyroda","15":"product_tag-wrzos","16":"product_shipping_class-polska","18":"first","19":"onbackorder","20":"shipping-taxable","21":"purchasable","22":"product-type-variable"},"acf":[],"yoast_head":"<!-- This site is optimized with the Yoast SEO plugin v27.5 - https:\/\/yoast.com\/product\/yoast-seo-wordpress\/ -->\n<title>wrzos<\/title>\n<meta name=\"description\" content=\"Fotografia artystyczna - wrzos - detale przyrody w kadrach makro. To chwila zachwytu nad \u015bwiatem kt\u00f3ry, trudno dostrzec. Zdj\u0119cia do wystroju wn\u0119trz.\" \/>\n<meta name=\"robots\" content=\"index, follow, max-snippet:-1, max-image-preview:large, max-video-preview:-1\" \/>\n<link rel=\"canonical\" href=\"https:\/\/marzenawalczak.com\/fr\/produkt\/fotografia-artystyczna-wrzos\/\" \/>\n<meta property=\"og:locale\" content=\"fr_FR\" \/>\n<meta property=\"og:locale:alternate\" content=\"pl_PL\" \/>\n<meta property=\"og:locale:alternate\" content=\"en_US\" \/>\n<meta property=\"og:type\" content=\"article\" \/>\n<meta property=\"og:title\" content=\"wrzos\" \/>\n<meta property=\"og:description\" content=\"Fotografia artystyczna - wrzos - detale przyrody w kadrach makro. To chwila zachwytu nad \u015bwiatem kt\u00f3ry, trudno dostrzec. Zdj\u0119cia do wystroju wn\u0119trz.\" \/>\n<meta property=\"og:url\" content=\"https:\/\/marzenawalczak.com\/fr\/produkt\/fotografia-artystyczna-wrzos\/\" \/>\n<meta property=\"og:site_name\" content=\"Marzena Walczak Photography\" \/>\n<meta property=\"article:modified_time\" content=\"2023-10-03T13:33:24+00:00\" \/>\n<meta property=\"og:image\" content=\"https:\/\/marzenawalczak.com\/wp-content\/uploads\/2022\/01\/wrzos.jpg\" \/>\n\t<meta property=\"og:image:width\" content=\"1325\" \/>\n\t<meta property=\"og:image:height\" content=\"2000\" \/>\n\t<meta property=\"og:image:type\" content=\"image\/jpeg\" \/>\n<meta name=\"twitter:card\" content=\"summary_large_image\" \/>\n<meta name=\"twitter:label1\" content=\"Dur\u00e9e de lecture estim\u00e9e\" \/>\n\t<meta name=\"twitter:data1\" content=\"1 minute\" \/>\n<script type=\"application\/ld+json\" class=\"yoast-schema-graph\">{\"@context\":\"https:\\\/\\\/schema.org\",\"@graph\":[{\"@type\":\"WebPage\",\"@id\":\"https:\\\/\\\/marzenawalczak.com\\\/produkt\\\/fotografia-artystyczna-wrzos\\\/\",\"url\":\"https:\\\/\\\/marzenawalczak.com\\\/produkt\\\/fotografia-artystyczna-wrzos\\\/\",\"name\":\"wrzos\",\"isPartOf\":{\"@id\":\"https:\\\/\\\/marzenawalczak.com\\\/#website\"},\"primaryImageOfPage\":{\"@id\":\"https:\\\/\\\/marzenawalczak.com\\\/produkt\\\/fotografia-artystyczna-wrzos\\\/#primaryimage\"},\"image\":{\"@id\":\"https:\\\/\\\/marzenawalczak.com\\\/produkt\\\/fotografia-artystyczna-wrzos\\\/#primaryimage\"},\"thumbnailUrl\":\"https:\\\/\\\/marzenawalczak.com\\\/wp-content\\\/uploads\\\/2022\\\/01\\\/wrzos.jpg\",\"datePublished\":\"2022-01-26T15:27:42+00:00\",\"dateModified\":\"2023-10-03T13:33:24+00:00\",\"description\":\"Fotografia artystyczna - wrzos - detale przyrody w kadrach makro. To chwila zachwytu nad \u015bwiatem kt\u00f3ry, trudno dostrzec. Zdj\u0119cia do wystroju wn\u0119trz.\",\"breadcrumb\":{\"@id\":\"https:\\\/\\\/marzenawalczak.com\\\/produkt\\\/fotografia-artystyczna-wrzos\\\/#breadcrumb\"},\"inLanguage\":\"fr-FR\",\"potentialAction\":[{\"@type\":\"ReadAction\",\"target\":[\"https:\\\/\\\/marzenawalczak.com\\\/produkt\\\/fotografia-artystyczna-wrzos\\\/\"]}]},{\"@type\":\"ImageObject\",\"inLanguage\":\"fr-FR\",\"@id\":\"https:\\\/\\\/marzenawalczak.com\\\/produkt\\\/fotografia-artystyczna-wrzos\\\/#primaryimage\",\"url\":\"https:\\\/\\\/marzenawalczak.com\\\/wp-content\\\/uploads\\\/2022\\\/01\\\/wrzos.jpg\",\"contentUrl\":\"https:\\\/\\\/marzenawalczak.com\\\/wp-content\\\/uploads\\\/2022\\\/01\\\/wrzos.jpg\",\"width\":1325,\"height\":2000,\"caption\":\"Fotografia artystyczna - wrzos, zwiastun nadchodz\u0105cej jesieni.\"},{\"@type\":\"BreadcrumbList\",\"@id\":\"https:\\\/\\\/marzenawalczak.com\\\/produkt\\\/fotografia-artystyczna-wrzos\\\/#breadcrumb\",\"itemListElement\":[{\"@type\":\"ListItem\",\"position\":1,\"name\":\"Strona g\u0142\u00f3wna\",\"item\":\"https:\\\/\\\/marzenawalczak.com\\\/en\\\/\"},{\"@type\":\"ListItem\",\"position\":2,\"name\":\"Portfolio\",\"item\":\"https:\\\/\\\/marzenawalczak.com\\\/portfolio-przyroda-w-skali-makro\\\/\"},{\"@type\":\"ListItem\",\"position\":3,\"name\":\"wrzos\"}]},{\"@type\":\"WebSite\",\"@id\":\"https:\\\/\\\/marzenawalczak.com\\\/#website\",\"url\":\"https:\\\/\\\/marzenawalczak.com\\\/\",\"name\":\"Marzena Walczak Photography\",\"description\":\"Galeria artystyczna\",\"publisher\":{\"@id\":\"https:\\\/\\\/marzenawalczak.com\\\/#organization\"},\"potentialAction\":[{\"@type\":\"SearchAction\",\"target\":{\"@type\":\"EntryPoint\",\"urlTemplate\":\"https:\\\/\\\/marzenawalczak.com\\\/?s={search_term_string}\"},\"query-input\":{\"@type\":\"PropertyValueSpecification\",\"valueRequired\":true,\"valueName\":\"search_term_string\"}}],\"inLanguage\":\"fr-FR\"},{\"@type\":\"Organization\",\"@id\":\"https:\\\/\\\/marzenawalczak.com\\\/#organization\",\"name\":\"Marzena Walczak photography\",\"url\":\"https:\\\/\\\/marzenawalczak.com\\\/\",\"logo\":{\"@type\":\"ImageObject\",\"inLanguage\":\"fr-FR\",\"@id\":\"https:\\\/\\\/marzenawalczak.com\\\/#\\\/schema\\\/logo\\\/image\\\/\",\"url\":\"https:\\\/\\\/marzenawalczak.com\\\/wp-content\\\/uploads\\\/2022\\\/07\\\/DSC_0210.jpg\",\"contentUrl\":\"https:\\\/\\\/marzenawalczak.com\\\/wp-content\\\/uploads\\\/2022\\\/07\\\/DSC_0210.jpg\",\"width\":1800,\"height\":1207,\"caption\":\"Marzena Walczak photography\"},\"image\":{\"@id\":\"https:\\\/\\\/marzenawalczak.com\\\/#\\\/schema\\\/logo\\\/image\\\/\"},\"sameAs\":[\"https:\\\/\\\/www.instagram.com\\\/marzenawalczak_com\\\/\"]}]}<\/script>\n<!-- \/ Yoast SEO plugin. -->","yoast_head_json":{"title":"wrzos","description":"Fotografia artystyczna - wrzos - detale przyrody w kadrach makro. To chwila zachwytu nad \u015bwiatem kt\u00f3ry, trudno dostrzec. Zdj\u0119cia do wystroju wn\u0119trz.","robots":{"index":"index","follow":"follow","max-snippet":"max-snippet:-1","max-image-preview":"max-image-preview:large","max-video-preview":"max-video-preview:-1"},"canonical":"https:\/\/marzenawalczak.com\/fr\/produkt\/fotografia-artystyczna-wrzos\/","og_locale":"fr_FR","og_type":"article","og_title":"[:pl]wrzos[:en]letnia czerwie\u0144 3[:] &#8211; Marzena Walczak Photography","og_description":"Fotografia artystyczna - wrzos - detale przyrody w kadrach makro. To chwila zachwytu nad \u015bwiatem kt\u00f3ry, trudno dostrzec. Zdj\u0119cia do wystroju wn\u0119trz.","og_url":"https:\/\/marzenawalczak.com\/fr\/produkt\/fotografia-artystyczna-wrzos\/","og_site_name":"Marzena Walczak Photography","article_modified_time":"2023-10-03T13:33:24+00:00","og_image":[{"width":1325,"height":2000,"url":"https:\/\/marzenawalczak.com\/wp-content\/uploads\/2022\/01\/wrzos.jpg","type":"image\/jpeg"}],"twitter_card":"summary_large_image","twitter_misc":{"Dur\u00e9e de lecture estim\u00e9e":"1 minute"},"schema":{"@context":"https:\/\/schema.org","@graph":[{"@type":"WebPage","@id":"https:\/\/marzenawalczak.com\/produkt\/fotografia-artystyczna-wrzos\/","url":"https:\/\/marzenawalczak.com\/produkt\/fotografia-artystyczna-wrzos\/","name":"wrzos","isPartOf":{"@id":"https:\/\/marzenawalczak.com\/#website"},"primaryImageOfPage":{"@id":"https:\/\/marzenawalczak.com\/produkt\/fotografia-artystyczna-wrzos\/#primaryimage"},"image":{"@id":"https:\/\/marzenawalczak.com\/produkt\/fotografia-artystyczna-wrzos\/#primaryimage"},"thumbnailUrl":"https:\/\/marzenawalczak.com\/wp-content\/uploads\/2022\/01\/wrzos.jpg","datePublished":"2022-01-26T15:27:42+00:00","dateModified":"2023-10-03T13:33:24+00:00","description":"Fotografia artystyczna - wrzos - detale przyrody w kadrach makro. To chwila zachwytu nad \u015bwiatem kt\u00f3ry, trudno dostrzec. Zdj\u0119cia do wystroju wn\u0119trz.","breadcrumb":{"@id":"https:\/\/marzenawalczak.com\/produkt\/fotografia-artystyczna-wrzos\/#breadcrumb"},"inLanguage":"fr-FR","potentialAction":[{"@type":"ReadAction","target":["https:\/\/marzenawalczak.com\/produkt\/fotografia-artystyczna-wrzos\/"]}]},{"@type":"ImageObject","inLanguage":"fr-FR","@id":"https:\/\/marzenawalczak.com\/produkt\/fotografia-artystyczna-wrzos\/#primaryimage","url":"https:\/\/marzenawalczak.com\/wp-content\/uploads\/2022\/01\/wrzos.jpg","contentUrl":"https:\/\/marzenawalczak.com\/wp-content\/uploads\/2022\/01\/wrzos.jpg","width":1325,"height":2000,"caption":"Fotografia artystyczna - wrzos, zwiastun nadchodz\u0105cej jesieni."},{"@type":"BreadcrumbList","@id":"https:\/\/marzenawalczak.com\/produkt\/fotografia-artystyczna-wrzos\/#breadcrumb","itemListElement":[{"@type":"ListItem","position":1,"name":"Strona g\u0142\u00f3wna","item":"https:\/\/marzenawalczak.com\/en\/"},{"@type":"ListItem","position":2,"name":"Portfolio","item":"https:\/\/marzenawalczak.com\/portfolio-przyroda-w-skali-makro\/"},{"@type":"ListItem","position":3,"name":"wrzos"}]},{"@type":"WebSite","@id":"https:\/\/marzenawalczak.com\/#website","url":"https:\/\/marzenawalczak.com\/","name":"Marzena Walczak Photography","description":"Galeria artystyczna","publisher":{"@id":"https:\/\/marzenawalczak.com\/#organization"},"potentialAction":[{"@type":"SearchAction","target":{"@type":"EntryPoint","urlTemplate":"https:\/\/marzenawalczak.com\/?s={search_term_string}"},"query-input":{"@type":"PropertyValueSpecification","valueRequired":true,"valueName":"search_term_string"}}],"inLanguage":"fr-FR"},{"@type":"Organization","@id":"https:\/\/marzenawalczak.com\/#organization","name":"Marzena Walczak photography","url":"https:\/\/marzenawalczak.com\/","logo":{"@type":"ImageObject","inLanguage":"fr-FR","@id":"https:\/\/marzenawalczak.com\/#\/schema\/logo\/image\/","url":"https:\/\/marzenawalczak.com\/wp-content\/uploads\/2022\/07\/DSC_0210.jpg","contentUrl":"https:\/\/marzenawalczak.com\/wp-content\/uploads\/2022\/07\/DSC_0210.jpg","width":1800,"height":1207,"caption":"Marzena Walczak photography"},"image":{"@id":"https:\/\/marzenawalczak.com\/#\/schema\/logo\/image\/"},"sameAs":["https:\/\/www.instagram.com\/marzenawalczak_com\/"]}]}},"_links":{"self":[{"href":"https:\/\/marzenawalczak.com\/fr\/wp-json\/wp\/v2\/product\/456","targetHints":{"allow":["GET"]}}],"collection":[{"href":"https:\/\/marzenawalczak.com\/fr\/wp-json\/wp\/v2\/product"}],"about":[{"href":"https:\/\/marzenawalczak.com\/fr\/wp-json\/wp\/v2\/types\/product"}],"wp:featuredmedia":[{"embeddable":true,"href":"https:\/\/marzenawalczak.com\/fr\/wp-json\/wp\/v2\/media\/839"}],"wp:attachment":[{"href":"https:\/\/marzenawalczak.com\/fr\/wp-json\/wp\/v2\/media?parent=456"}],"wp:term":[{"taxonomy":"product_brand","embeddable":true,"href":"https:\/\/marzenawalczak.com\/fr\/wp-json\/wp\/v2\/product_brand?post=456"},{"taxonomy":"product_cat","embeddable":true,"href":"https:\/\/marzenawalczak.com\/fr\/wp-json\/wp\/v2\/product_cat?post=456"},{"taxonomy":"product_tag","embeddable":true,"href":"https:\/\/marzenawalczak.com\/fr\/wp-json\/wp\/v2\/product_tag?post=456"}],"curies":[{"name":"wp","href":"https:\/\/api.w.org\/{rel}","templated":true}]}}

<p>Fotografia artystyczna &#8211; wrzos, zwiastun nadchodzącej <em><strong><a href="https://marzenawalczak.com/produkt/jesienne-astry/">jesieni</a></strong></em>.</p>
<p>„A przecie przypomniała mi kwiat! Wie pani, jaki? Wrzos! Znam takie wrzosowiska w kwiecie. [..] Ona ma taki wdzięk nieświetny, niepozorny. Cieniutka, skromniutka, bez blasków, barw, form okazałych, taka gałązka koralowa, osypana drobniutkim kwieciem, łagodnej barwy, a kształtów nadzwyczaj ślicznych, gdy się im przyjrzeć uważnie! I nie zwiędnie to, i nie osypie się.” &#8211; Maria Rodziewiczówna „Wrzos”</p>
<p>&nbsp;</p>

<!-- This site is optimized with the Yoast SEO plugin v27.5 - https://yoast.com/product/yoast-seo-wordpress/ -->
<title>wrzos</title>
<meta name="description" content="Fotografia artystyczna - wrzos - detale przyrody w kadrach makro. To chwila zachwytu nad światem który, trudno dostrzec. Zdjęcia do wystroju wnętrz." />
<meta name="robots" content="index, follow, max-snippet:-1, max-image-preview:large, max-video-preview:-1" />
<link rel="canonical" href="https://marzenawalczak.com/fr/produkt/fotografia-artystyczna-wrzos/" />
<meta property="og:locale" content="fr_FR" />
<meta property="og:locale:alternate" content="pl_PL" />
<meta property="og:locale:alternate" content="en_US" />
<meta property="og:type" content="article" />
<meta property="og:title" content="wrzos" />
<meta property="og:description" content="Fotografia artystyczna - wrzos - detale przyrody w kadrach makro. To chwila zachwytu nad światem który, trudno dostrzec. Zdjęcia do wystroju wnętrz." />
<meta property="og:url" content="https://marzenawalczak.com/fr/produkt/fotografia-artystyczna-wrzos/" />
<meta property="og:site_name" content="Marzena Walczak Photography" />
<meta property="article:modified_time" content="2023-10-03T13:33:24+00:00" />
<meta property="og:image" content="https://marzenawalczak.com/wp-content/uploads/2022/01/wrzos.jpg" />
	<meta property="og:image:width" content="1325" />
	<meta property="og:image:height" content="2000" />
	<meta property="og:image:type" content="image/jpeg" />
<meta name="twitter:card" content="summary_large_image" />
<meta name="twitter:label1" content="Durée de lecture estimée" />
	<meta name="twitter:data1" content="1 minute" />
<script type="application/ld+json" class="yoast-schema-graph">{"@context":"https:\/\/schema.org","@graph":[{"@type":"WebPage","@id":"https:\/\/marzenawalczak.com\/produkt\/fotografia-artystyczna-wrzos\/","url":"https:\/\/marzenawalczak.com\/produkt\/fotografia-artystyczna-wrzos\/","name":"wrzos","isPartOf":{"@id":"https:\/\/marzenawalczak.com\/#website"},"primaryImageOfPage":{"@id":"https:\/\/marzenawalczak.com\/produkt\/fotografia-artystyczna-wrzos\/#primaryimage"},"image":{"@id":"https:\/\/marzenawalczak.com\/produkt\/fotografia-artystyczna-wrzos\/#primaryimage"},"thumbnailUrl":"https:\/\/marzenawalczak.com\/wp-content\/uploads\/2022\/01\/wrzos.jpg","datePublished":"2022-01-26T15:27:42+00:00","dateModified":"2023-10-03T13:33:24+00:00","description":"Fotografia artystyczna - wrzos - detale przyrody w kadrach makro. To chwila zachwytu nad światem który, trudno dostrzec. Zdjęcia do wystroju wnętrz.","breadcrumb":{"@id":"https:\/\/marzenawalczak.com\/produkt\/fotografia-artystyczna-wrzos\/#breadcrumb"},"inLanguage":"fr-FR","potentialAction":[{"@type":"ReadAction","target":["https:\/\/marzenawalczak.com\/produkt\/fotografia-artystyczna-wrzos\/"]}]},{"@type":"ImageObject","inLanguage":"fr-FR","@id":"https:\/\/marzenawalczak.com\/produkt\/fotografia-artystyczna-wrzos\/#primaryimage","url":"https:\/\/marzenawalczak.com\/wp-content\/uploads\/2022\/01\/wrzos.jpg","contentUrl":"https:\/\/marzenawalczak.com\/wp-content\/uploads\/2022\/01\/wrzos.jpg","width":1325,"height":2000,"caption":"Fotografia artystyczna - wrzos, zwiastun nadchodzącej jesieni."},{"@type":"BreadcrumbList","@id":"https:\/\/marzenawalczak.com\/produkt\/fotografia-artystyczna-wrzos\/#breadcrumb","itemListElement":[{"@type":"ListItem","position":1,"name":"Strona główna","item":"https:\/\/marzenawalczak.com\/en\/"},{"@type":"ListItem","position":2,"name":"Portfolio","item":"https:\/\/marzenawalczak.com\/portfolio-przyroda-w-skali-makro\/"},{"@type":"ListItem","position":3,"name":"wrzos"}]},{"@type":"WebSite","@id":"https:\/\/marzenawalczak.com\/#website","url":"https:\/\/marzenawalczak.com\/","name":"Marzena Walczak Photography","description":"Galeria artystyczna","publisher":{"@id":"https:\/\/marzenawalczak.com\/#organization"},"potentialAction":[{"@type":"SearchAction","target":{"@type":"EntryPoint","urlTemplate":"https:\/\/marzenawalczak.com\/?s={search_term_string}"},"query-input":{"@type":"PropertyValueSpecification","valueRequired":true,"valueName":"search_term_string"}}],"inLanguage":"fr-FR"},{"@type":"Organization","@id":"https:\/\/marzenawalczak.com\/#organization","name":"Marzena Walczak photography","url":"https:\/\/marzenawalczak.com\/","logo":{"@type":"ImageObject","inLanguage":"fr-FR","@id":"https:\/\/marzenawalczak.com\/#\/schema\/logo\/image\/","url":"https:\/\/marzenawalczak.com\/wp-content\/uploads\/2022\/07\/DSC_0210.jpg","contentUrl":"https:\/\/marzenawalczak.com\/wp-content\/uploads\/2022\/07\/DSC_0210.jpg","width":1800,"height":1207,"caption":"Marzena Walczak photography"},"image":{"@id":"https:\/\/marzenawalczak.com\/#\/schema\/logo\/image\/"},"sameAs":["https:\/\/www.instagram.com\/marzenawalczak_com\/"]}]}</script>
<!-- / Yoast SEO plugin. -->

Fotografia artystyczna - wrzos - detale przyrody w kadrach makro. To chwila zachwytu nad światem który, trudno dostrzec. Zdjęcia do wystroju wnętrz.

[:pl]wrzos[:en]letnia czerwień 3[:] &#8211; Marzena Walczak Photography

Fotografia artystyczna - wrzos, zwiastun nadchodzącej jesieni.

Strona główna
