{"id":463,"date":"2022-01-26T17:04:23","date_gmt":"2022-01-26T16:04:23","guid":{"rendered":"https:\/\/marzenawalczak.com\/?post_type=product&#038;p=463"},"modified":"2023-10-03T11:26:25","modified_gmt":"2023-10-03T10:26:25","slug":"fiolek-wonny-fotografia-artystyczna","status":"publish","type":"product","link":"https:\/\/marzenawalczak.com\/fr\/produkt\/fiolek-wonny-fotografia-artystyczna\/","title":{"rendered":"fio\u0142ek wonny"},"content":{"rendered":"<p>Fio\u0142ek wonny &#8211; fotografia artystyczna.<\/p>\n<p>Pi\u0119kny <a href=\"https:\/\/marzenawalczak.com\/produkt\/zabie-oczko-fotografia-artystyczna\/\">wiosenny kwiatek<\/a> o jeszcze pi\u0119kniejszym aromacie, a\u017c chce si\u0119 \u015bpiewa\u0107. Mo\u017cna te\u017c pos\u0142ucha\u0107\u00a0 &#8211; pie\u015b\u0144 \u00ab\u00a0Polskie Kwiaty\u00a0\u00bb <em>Barbary Ponichter<\/em>. Poszukajcie<\/p>\n<p>\u00ab\u00a0&#8230;Bo najpi\u0119kniejsze<br \/>\nS\u0105 polskie kwiaty<br \/>\nStokrotki, fio\u0142ki<br \/>\nKacze\u0144ce i maki<br \/>\nPod polskim niebem<br \/>\nW szczerym polu wyros\u0142y<br \/>\nOjczyste kwiaty<br \/>\nW ich urodzie, zapachu jest Polska&#8230;\u00a0\u00bb<\/p>\n","protected":false},"excerpt":{"rendered":"<p>upojny aromat wiosny<\/p>\n","protected":false},"featured_media":838,"template":"","meta":{"_acf_changed":false},"product_brand":[],"product_cat":[16],"product_tag":[76,150,196,92,93,156,129,83,161,116,149,121,81,66,78,57,197],"class_list":{"0":"post-463","1":"product","2":"type-product","3":"status-publish","4":"has-post-thumbnail","6":"product_cat-bez-kategorii","7":"product_tag-barwny","8":"product_tag-delikatnosc","9":"product_tag-fiolek","10":"product_tag-fiolet","11":"product_tag-fioletowy","12":"product_tag-gift","13":"product_tag-kwiatek","14":"product_tag-makro","15":"product_tag-na-sciane","16":"product_tag-natura","17":"product_tag-oryginalny-prezent","18":"product_tag-prezent","19":"product_tag-przyroda","20":"product_tag-slonce","21":"product_tag-wiosenne-kwiaty","22":"product_tag-wiosna","23":"product_tag-wonny","24":"product_shipping_class-polska","26":"first","27":"onbackorder","28":"shipping-taxable","29":"purchasable","30":"product-type-variable"},"acf":[],"yoast_head":"<!-- This site is optimized with the Yoast SEO plugin v27.5 - https:\/\/yoast.com\/product\/yoast-seo-wordpress\/ -->\n<title>fio\u0142ek wonny<\/title>\n<meta name=\"description\" content=\"Fio\u0142ek wonny - fotografia artystyczna - autorska galeria fotografii. Detale przyrody w kadrach makro. Zdj\u0119cia do wystroju wn\u0119trz.\" \/>\n<meta name=\"robots\" content=\"index, follow, max-snippet:-1, max-image-preview:large, max-video-preview:-1\" \/>\n<link rel=\"canonical\" href=\"https:\/\/marzenawalczak.com\/fr\/produkt\/fiolek-wonny-fotografia-artystyczna\/\" \/>\n<meta property=\"og:locale\" content=\"fr_FR\" \/>\n<meta property=\"og:locale:alternate\" content=\"pl_PL\" \/>\n<meta property=\"og:locale:alternate\" content=\"en_US\" \/>\n<meta property=\"og:type\" content=\"article\" \/>\n<meta property=\"og:title\" content=\"fio\u0142ek wonny\" \/>\n<meta property=\"og:description\" content=\"Fio\u0142ek wonny - fotografia artystyczna - autorska galeria fotografii. Detale przyrody w kadrach makro. Zdj\u0119cia do wystroju wn\u0119trz.\" \/>\n<meta property=\"og:url\" content=\"https:\/\/marzenawalczak.com\/fr\/produkt\/fiolek-wonny-fotografia-artystyczna\/\" \/>\n<meta property=\"og:site_name\" content=\"Marzena Walczak Photography\" \/>\n<meta property=\"article:modified_time\" content=\"2023-10-03T10:26:25+00:00\" \/>\n<meta property=\"og:image\" content=\"https:\/\/marzenawalczak.com\/wp-content\/uploads\/2022\/01\/fiolek-wonny.jpg\" \/>\n\t<meta property=\"og:image:width\" content=\"2000\" \/>\n\t<meta property=\"og:image:height\" content=\"1325\" \/>\n\t<meta property=\"og:image:type\" content=\"image\/jpeg\" \/>\n<meta name=\"twitter:card\" content=\"summary_large_image\" \/>\n<meta name=\"twitter:label1\" content=\"Dur\u00e9e de lecture estim\u00e9e\" \/>\n\t<meta name=\"twitter:data1\" content=\"1 minute\" \/>\n<script type=\"application\/ld+json\" class=\"yoast-schema-graph\">{\"@context\":\"https:\\\/\\\/schema.org\",\"@graph\":[{\"@type\":\"WebPage\",\"@id\":\"https:\\\/\\\/marzenawalczak.com\\\/produkt\\\/fiolek-wonny-fotografia-artystyczna\\\/\",\"url\":\"https:\\\/\\\/marzenawalczak.com\\\/produkt\\\/fiolek-wonny-fotografia-artystyczna\\\/\",\"name\":\"fio\u0142ek wonny\",\"isPartOf\":{\"@id\":\"https:\\\/\\\/marzenawalczak.com\\\/#website\"},\"primaryImageOfPage\":{\"@id\":\"https:\\\/\\\/marzenawalczak.com\\\/produkt\\\/fiolek-wonny-fotografia-artystyczna\\\/#primaryimage\"},\"image\":{\"@id\":\"https:\\\/\\\/marzenawalczak.com\\\/produkt\\\/fiolek-wonny-fotografia-artystyczna\\\/#primaryimage\"},\"thumbnailUrl\":\"https:\\\/\\\/marzenawalczak.com\\\/wp-content\\\/uploads\\\/2022\\\/01\\\/fiolek-wonny.jpg\",\"datePublished\":\"2022-01-26T16:04:23+00:00\",\"dateModified\":\"2023-10-03T10:26:25+00:00\",\"description\":\"Fio\u0142ek wonny - fotografia artystyczna - autorska galeria fotografii. Detale przyrody w kadrach makro. Zdj\u0119cia do wystroju wn\u0119trz.\",\"breadcrumb\":{\"@id\":\"https:\\\/\\\/marzenawalczak.com\\\/produkt\\\/fiolek-wonny-fotografia-artystyczna\\\/#breadcrumb\"},\"inLanguage\":\"fr-FR\",\"potentialAction\":[{\"@type\":\"ReadAction\",\"target\":[\"https:\\\/\\\/marzenawalczak.com\\\/produkt\\\/fiolek-wonny-fotografia-artystyczna\\\/\"]}]},{\"@type\":\"ImageObject\",\"inLanguage\":\"fr-FR\",\"@id\":\"https:\\\/\\\/marzenawalczak.com\\\/produkt\\\/fiolek-wonny-fotografia-artystyczna\\\/#primaryimage\",\"url\":\"https:\\\/\\\/marzenawalczak.com\\\/wp-content\\\/uploads\\\/2022\\\/01\\\/fiolek-wonny.jpg\",\"contentUrl\":\"https:\\\/\\\/marzenawalczak.com\\\/wp-content\\\/uploads\\\/2022\\\/01\\\/fiolek-wonny.jpg\",\"width\":2000,\"height\":1325,\"caption\":\"Fio\u0142ek wonny - fotografia artystyczna - Fioletowe kwiatki w \u015bwietle zachodz\u0105cego s\u0142o\u0144ca.\"},{\"@type\":\"BreadcrumbList\",\"@id\":\"https:\\\/\\\/marzenawalczak.com\\\/produkt\\\/fiolek-wonny-fotografia-artystyczna\\\/#breadcrumb\",\"itemListElement\":[{\"@type\":\"ListItem\",\"position\":1,\"name\":\"Strona g\u0142\u00f3wna\",\"item\":\"https:\\\/\\\/marzenawalczak.com\\\/en\\\/\"},{\"@type\":\"ListItem\",\"position\":2,\"name\":\"Portfolio\",\"item\":\"https:\\\/\\\/marzenawalczak.com\\\/portfolio-przyroda-w-skali-makro\\\/\"},{\"@type\":\"ListItem\",\"position\":3,\"name\":\"fio\u0142ek wonny\"}]},{\"@type\":\"WebSite\",\"@id\":\"https:\\\/\\\/marzenawalczak.com\\\/#website\",\"url\":\"https:\\\/\\\/marzenawalczak.com\\\/\",\"name\":\"Marzena Walczak Photography\",\"description\":\"Galeria artystyczna\",\"publisher\":{\"@id\":\"https:\\\/\\\/marzenawalczak.com\\\/#organization\"},\"potentialAction\":[{\"@type\":\"SearchAction\",\"target\":{\"@type\":\"EntryPoint\",\"urlTemplate\":\"https:\\\/\\\/marzenawalczak.com\\\/?s={search_term_string}\"},\"query-input\":{\"@type\":\"PropertyValueSpecification\",\"valueRequired\":true,\"valueName\":\"search_term_string\"}}],\"inLanguage\":\"fr-FR\"},{\"@type\":\"Organization\",\"@id\":\"https:\\\/\\\/marzenawalczak.com\\\/#organization\",\"name\":\"Marzena Walczak photography\",\"url\":\"https:\\\/\\\/marzenawalczak.com\\\/\",\"logo\":{\"@type\":\"ImageObject\",\"inLanguage\":\"fr-FR\",\"@id\":\"https:\\\/\\\/marzenawalczak.com\\\/#\\\/schema\\\/logo\\\/image\\\/\",\"url\":\"https:\\\/\\\/marzenawalczak.com\\\/wp-content\\\/uploads\\\/2022\\\/07\\\/DSC_0210.jpg\",\"contentUrl\":\"https:\\\/\\\/marzenawalczak.com\\\/wp-content\\\/uploads\\\/2022\\\/07\\\/DSC_0210.jpg\",\"width\":1800,\"height\":1207,\"caption\":\"Marzena Walczak photography\"},\"image\":{\"@id\":\"https:\\\/\\\/marzenawalczak.com\\\/#\\\/schema\\\/logo\\\/image\\\/\"},\"sameAs\":[\"https:\\\/\\\/www.instagram.com\\\/marzenawalczak_com\\\/\"]}]}<\/script>\n<!-- \/ Yoast SEO plugin. -->","yoast_head_json":{"title":"fio\u0142ek wonny","description":"Fio\u0142ek wonny - fotografia artystyczna - autorska galeria fotografii. Detale przyrody w kadrach makro. Zdj\u0119cia do wystroju wn\u0119trz.","robots":{"index":"index","follow":"follow","max-snippet":"max-snippet:-1","max-image-preview":"max-image-preview:large","max-video-preview":"max-video-preview:-1"},"canonical":"https:\/\/marzenawalczak.com\/fr\/produkt\/fiolek-wonny-fotografia-artystyczna\/","og_locale":"fr_FR","og_type":"article","og_title":"[:pl]fio\u0142ek wonny[:en]letnia czerwie\u0144 3[:] &#8211; Marzena Walczak Photography","og_description":"Fio\u0142ek wonny - fotografia artystyczna - autorska galeria fotografii. Detale przyrody w kadrach makro. Zdj\u0119cia do wystroju wn\u0119trz.","og_url":"https:\/\/marzenawalczak.com\/fr\/produkt\/fiolek-wonny-fotografia-artystyczna\/","og_site_name":"Marzena Walczak Photography","article_modified_time":"2023-10-03T10:26:25+00:00","og_image":[{"width":2000,"height":1325,"url":"https:\/\/marzenawalczak.com\/wp-content\/uploads\/2022\/01\/fiolek-wonny.jpg","type":"image\/jpeg"}],"twitter_card":"summary_large_image","twitter_misc":{"Dur\u00e9e de lecture estim\u00e9e":"1 minute"},"schema":{"@context":"https:\/\/schema.org","@graph":[{"@type":"WebPage","@id":"https:\/\/marzenawalczak.com\/produkt\/fiolek-wonny-fotografia-artystyczna\/","url":"https:\/\/marzenawalczak.com\/produkt\/fiolek-wonny-fotografia-artystyczna\/","name":"fio\u0142ek wonny","isPartOf":{"@id":"https:\/\/marzenawalczak.com\/#website"},"primaryImageOfPage":{"@id":"https:\/\/marzenawalczak.com\/produkt\/fiolek-wonny-fotografia-artystyczna\/#primaryimage"},"image":{"@id":"https:\/\/marzenawalczak.com\/produkt\/fiolek-wonny-fotografia-artystyczna\/#primaryimage"},"thumbnailUrl":"https:\/\/marzenawalczak.com\/wp-content\/uploads\/2022\/01\/fiolek-wonny.jpg","datePublished":"2022-01-26T16:04:23+00:00","dateModified":"2023-10-03T10:26:25+00:00","description":"Fio\u0142ek wonny - fotografia artystyczna - autorska galeria fotografii. Detale przyrody w kadrach makro. Zdj\u0119cia do wystroju wn\u0119trz.","breadcrumb":{"@id":"https:\/\/marzenawalczak.com\/produkt\/fiolek-wonny-fotografia-artystyczna\/#breadcrumb"},"inLanguage":"fr-FR","potentialAction":[{"@type":"ReadAction","target":["https:\/\/marzenawalczak.com\/produkt\/fiolek-wonny-fotografia-artystyczna\/"]}]},{"@type":"ImageObject","inLanguage":"fr-FR","@id":"https:\/\/marzenawalczak.com\/produkt\/fiolek-wonny-fotografia-artystyczna\/#primaryimage","url":"https:\/\/marzenawalczak.com\/wp-content\/uploads\/2022\/01\/fiolek-wonny.jpg","contentUrl":"https:\/\/marzenawalczak.com\/wp-content\/uploads\/2022\/01\/fiolek-wonny.jpg","width":2000,"height":1325,"caption":"Fio\u0142ek wonny - fotografia artystyczna - Fioletowe kwiatki w \u015bwietle zachodz\u0105cego s\u0142o\u0144ca."},{"@type":"BreadcrumbList","@id":"https:\/\/marzenawalczak.com\/produkt\/fiolek-wonny-fotografia-artystyczna\/#breadcrumb","itemListElement":[{"@type":"ListItem","position":1,"name":"Strona g\u0142\u00f3wna","item":"https:\/\/marzenawalczak.com\/en\/"},{"@type":"ListItem","position":2,"name":"Portfolio","item":"https:\/\/marzenawalczak.com\/portfolio-przyroda-w-skali-makro\/"},{"@type":"ListItem","position":3,"name":"fio\u0142ek wonny"}]},{"@type":"WebSite","@id":"https:\/\/marzenawalczak.com\/#website","url":"https:\/\/marzenawalczak.com\/","name":"Marzena Walczak Photography","description":"Galeria artystyczna","publisher":{"@id":"https:\/\/marzenawalczak.com\/#organization"},"potentialAction":[{"@type":"SearchAction","target":{"@type":"EntryPoint","urlTemplate":"https:\/\/marzenawalczak.com\/?s={search_term_string}"},"query-input":{"@type":"PropertyValueSpecification","valueRequired":true,"valueName":"search_term_string"}}],"inLanguage":"fr-FR"},{"@type":"Organization","@id":"https:\/\/marzenawalczak.com\/#organization","name":"Marzena Walczak photography","url":"https:\/\/marzenawalczak.com\/","logo":{"@type":"ImageObject","inLanguage":"fr-FR","@id":"https:\/\/marzenawalczak.com\/#\/schema\/logo\/image\/","url":"https:\/\/marzenawalczak.com\/wp-content\/uploads\/2022\/07\/DSC_0210.jpg","contentUrl":"https:\/\/marzenawalczak.com\/wp-content\/uploads\/2022\/07\/DSC_0210.jpg","width":1800,"height":1207,"caption":"Marzena Walczak photography"},"image":{"@id":"https:\/\/marzenawalczak.com\/#\/schema\/logo\/image\/"},"sameAs":["https:\/\/www.instagram.com\/marzenawalczak_com\/"]}]}},"_links":{"self":[{"href":"https:\/\/marzenawalczak.com\/fr\/wp-json\/wp\/v2\/product\/463","targetHints":{"allow":["GET"]}}],"collection":[{"href":"https:\/\/marzenawalczak.com\/fr\/wp-json\/wp\/v2\/product"}],"about":[{"href":"https:\/\/marzenawalczak.com\/fr\/wp-json\/wp\/v2\/types\/product"}],"wp:featuredmedia":[{"embeddable":true,"href":"https:\/\/marzenawalczak.com\/fr\/wp-json\/wp\/v2\/media\/838"}],"wp:attachment":[{"href":"https:\/\/marzenawalczak.com\/fr\/wp-json\/wp\/v2\/media?parent=463"}],"wp:term":[{"taxonomy":"product_brand","embeddable":true,"href":"https:\/\/marzenawalczak.com\/fr\/wp-json\/wp\/v2\/product_brand?post=463"},{"taxonomy":"product_cat","embeddable":true,"href":"https:\/\/marzenawalczak.com\/fr\/wp-json\/wp\/v2\/product_cat?post=463"},{"taxonomy":"product_tag","embeddable":true,"href":"https:\/\/marzenawalczak.com\/fr\/wp-json\/wp\/v2\/product_tag?post=463"}],"curies":[{"name":"wp","href":"https:\/\/api.w.org\/{rel}","templated":true}]}}

fiołek wonny

<p>Fiołek wonny &#8211; fotografia artystyczna.</p>
<p>Piękny <a href="https://marzenawalczak.com/produkt/zabie-oczko-fotografia-artystyczna/">wiosenny kwiatek</a> o jeszcze piękniejszym aromacie, aż chce się śpiewać. Można też posłuchać  &#8211; pieśń « Polskie Kwiaty » <em>Barbary Ponichter</em>. Poszukajcie</p>
<p>« &#8230;Bo najpiękniejsze<br />
Są polskie kwiaty<br />
Stokrotki, fiołki<br />
Kaczeńce i maki<br />
Pod polskim niebem<br />
W szczerym polu wyrosły<br />
Ojczyste kwiaty<br />
W ich urodzie, zapachu jest Polska&#8230; »</p>

<!-- This site is optimized with the Yoast SEO plugin v27.5 - https://yoast.com/product/yoast-seo-wordpress/ -->
<title>fiołek wonny</title>
<meta name="description" content="Fiołek wonny - fotografia artystyczna - autorska galeria fotografii. Detale przyrody w kadrach makro. Zdjęcia do wystroju wnętrz." />
<meta name="robots" content="index, follow, max-snippet:-1, max-image-preview:large, max-video-preview:-1" />
<link rel="canonical" href="https://marzenawalczak.com/fr/produkt/fiolek-wonny-fotografia-artystyczna/" />
<meta property="og:locale" content="fr_FR" />
<meta property="og:locale:alternate" content="pl_PL" />
<meta property="og:locale:alternate" content="en_US" />
<meta property="og:type" content="article" />
<meta property="og:title" content="fiołek wonny" />
<meta property="og:description" content="Fiołek wonny - fotografia artystyczna - autorska galeria fotografii. Detale przyrody w kadrach makro. Zdjęcia do wystroju wnętrz." />
<meta property="og:url" content="https://marzenawalczak.com/fr/produkt/fiolek-wonny-fotografia-artystyczna/" />
<meta property="og:site_name" content="Marzena Walczak Photography" />
<meta property="article:modified_time" content="2023-10-03T10:26:25+00:00" />
<meta property="og:image" content="https://marzenawalczak.com/wp-content/uploads/2022/01/fiolek-wonny.jpg" />
	<meta property="og:image:width" content="2000" />
	<meta property="og:image:height" content="1325" />
	<meta property="og:image:type" content="image/jpeg" />
<meta name="twitter:card" content="summary_large_image" />
<meta name="twitter:label1" content="Durée de lecture estimée" />
	<meta name="twitter:data1" content="1 minute" />
<script type="application/ld+json" class="yoast-schema-graph">{"@context":"https:\/\/schema.org","@graph":[{"@type":"WebPage","@id":"https:\/\/marzenawalczak.com\/produkt\/fiolek-wonny-fotografia-artystyczna\/","url":"https:\/\/marzenawalczak.com\/produkt\/fiolek-wonny-fotografia-artystyczna\/","name":"fiołek wonny","isPartOf":{"@id":"https:\/\/marzenawalczak.com\/#website"},"primaryImageOfPage":{"@id":"https:\/\/marzenawalczak.com\/produkt\/fiolek-wonny-fotografia-artystyczna\/#primaryimage"},"image":{"@id":"https:\/\/marzenawalczak.com\/produkt\/fiolek-wonny-fotografia-artystyczna\/#primaryimage"},"thumbnailUrl":"https:\/\/marzenawalczak.com\/wp-content\/uploads\/2022\/01\/fiolek-wonny.jpg","datePublished":"2022-01-26T16:04:23+00:00","dateModified":"2023-10-03T10:26:25+00:00","description":"Fiołek wonny - fotografia artystyczna - autorska galeria fotografii. Detale przyrody w kadrach makro. Zdjęcia do wystroju wnętrz.","breadcrumb":{"@id":"https:\/\/marzenawalczak.com\/produkt\/fiolek-wonny-fotografia-artystyczna\/#breadcrumb"},"inLanguage":"fr-FR","potentialAction":[{"@type":"ReadAction","target":["https:\/\/marzenawalczak.com\/produkt\/fiolek-wonny-fotografia-artystyczna\/"]}]},{"@type":"ImageObject","inLanguage":"fr-FR","@id":"https:\/\/marzenawalczak.com\/produkt\/fiolek-wonny-fotografia-artystyczna\/#primaryimage","url":"https:\/\/marzenawalczak.com\/wp-content\/uploads\/2022\/01\/fiolek-wonny.jpg","contentUrl":"https:\/\/marzenawalczak.com\/wp-content\/uploads\/2022\/01\/fiolek-wonny.jpg","width":2000,"height":1325,"caption":"Fiołek wonny - fotografia artystyczna - Fioletowe kwiatki w świetle zachodzącego słońca."},{"@type":"BreadcrumbList","@id":"https:\/\/marzenawalczak.com\/produkt\/fiolek-wonny-fotografia-artystyczna\/#breadcrumb","itemListElement":[{"@type":"ListItem","position":1,"name":"Strona główna","item":"https:\/\/marzenawalczak.com\/en\/"},{"@type":"ListItem","position":2,"name":"Portfolio","item":"https:\/\/marzenawalczak.com\/portfolio-przyroda-w-skali-makro\/"},{"@type":"ListItem","position":3,"name":"fiołek wonny"}]},{"@type":"WebSite","@id":"https:\/\/marzenawalczak.com\/#website","url":"https:\/\/marzenawalczak.com\/","name":"Marzena Walczak Photography","description":"Galeria artystyczna","publisher":{"@id":"https:\/\/marzenawalczak.com\/#organization"},"potentialAction":[{"@type":"SearchAction","target":{"@type":"EntryPoint","urlTemplate":"https:\/\/marzenawalczak.com\/?s={search_term_string}"},"query-input":{"@type":"PropertyValueSpecification","valueRequired":true,"valueName":"search_term_string"}}],"inLanguage":"fr-FR"},{"@type":"Organization","@id":"https:\/\/marzenawalczak.com\/#organization","name":"Marzena Walczak photography","url":"https:\/\/marzenawalczak.com\/","logo":{"@type":"ImageObject","inLanguage":"fr-FR","@id":"https:\/\/marzenawalczak.com\/#\/schema\/logo\/image\/","url":"https:\/\/marzenawalczak.com\/wp-content\/uploads\/2022\/07\/DSC_0210.jpg","contentUrl":"https:\/\/marzenawalczak.com\/wp-content\/uploads\/2022\/07\/DSC_0210.jpg","width":1800,"height":1207,"caption":"Marzena Walczak photography"},"image":{"@id":"https:\/\/marzenawalczak.com\/#\/schema\/logo\/image\/"},"sameAs":["https:\/\/www.instagram.com\/marzenawalczak_com\/"]}]}</script>
<!-- / Yoast SEO plugin. -->

Fiołek wonny - fotografia artystyczna - autorska galeria fotografii. Detale przyrody w kadrach makro. Zdjęcia do wystroju wnętrz.

[:pl]fiołek wonny[:en]letnia czerwień 3[:] &#8211; Marzena Walczak Photography

Fiołek wonny - fotografia artystyczna - Fioletowe kwiatki w świetle zachodzącego słońca.

Strona główna
