{"id":484,"date":"2022-02-01T11:14:20","date_gmt":"2022-02-01T10:14:20","guid":{"rendered":"https:\/\/marzenawalczak.com\/?post_type=product&#038;p=484"},"modified":"2023-10-03T10:04:03","modified_gmt":"2023-10-03T09:04:03","slug":"listki-fotografia-artystyczna","status":"publish","type":"product","link":"https:\/\/marzenawalczak.com\/fr\/produkt\/listki-fotografia-artystyczna\/","title":{"rendered":"\u015bwiat\u0142o i cie\u0144"},"content":{"rendered":"<p>Listki,\u00a0 <a href=\"https:\/\/marzenawalczak.com\/produkt\/chlodny-poranek-egzotycznej-roslinki\/\"><em><strong>filigranowe<\/strong><\/em><\/a> i soczy\u015bcie zielone , kt\u00f3re s\u0142oneczny promie\u0144 odszuka\u0142 gdzie\u015b w tropikalnym g\u0105szczu.<\/p>\n","protected":false},"excerpt":{"rendered":"<p>Listki,\u00a0 filigranowe i soczy\u015bcie zielone , kt\u00f3re s\u0142oneczny promie\u0144 odszuka\u0142 gdzie\u015b w tropikalnym g\u0105szczu.<\/p>\n","protected":false},"featured_media":833,"template":"","meta":{"_acf_changed":false},"product_brand":[],"product_cat":[16],"product_tag":[156,83,121,125,81,67,88,68,194],"class_list":{"0":"post-484","1":"product","2":"type-product","3":"status-publish","4":"has-post-thumbnail","6":"product_cat-bez-kategorii","7":"product_tag-gift","8":"product_tag-makro","9":"product_tag-prezent","10":"product_tag-promien","11":"product_tag-przyroda","12":"product_tag-sloneczny","13":"product_tag-swiatlo-i-cien","14":"product_tag-swietllisty","15":"product_tag-zielen","16":"product_shipping_class-polska","18":"first","19":"onbackorder","20":"shipping-taxable","21":"purchasable","22":"product-type-variable"},"acf":[],"yoast_head":"<!-- This site is optimized with the Yoast SEO plugin v27.5 - https:\/\/yoast.com\/product\/yoast-seo-wordpress\/ -->\n<title>\u015bwiat\u0142o i cie\u0144<\/title>\n<meta name=\"description\" content=\"Listki - filigranowe - detale przyrody w kadrach makro. Chwila zachwytu nad \u015bwiatem, kt\u00f3ry trudno dostrzec. Fotografie do wystroju wn\u0119trz.\" \/>\n<meta name=\"robots\" content=\"index, follow, max-snippet:-1, max-image-preview:large, max-video-preview:-1\" \/>\n<link rel=\"canonical\" href=\"https:\/\/marzenawalczak.com\/fr\/produkt\/listki-fotografia-artystyczna\/\" \/>\n<meta property=\"og:locale\" content=\"fr_FR\" \/>\n<meta property=\"og:locale:alternate\" content=\"pl_PL\" \/>\n<meta property=\"og:locale:alternate\" content=\"en_US\" \/>\n<meta property=\"og:type\" content=\"article\" \/>\n<meta property=\"og:title\" content=\"\u015bwiat\u0142o i cie\u0144\" \/>\n<meta property=\"og:description\" content=\"Male\u0144kie soczy\u015bcie zielone listki - detale przyrody w kadrach makro. Chwila zachwytu nad \u015bwiatem, kt\u00f3ry trudno dostrzec. Zdj\u0119cia do wystroju wn\u0119trz.\" \/>\n<meta property=\"og:url\" content=\"https:\/\/marzenawalczak.com\/fr\/produkt\/listki-fotografia-artystyczna\/\" \/>\n<meta property=\"og:site_name\" content=\"Marzena Walczak Photography\" \/>\n<meta property=\"article:modified_time\" content=\"2023-10-03T09:04:03+00:00\" \/>\n<meta property=\"og:image\" content=\"https:\/\/marzenawalczak.com\/wp-content\/uploads\/2022\/02\/zielonosc.jpg\" \/>\n\t<meta property=\"og:image:width\" content=\"1800\" \/>\n\t<meta property=\"og:image:height\" content=\"1192\" \/>\n\t<meta property=\"og:image:type\" content=\"image\/jpeg\" \/>\n<meta name=\"twitter:card\" content=\"summary_large_image\" \/>\n<meta name=\"twitter:label1\" content=\"Dur\u00e9e de lecture estim\u00e9e\" \/>\n\t<meta name=\"twitter:data1\" content=\"1 minute\" \/>\n<script type=\"application\/ld+json\" class=\"yoast-schema-graph\">{\"@context\":\"https:\\\/\\\/schema.org\",\"@graph\":[{\"@type\":\"WebPage\",\"@id\":\"https:\\\/\\\/marzenawalczak.com\\\/produkt\\\/listki-fotografia-artystyczna\\\/\",\"url\":\"https:\\\/\\\/marzenawalczak.com\\\/produkt\\\/listki-fotografia-artystyczna\\\/\",\"name\":\"\u015bwiat\u0142o i cie\u0144\",\"isPartOf\":{\"@id\":\"https:\\\/\\\/marzenawalczak.com\\\/#website\"},\"primaryImageOfPage\":{\"@id\":\"https:\\\/\\\/marzenawalczak.com\\\/produkt\\\/listki-fotografia-artystyczna\\\/#primaryimage\"},\"image\":{\"@id\":\"https:\\\/\\\/marzenawalczak.com\\\/produkt\\\/listki-fotografia-artystyczna\\\/#primaryimage\"},\"thumbnailUrl\":\"https:\\\/\\\/marzenawalczak.com\\\/wp-content\\\/uploads\\\/2022\\\/02\\\/zielonosc.jpg\",\"datePublished\":\"2022-02-01T10:14:20+00:00\",\"dateModified\":\"2023-10-03T09:04:03+00:00\",\"description\":\"Male\u0144kie soczy\u015bcie zielone listki - detale przyrody w kadrach makro. Chwila zachwytu nad \u015bwiatem, kt\u00f3ry trudno dostrzec. Zdj\u0119cia do wystroju wn\u0119trz.\",\"breadcrumb\":{\"@id\":\"https:\\\/\\\/marzenawalczak.com\\\/produkt\\\/listki-fotografia-artystyczna\\\/#breadcrumb\"},\"inLanguage\":\"fr-FR\",\"potentialAction\":[{\"@type\":\"ReadAction\",\"target\":[\"https:\\\/\\\/marzenawalczak.com\\\/produkt\\\/listki-fotografia-artystyczna\\\/\"]}]},{\"@type\":\"ImageObject\",\"inLanguage\":\"fr-FR\",\"@id\":\"https:\\\/\\\/marzenawalczak.com\\\/produkt\\\/listki-fotografia-artystyczna\\\/#primaryimage\",\"url\":\"https:\\\/\\\/marzenawalczak.com\\\/wp-content\\\/uploads\\\/2022\\\/02\\\/zielonosc.jpg\",\"contentUrl\":\"https:\\\/\\\/marzenawalczak.com\\\/wp-content\\\/uploads\\\/2022\\\/02\\\/zielonosc.jpg\",\"width\":1800,\"height\":1192,\"caption\":\"Listki, male\u0144kie i soczy\u015bcie zielone, roz\u015bwietlone promieniami s\u0142o\u0144ca.\"},{\"@type\":\"BreadcrumbList\",\"@id\":\"https:\\\/\\\/marzenawalczak.com\\\/produkt\\\/listki-fotografia-artystyczna\\\/#breadcrumb\",\"itemListElement\":[{\"@type\":\"ListItem\",\"position\":1,\"name\":\"Strona g\u0142\u00f3wna\",\"item\":\"https:\\\/\\\/marzenawalczak.com\\\/en\\\/\"},{\"@type\":\"ListItem\",\"position\":2,\"name\":\"Portfolio\",\"item\":\"https:\\\/\\\/marzenawalczak.com\\\/portfolio-przyroda-w-skali-makro\\\/\"},{\"@type\":\"ListItem\",\"position\":3,\"name\":\"\u015bwiat\u0142o i cie\u0144\"}]},{\"@type\":\"WebSite\",\"@id\":\"https:\\\/\\\/marzenawalczak.com\\\/#website\",\"url\":\"https:\\\/\\\/marzenawalczak.com\\\/\",\"name\":\"Marzena Walczak Photography\",\"description\":\"Galeria artystyczna\",\"publisher\":{\"@id\":\"https:\\\/\\\/marzenawalczak.com\\\/#organization\"},\"potentialAction\":[{\"@type\":\"SearchAction\",\"target\":{\"@type\":\"EntryPoint\",\"urlTemplate\":\"https:\\\/\\\/marzenawalczak.com\\\/?s={search_term_string}\"},\"query-input\":{\"@type\":\"PropertyValueSpecification\",\"valueRequired\":true,\"valueName\":\"search_term_string\"}}],\"inLanguage\":\"fr-FR\"},{\"@type\":\"Organization\",\"@id\":\"https:\\\/\\\/marzenawalczak.com\\\/#organization\",\"name\":\"Marzena Walczak photography\",\"url\":\"https:\\\/\\\/marzenawalczak.com\\\/\",\"logo\":{\"@type\":\"ImageObject\",\"inLanguage\":\"fr-FR\",\"@id\":\"https:\\\/\\\/marzenawalczak.com\\\/#\\\/schema\\\/logo\\\/image\\\/\",\"url\":\"https:\\\/\\\/marzenawalczak.com\\\/wp-content\\\/uploads\\\/2022\\\/07\\\/DSC_0210.jpg\",\"contentUrl\":\"https:\\\/\\\/marzenawalczak.com\\\/wp-content\\\/uploads\\\/2022\\\/07\\\/DSC_0210.jpg\",\"width\":1800,\"height\":1207,\"caption\":\"Marzena Walczak photography\"},\"image\":{\"@id\":\"https:\\\/\\\/marzenawalczak.com\\\/#\\\/schema\\\/logo\\\/image\\\/\"},\"sameAs\":[\"https:\\\/\\\/www.instagram.com\\\/marzenawalczak_com\\\/\"]}]}<\/script>\n<!-- \/ Yoast SEO plugin. -->","yoast_head_json":{"title":"\u015bwiat\u0142o i cie\u0144","description":"Listki - filigranowe - detale przyrody w kadrach makro. Chwila zachwytu nad \u015bwiatem, kt\u00f3ry trudno dostrzec. Fotografie do wystroju wn\u0119trz.","robots":{"index":"index","follow":"follow","max-snippet":"max-snippet:-1","max-image-preview":"max-image-preview:large","max-video-preview":"max-video-preview:-1"},"canonical":"https:\/\/marzenawalczak.com\/fr\/produkt\/listki-fotografia-artystyczna\/","og_locale":"fr_FR","og_type":"article","og_title":"[:pl]\u015bwiat\u0142o i cie\u0144[:en]letnia czerwie\u0144 3[:] &#8211; Marzena Walczak Photography","og_description":"Male\u0144kie soczy\u015bcie zielone listki - detale przyrody w kadrach makro. Chwila zachwytu nad \u015bwiatem, kt\u00f3ry trudno dostrzec. Zdj\u0119cia do wystroju wn\u0119trz.","og_url":"https:\/\/marzenawalczak.com\/fr\/produkt\/listki-fotografia-artystyczna\/","og_site_name":"Marzena Walczak Photography","article_modified_time":"2023-10-03T09:04:03+00:00","og_image":[{"width":1800,"height":1192,"url":"https:\/\/marzenawalczak.com\/wp-content\/uploads\/2022\/02\/zielonosc.jpg","type":"image\/jpeg"}],"twitter_card":"summary_large_image","twitter_misc":{"Dur\u00e9e de lecture estim\u00e9e":"1 minute"},"schema":{"@context":"https:\/\/schema.org","@graph":[{"@type":"WebPage","@id":"https:\/\/marzenawalczak.com\/produkt\/listki-fotografia-artystyczna\/","url":"https:\/\/marzenawalczak.com\/produkt\/listki-fotografia-artystyczna\/","name":"\u015bwiat\u0142o i cie\u0144","isPartOf":{"@id":"https:\/\/marzenawalczak.com\/#website"},"primaryImageOfPage":{"@id":"https:\/\/marzenawalczak.com\/produkt\/listki-fotografia-artystyczna\/#primaryimage"},"image":{"@id":"https:\/\/marzenawalczak.com\/produkt\/listki-fotografia-artystyczna\/#primaryimage"},"thumbnailUrl":"https:\/\/marzenawalczak.com\/wp-content\/uploads\/2022\/02\/zielonosc.jpg","datePublished":"2022-02-01T10:14:20+00:00","dateModified":"2023-10-03T09:04:03+00:00","description":"Male\u0144kie soczy\u015bcie zielone listki - detale przyrody w kadrach makro. Chwila zachwytu nad \u015bwiatem, kt\u00f3ry trudno dostrzec. Zdj\u0119cia do wystroju wn\u0119trz.","breadcrumb":{"@id":"https:\/\/marzenawalczak.com\/produkt\/listki-fotografia-artystyczna\/#breadcrumb"},"inLanguage":"fr-FR","potentialAction":[{"@type":"ReadAction","target":["https:\/\/marzenawalczak.com\/produkt\/listki-fotografia-artystyczna\/"]}]},{"@type":"ImageObject","inLanguage":"fr-FR","@id":"https:\/\/marzenawalczak.com\/produkt\/listki-fotografia-artystyczna\/#primaryimage","url":"https:\/\/marzenawalczak.com\/wp-content\/uploads\/2022\/02\/zielonosc.jpg","contentUrl":"https:\/\/marzenawalczak.com\/wp-content\/uploads\/2022\/02\/zielonosc.jpg","width":1800,"height":1192,"caption":"Listki, male\u0144kie i soczy\u015bcie zielone, roz\u015bwietlone promieniami s\u0142o\u0144ca."},{"@type":"BreadcrumbList","@id":"https:\/\/marzenawalczak.com\/produkt\/listki-fotografia-artystyczna\/#breadcrumb","itemListElement":[{"@type":"ListItem","position":1,"name":"Strona g\u0142\u00f3wna","item":"https:\/\/marzenawalczak.com\/en\/"},{"@type":"ListItem","position":2,"name":"Portfolio","item":"https:\/\/marzenawalczak.com\/portfolio-przyroda-w-skali-makro\/"},{"@type":"ListItem","position":3,"name":"\u015bwiat\u0142o i cie\u0144"}]},{"@type":"WebSite","@id":"https:\/\/marzenawalczak.com\/#website","url":"https:\/\/marzenawalczak.com\/","name":"Marzena Walczak Photography","description":"Galeria artystyczna","publisher":{"@id":"https:\/\/marzenawalczak.com\/#organization"},"potentialAction":[{"@type":"SearchAction","target":{"@type":"EntryPoint","urlTemplate":"https:\/\/marzenawalczak.com\/?s={search_term_string}"},"query-input":{"@type":"PropertyValueSpecification","valueRequired":true,"valueName":"search_term_string"}}],"inLanguage":"fr-FR"},{"@type":"Organization","@id":"https:\/\/marzenawalczak.com\/#organization","name":"Marzena Walczak photography","url":"https:\/\/marzenawalczak.com\/","logo":{"@type":"ImageObject","inLanguage":"fr-FR","@id":"https:\/\/marzenawalczak.com\/#\/schema\/logo\/image\/","url":"https:\/\/marzenawalczak.com\/wp-content\/uploads\/2022\/07\/DSC_0210.jpg","contentUrl":"https:\/\/marzenawalczak.com\/wp-content\/uploads\/2022\/07\/DSC_0210.jpg","width":1800,"height":1207,"caption":"Marzena Walczak photography"},"image":{"@id":"https:\/\/marzenawalczak.com\/#\/schema\/logo\/image\/"},"sameAs":["https:\/\/www.instagram.com\/marzenawalczak_com\/"]}]}},"_links":{"self":[{"href":"https:\/\/marzenawalczak.com\/fr\/wp-json\/wp\/v2\/product\/484","targetHints":{"allow":["GET"]}}],"collection":[{"href":"https:\/\/marzenawalczak.com\/fr\/wp-json\/wp\/v2\/product"}],"about":[{"href":"https:\/\/marzenawalczak.com\/fr\/wp-json\/wp\/v2\/types\/product"}],"wp:featuredmedia":[{"embeddable":true,"href":"https:\/\/marzenawalczak.com\/fr\/wp-json\/wp\/v2\/media\/833"}],"wp:attachment":[{"href":"https:\/\/marzenawalczak.com\/fr\/wp-json\/wp\/v2\/media?parent=484"}],"wp:term":[{"taxonomy":"product_brand","embeddable":true,"href":"https:\/\/marzenawalczak.com\/fr\/wp-json\/wp\/v2\/product_brand?post=484"},{"taxonomy":"product_cat","embeddable":true,"href":"https:\/\/marzenawalczak.com\/fr\/wp-json\/wp\/v2\/product_cat?post=484"},{"taxonomy":"product_tag","embeddable":true,"href":"https:\/\/marzenawalczak.com\/fr\/wp-json\/wp\/v2\/product_tag?post=484"}],"curies":[{"name":"wp","href":"https:\/\/api.w.org\/{rel}","templated":true}]}}

światło i cień

<p>Listki,  <a href="https://marzenawalczak.com/produkt/chlodny-poranek-egzotycznej-roslinki/"><em><strong>filigranowe</strong></em></a> i soczyście zielone , które słoneczny promień odszukał gdzieś w tropikalnym gąszczu.</p>

<p>Listki,  filigranowe i soczyście zielone , które słoneczny promień odszukał gdzieś w tropikalnym gąszczu.</p>

<!-- This site is optimized with the Yoast SEO plugin v27.5 - https://yoast.com/product/yoast-seo-wordpress/ -->
<title>światło i cień</title>
<meta name="description" content="Listki - filigranowe - detale przyrody w kadrach makro. Chwila zachwytu nad światem, który trudno dostrzec. Fotografie do wystroju wnętrz." />
<meta name="robots" content="index, follow, max-snippet:-1, max-image-preview:large, max-video-preview:-1" />
<link rel="canonical" href="https://marzenawalczak.com/fr/produkt/listki-fotografia-artystyczna/" />
<meta property="og:locale" content="fr_FR" />
<meta property="og:locale:alternate" content="pl_PL" />
<meta property="og:locale:alternate" content="en_US" />
<meta property="og:type" content="article" />
<meta property="og:title" content="światło i cień" />
<meta property="og:description" content="Maleńkie soczyście zielone listki - detale przyrody w kadrach makro. Chwila zachwytu nad światem, który trudno dostrzec. Zdjęcia do wystroju wnętrz." />
<meta property="og:url" content="https://marzenawalczak.com/fr/produkt/listki-fotografia-artystyczna/" />
<meta property="og:site_name" content="Marzena Walczak Photography" />
<meta property="article:modified_time" content="2023-10-03T09:04:03+00:00" />
<meta property="og:image" content="https://marzenawalczak.com/wp-content/uploads/2022/02/zielonosc.jpg" />
	<meta property="og:image:width" content="1800" />
	<meta property="og:image:height" content="1192" />
	<meta property="og:image:type" content="image/jpeg" />
<meta name="twitter:card" content="summary_large_image" />
<meta name="twitter:label1" content="Durée de lecture estimée" />
	<meta name="twitter:data1" content="1 minute" />
<script type="application/ld+json" class="yoast-schema-graph">{"@context":"https:\/\/schema.org","@graph":[{"@type":"WebPage","@id":"https:\/\/marzenawalczak.com\/produkt\/listki-fotografia-artystyczna\/","url":"https:\/\/marzenawalczak.com\/produkt\/listki-fotografia-artystyczna\/","name":"światło i cień","isPartOf":{"@id":"https:\/\/marzenawalczak.com\/#website"},"primaryImageOfPage":{"@id":"https:\/\/marzenawalczak.com\/produkt\/listki-fotografia-artystyczna\/#primaryimage"},"image":{"@id":"https:\/\/marzenawalczak.com\/produkt\/listki-fotografia-artystyczna\/#primaryimage"},"thumbnailUrl":"https:\/\/marzenawalczak.com\/wp-content\/uploads\/2022\/02\/zielonosc.jpg","datePublished":"2022-02-01T10:14:20+00:00","dateModified":"2023-10-03T09:04:03+00:00","description":"Maleńkie soczyście zielone listki - detale przyrody w kadrach makro. Chwila zachwytu nad światem, który trudno dostrzec. Zdjęcia do wystroju wnętrz.","breadcrumb":{"@id":"https:\/\/marzenawalczak.com\/produkt\/listki-fotografia-artystyczna\/#breadcrumb"},"inLanguage":"fr-FR","potentialAction":[{"@type":"ReadAction","target":["https:\/\/marzenawalczak.com\/produkt\/listki-fotografia-artystyczna\/"]}]},{"@type":"ImageObject","inLanguage":"fr-FR","@id":"https:\/\/marzenawalczak.com\/produkt\/listki-fotografia-artystyczna\/#primaryimage","url":"https:\/\/marzenawalczak.com\/wp-content\/uploads\/2022\/02\/zielonosc.jpg","contentUrl":"https:\/\/marzenawalczak.com\/wp-content\/uploads\/2022\/02\/zielonosc.jpg","width":1800,"height":1192,"caption":"Listki, maleńkie i soczyście zielone, rozświetlone promieniami słońca."},{"@type":"BreadcrumbList","@id":"https:\/\/marzenawalczak.com\/produkt\/listki-fotografia-artystyczna\/#breadcrumb","itemListElement":[{"@type":"ListItem","position":1,"name":"Strona główna","item":"https:\/\/marzenawalczak.com\/en\/"},{"@type":"ListItem","position":2,"name":"Portfolio","item":"https:\/\/marzenawalczak.com\/portfolio-przyroda-w-skali-makro\/"},{"@type":"ListItem","position":3,"name":"światło i cień"}]},{"@type":"WebSite","@id":"https:\/\/marzenawalczak.com\/#website","url":"https:\/\/marzenawalczak.com\/","name":"Marzena Walczak Photography","description":"Galeria artystyczna","publisher":{"@id":"https:\/\/marzenawalczak.com\/#organization"},"potentialAction":[{"@type":"SearchAction","target":{"@type":"EntryPoint","urlTemplate":"https:\/\/marzenawalczak.com\/?s={search_term_string}"},"query-input":{"@type":"PropertyValueSpecification","valueRequired":true,"valueName":"search_term_string"}}],"inLanguage":"fr-FR"},{"@type":"Organization","@id":"https:\/\/marzenawalczak.com\/#organization","name":"Marzena Walczak photography","url":"https:\/\/marzenawalczak.com\/","logo":{"@type":"ImageObject","inLanguage":"fr-FR","@id":"https:\/\/marzenawalczak.com\/#\/schema\/logo\/image\/","url":"https:\/\/marzenawalczak.com\/wp-content\/uploads\/2022\/07\/DSC_0210.jpg","contentUrl":"https:\/\/marzenawalczak.com\/wp-content\/uploads\/2022\/07\/DSC_0210.jpg","width":1800,"height":1207,"caption":"Marzena Walczak photography"},"image":{"@id":"https:\/\/marzenawalczak.com\/#\/schema\/logo\/image\/"},"sameAs":["https:\/\/www.instagram.com\/marzenawalczak_com\/"]}]}</script>
<!-- / Yoast SEO plugin. -->

Listki - filigranowe - detale przyrody w kadrach makro. Chwila zachwytu nad światem, który trudno dostrzec. Fotografie do wystroju wnętrz.

[:pl]światło i cień[:en]letnia czerwień 3[:] &#8211; Marzena Walczak Photography

Maleńkie soczyście zielone listki - detale przyrody w kadrach makro. Chwila zachwytu nad światem, który trudno dostrzec. Zdjęcia do wystroju wnętrz.

Listki, maleńkie i soczyście zielone, rozświetlone promieniami słońca.

Strona główna
