{"id":502,"date":"2022-02-03T12:23:17","date_gmt":"2022-02-03T11:23:17","guid":{"rendered":"https:\/\/marzenawalczak.com\/?post_type=product&#038;p=502"},"modified":"2023-10-03T09:38:17","modified_gmt":"2023-10-03T08:38:17","slug":"tulipany-fotografia-artystyczna-do-wystroju-wnetrz","status":"publish","type":"product","link":"https:\/\/marzenawalczak.com\/fr\/produkt\/tulipany-fotografia-artystyczna-do-wystroju-wnetrz\/","title":{"rendered":"tulipanowo"},"content":{"rendered":"<p>Tulipany, w kolorze soczystej maliny, niezmiennie przywodz\u0105 na my\u015bl wspomnienie najpi\u0119kniejszej pory roku, jak\u0105 jest wiosna.<\/p>\n<p>&nbsp;<\/p>\n","protected":false},"excerpt":{"rendered":"<p>Tulipany, w kolorze soczystej maliny, niezmiennie przywodz\u0105 na my\u015bl wspomnienie najpi\u0119kniejszej pory roku, jak\u0105 jest wiosna. &nbsp;<\/p>\n","protected":false},"featured_media":830,"template":"","meta":{"_acf_changed":false},"product_brand":[],"product_cat":[16],"product_tag":[49,188,187,156,69,96,83,186,116,139,134,149,121,66,67,88,184,185],"class_list":{"0":"post-502","1":"product","2":"type-product","3":"status-publish","4":"has-post-thumbnail","6":"product_cat-bez-kategorii","7":"product_tag-czerwony","8":"product_tag-do-wystroju-wnetrz","9":"product_tag-fotografia-artystyczna","10":"product_tag-gift","11":"product_tag-karminowy","12":"product_tag-kwiaty-lata","13":"product_tag-makro","14":"product_tag-malinowy","15":"product_tag-natura","16":"product_tag-ogrod-botaniczny","17":"product_tag-ogrod","18":"product_tag-oryginalny-prezent","19":"product_tag-prezent","20":"product_tag-slonce","21":"product_tag-sloneczny","22":"product_tag-swiatlo-i-cien","23":"product_tag-tulipan","24":"product_tag-tulipany","25":"product_shipping_class-polska","27":"first","28":"onbackorder","29":"shipping-taxable","30":"purchasable","31":"product-type-variable"},"acf":[],"yoast_head":"<!-- This site is optimized with the Yoast SEO plugin v27.5 - https:\/\/yoast.com\/product\/yoast-seo-wordpress\/ -->\n<title>tulipanowo<\/title>\n<meta name=\"description\" content=\"Tulipany - detale przyrody w kadrach makro. Chwila zachwytu nad \u015bwiatem, kt\u00f3ry trudno dostrzec. Fotografie natury do wystroju wn\u0119trz.\" \/>\n<meta name=\"robots\" content=\"index, follow, max-snippet:-1, max-image-preview:large, max-video-preview:-1\" \/>\n<link rel=\"canonical\" href=\"https:\/\/marzenawalczak.com\/fr\/produkt\/tulipany-fotografia-artystyczna-do-wystroju-wnetrz\/\" \/>\n<meta property=\"og:locale\" content=\"fr_FR\" \/>\n<meta property=\"og:locale:alternate\" content=\"pl_PL\" \/>\n<meta property=\"og:locale:alternate\" content=\"en_US\" \/>\n<meta property=\"og:type\" content=\"article\" \/>\n<meta property=\"og:title\" content=\"tulipanowo\" \/>\n<meta property=\"og:description\" content=\"Tulipany - detale przyrody w kadrach makro. Chwila zachwytu nad \u015bwiatem, kt\u00f3ry trudno dostrzec. Fotografie natury do wystroju wn\u0119trz.\" \/>\n<meta property=\"og:url\" content=\"https:\/\/marzenawalczak.com\/fr\/produkt\/tulipany-fotografia-artystyczna-do-wystroju-wnetrz\/\" \/>\n<meta property=\"og:site_name\" content=\"Marzena Walczak Photography\" \/>\n<meta property=\"article:modified_time\" content=\"2023-10-03T08:38:17+00:00\" \/>\n<meta property=\"og:image\" content=\"https:\/\/marzenawalczak.com\/wp-content\/uploads\/2022\/02\/tulipanowo.jpg\" \/>\n\t<meta property=\"og:image:width\" content=\"1900\" \/>\n\t<meta property=\"og:image:height\" content=\"1258\" \/>\n\t<meta property=\"og:image:type\" content=\"image\/jpeg\" \/>\n<meta name=\"twitter:card\" content=\"summary_large_image\" \/>\n<meta name=\"twitter:label1\" content=\"Dur\u00e9e de lecture estim\u00e9e\" \/>\n\t<meta name=\"twitter:data1\" content=\"1 minute\" \/>\n<script type=\"application\/ld+json\" class=\"yoast-schema-graph\">{\"@context\":\"https:\\\/\\\/schema.org\",\"@graph\":[{\"@type\":\"WebPage\",\"@id\":\"https:\\\/\\\/marzenawalczak.com\\\/produkt\\\/tulipany-fotografia-artystyczna-do-wystroju-wnetrz\\\/\",\"url\":\"https:\\\/\\\/marzenawalczak.com\\\/produkt\\\/tulipany-fotografia-artystyczna-do-wystroju-wnetrz\\\/\",\"name\":\"tulipanowo\",\"isPartOf\":{\"@id\":\"https:\\\/\\\/marzenawalczak.com\\\/#website\"},\"primaryImageOfPage\":{\"@id\":\"https:\\\/\\\/marzenawalczak.com\\\/produkt\\\/tulipany-fotografia-artystyczna-do-wystroju-wnetrz\\\/#primaryimage\"},\"image\":{\"@id\":\"https:\\\/\\\/marzenawalczak.com\\\/produkt\\\/tulipany-fotografia-artystyczna-do-wystroju-wnetrz\\\/#primaryimage\"},\"thumbnailUrl\":\"https:\\\/\\\/marzenawalczak.com\\\/wp-content\\\/uploads\\\/2022\\\/02\\\/tulipanowo.jpg\",\"datePublished\":\"2022-02-03T11:23:17+00:00\",\"dateModified\":\"2023-10-03T08:38:17+00:00\",\"description\":\"Tulipany - detale przyrody w kadrach makro. Chwila zachwytu nad \u015bwiatem, kt\u00f3ry trudno dostrzec. Fotografie natury do wystroju wn\u0119trz.\",\"breadcrumb\":{\"@id\":\"https:\\\/\\\/marzenawalczak.com\\\/produkt\\\/tulipany-fotografia-artystyczna-do-wystroju-wnetrz\\\/#breadcrumb\"},\"inLanguage\":\"fr-FR\",\"potentialAction\":[{\"@type\":\"ReadAction\",\"target\":[\"https:\\\/\\\/marzenawalczak.com\\\/produkt\\\/tulipany-fotografia-artystyczna-do-wystroju-wnetrz\\\/\"]}]},{\"@type\":\"ImageObject\",\"inLanguage\":\"fr-FR\",\"@id\":\"https:\\\/\\\/marzenawalczak.com\\\/produkt\\\/tulipany-fotografia-artystyczna-do-wystroju-wnetrz\\\/#primaryimage\",\"url\":\"https:\\\/\\\/marzenawalczak.com\\\/wp-content\\\/uploads\\\/2022\\\/02\\\/tulipanowo.jpg\",\"contentUrl\":\"https:\\\/\\\/marzenawalczak.com\\\/wp-content\\\/uploads\\\/2022\\\/02\\\/tulipanowo.jpg\",\"width\":1900,\"height\":1258,\"caption\":\"Tulipany w kolorze soczystej maliny niezmiennie przywodz\u0105 na my\u015bl wspomnienie najpi\u0119kniejszej pory roku.\"},{\"@type\":\"BreadcrumbList\",\"@id\":\"https:\\\/\\\/marzenawalczak.com\\\/produkt\\\/tulipany-fotografia-artystyczna-do-wystroju-wnetrz\\\/#breadcrumb\",\"itemListElement\":[{\"@type\":\"ListItem\",\"position\":1,\"name\":\"Strona g\u0142\u00f3wna\",\"item\":\"https:\\\/\\\/marzenawalczak.com\\\/en\\\/\"},{\"@type\":\"ListItem\",\"position\":2,\"name\":\"Portfolio\",\"item\":\"https:\\\/\\\/marzenawalczak.com\\\/portfolio-przyroda-w-skali-makro\\\/\"},{\"@type\":\"ListItem\",\"position\":3,\"name\":\"tulipanowo\"}]},{\"@type\":\"WebSite\",\"@id\":\"https:\\\/\\\/marzenawalczak.com\\\/#website\",\"url\":\"https:\\\/\\\/marzenawalczak.com\\\/\",\"name\":\"Marzena Walczak Photography\",\"description\":\"Galeria artystyczna\",\"publisher\":{\"@id\":\"https:\\\/\\\/marzenawalczak.com\\\/#organization\"},\"potentialAction\":[{\"@type\":\"SearchAction\",\"target\":{\"@type\":\"EntryPoint\",\"urlTemplate\":\"https:\\\/\\\/marzenawalczak.com\\\/?s={search_term_string}\"},\"query-input\":{\"@type\":\"PropertyValueSpecification\",\"valueRequired\":true,\"valueName\":\"search_term_string\"}}],\"inLanguage\":\"fr-FR\"},{\"@type\":\"Organization\",\"@id\":\"https:\\\/\\\/marzenawalczak.com\\\/#organization\",\"name\":\"Marzena Walczak photography\",\"url\":\"https:\\\/\\\/marzenawalczak.com\\\/\",\"logo\":{\"@type\":\"ImageObject\",\"inLanguage\":\"fr-FR\",\"@id\":\"https:\\\/\\\/marzenawalczak.com\\\/#\\\/schema\\\/logo\\\/image\\\/\",\"url\":\"https:\\\/\\\/marzenawalczak.com\\\/wp-content\\\/uploads\\\/2022\\\/07\\\/DSC_0210.jpg\",\"contentUrl\":\"https:\\\/\\\/marzenawalczak.com\\\/wp-content\\\/uploads\\\/2022\\\/07\\\/DSC_0210.jpg\",\"width\":1800,\"height\":1207,\"caption\":\"Marzena Walczak photography\"},\"image\":{\"@id\":\"https:\\\/\\\/marzenawalczak.com\\\/#\\\/schema\\\/logo\\\/image\\\/\"},\"sameAs\":[\"https:\\\/\\\/www.instagram.com\\\/marzenawalczak_com\\\/\"]}]}<\/script>\n<!-- \/ Yoast SEO plugin. -->","yoast_head_json":{"title":"tulipanowo","description":"Tulipany - detale przyrody w kadrach makro. Chwila zachwytu nad \u015bwiatem, kt\u00f3ry trudno dostrzec. Fotografie natury do wystroju wn\u0119trz.","robots":{"index":"index","follow":"follow","max-snippet":"max-snippet:-1","max-image-preview":"max-image-preview:large","max-video-preview":"max-video-preview:-1"},"canonical":"https:\/\/marzenawalczak.com\/fr\/produkt\/tulipany-fotografia-artystyczna-do-wystroju-wnetrz\/","og_locale":"fr_FR","og_type":"article","og_title":"[:pl]tulipanowo[:en]letnia czerwie\u0144 3[:] &#8211; Marzena Walczak Photography","og_description":"Tulipany - detale przyrody w kadrach makro. Chwila zachwytu nad \u015bwiatem, kt\u00f3ry trudno dostrzec. Fotografie natury do wystroju wn\u0119trz.","og_url":"https:\/\/marzenawalczak.com\/fr\/produkt\/tulipany-fotografia-artystyczna-do-wystroju-wnetrz\/","og_site_name":"Marzena Walczak Photography","article_modified_time":"2023-10-03T08:38:17+00:00","og_image":[{"width":1900,"height":1258,"url":"https:\/\/marzenawalczak.com\/wp-content\/uploads\/2022\/02\/tulipanowo.jpg","type":"image\/jpeg"}],"twitter_card":"summary_large_image","twitter_misc":{"Dur\u00e9e de lecture estim\u00e9e":"1 minute"},"schema":{"@context":"https:\/\/schema.org","@graph":[{"@type":"WebPage","@id":"https:\/\/marzenawalczak.com\/produkt\/tulipany-fotografia-artystyczna-do-wystroju-wnetrz\/","url":"https:\/\/marzenawalczak.com\/produkt\/tulipany-fotografia-artystyczna-do-wystroju-wnetrz\/","name":"tulipanowo","isPartOf":{"@id":"https:\/\/marzenawalczak.com\/#website"},"primaryImageOfPage":{"@id":"https:\/\/marzenawalczak.com\/produkt\/tulipany-fotografia-artystyczna-do-wystroju-wnetrz\/#primaryimage"},"image":{"@id":"https:\/\/marzenawalczak.com\/produkt\/tulipany-fotografia-artystyczna-do-wystroju-wnetrz\/#primaryimage"},"thumbnailUrl":"https:\/\/marzenawalczak.com\/wp-content\/uploads\/2022\/02\/tulipanowo.jpg","datePublished":"2022-02-03T11:23:17+00:00","dateModified":"2023-10-03T08:38:17+00:00","description":"Tulipany - detale przyrody w kadrach makro. Chwila zachwytu nad \u015bwiatem, kt\u00f3ry trudno dostrzec. Fotografie natury do wystroju wn\u0119trz.","breadcrumb":{"@id":"https:\/\/marzenawalczak.com\/produkt\/tulipany-fotografia-artystyczna-do-wystroju-wnetrz\/#breadcrumb"},"inLanguage":"fr-FR","potentialAction":[{"@type":"ReadAction","target":["https:\/\/marzenawalczak.com\/produkt\/tulipany-fotografia-artystyczna-do-wystroju-wnetrz\/"]}]},{"@type":"ImageObject","inLanguage":"fr-FR","@id":"https:\/\/marzenawalczak.com\/produkt\/tulipany-fotografia-artystyczna-do-wystroju-wnetrz\/#primaryimage","url":"https:\/\/marzenawalczak.com\/wp-content\/uploads\/2022\/02\/tulipanowo.jpg","contentUrl":"https:\/\/marzenawalczak.com\/wp-content\/uploads\/2022\/02\/tulipanowo.jpg","width":1900,"height":1258,"caption":"Tulipany w kolorze soczystej maliny niezmiennie przywodz\u0105 na my\u015bl wspomnienie najpi\u0119kniejszej pory roku."},{"@type":"BreadcrumbList","@id":"https:\/\/marzenawalczak.com\/produkt\/tulipany-fotografia-artystyczna-do-wystroju-wnetrz\/#breadcrumb","itemListElement":[{"@type":"ListItem","position":1,"name":"Strona g\u0142\u00f3wna","item":"https:\/\/marzenawalczak.com\/en\/"},{"@type":"ListItem","position":2,"name":"Portfolio","item":"https:\/\/marzenawalczak.com\/portfolio-przyroda-w-skali-makro\/"},{"@type":"ListItem","position":3,"name":"tulipanowo"}]},{"@type":"WebSite","@id":"https:\/\/marzenawalczak.com\/#website","url":"https:\/\/marzenawalczak.com\/","name":"Marzena Walczak Photography","description":"Galeria artystyczna","publisher":{"@id":"https:\/\/marzenawalczak.com\/#organization"},"potentialAction":[{"@type":"SearchAction","target":{"@type":"EntryPoint","urlTemplate":"https:\/\/marzenawalczak.com\/?s={search_term_string}"},"query-input":{"@type":"PropertyValueSpecification","valueRequired":true,"valueName":"search_term_string"}}],"inLanguage":"fr-FR"},{"@type":"Organization","@id":"https:\/\/marzenawalczak.com\/#organization","name":"Marzena Walczak photography","url":"https:\/\/marzenawalczak.com\/","logo":{"@type":"ImageObject","inLanguage":"fr-FR","@id":"https:\/\/marzenawalczak.com\/#\/schema\/logo\/image\/","url":"https:\/\/marzenawalczak.com\/wp-content\/uploads\/2022\/07\/DSC_0210.jpg","contentUrl":"https:\/\/marzenawalczak.com\/wp-content\/uploads\/2022\/07\/DSC_0210.jpg","width":1800,"height":1207,"caption":"Marzena Walczak photography"},"image":{"@id":"https:\/\/marzenawalczak.com\/#\/schema\/logo\/image\/"},"sameAs":["https:\/\/www.instagram.com\/marzenawalczak_com\/"]}]}},"_links":{"self":[{"href":"https:\/\/marzenawalczak.com\/fr\/wp-json\/wp\/v2\/product\/502","targetHints":{"allow":["GET"]}}],"collection":[{"href":"https:\/\/marzenawalczak.com\/fr\/wp-json\/wp\/v2\/product"}],"about":[{"href":"https:\/\/marzenawalczak.com\/fr\/wp-json\/wp\/v2\/types\/product"}],"wp:featuredmedia":[{"embeddable":true,"href":"https:\/\/marzenawalczak.com\/fr\/wp-json\/wp\/v2\/media\/830"}],"wp:attachment":[{"href":"https:\/\/marzenawalczak.com\/fr\/wp-json\/wp\/v2\/media?parent=502"}],"wp:term":[{"taxonomy":"product_brand","embeddable":true,"href":"https:\/\/marzenawalczak.com\/fr\/wp-json\/wp\/v2\/product_brand?post=502"},{"taxonomy":"product_cat","embeddable":true,"href":"https:\/\/marzenawalczak.com\/fr\/wp-json\/wp\/v2\/product_cat?post=502"},{"taxonomy":"product_tag","embeddable":true,"href":"https:\/\/marzenawalczak.com\/fr\/wp-json\/wp\/v2\/product_tag?post=502"}],"curies":[{"name":"wp","href":"https:\/\/api.w.org\/{rel}","templated":true}]}}

<p>Tulipany, w kolorze soczystej maliny, niezmiennie przywodzą na myśl wspomnienie najpiękniejszej pory roku, jaką jest wiosna.</p>
<p>&nbsp;</p>

<p>Tulipany, w kolorze soczystej maliny, niezmiennie przywodzą na myśl wspomnienie najpiękniejszej pory roku, jaką jest wiosna. &nbsp;</p>

<!-- This site is optimized with the Yoast SEO plugin v27.5 - https://yoast.com/product/yoast-seo-wordpress/ -->
<title>tulipanowo</title>
<meta name="description" content="Tulipany - detale przyrody w kadrach makro. Chwila zachwytu nad światem, który trudno dostrzec. Fotografie natury do wystroju wnętrz." />
<meta name="robots" content="index, follow, max-snippet:-1, max-image-preview:large, max-video-preview:-1" />
<link rel="canonical" href="https://marzenawalczak.com/fr/produkt/tulipany-fotografia-artystyczna-do-wystroju-wnetrz/" />
<meta property="og:locale" content="fr_FR" />
<meta property="og:locale:alternate" content="pl_PL" />
<meta property="og:locale:alternate" content="en_US" />
<meta property="og:type" content="article" />
<meta property="og:title" content="tulipanowo" />
<meta property="og:description" content="Tulipany - detale przyrody w kadrach makro. Chwila zachwytu nad światem, który trudno dostrzec. Fotografie natury do wystroju wnętrz." />
<meta property="og:url" content="https://marzenawalczak.com/fr/produkt/tulipany-fotografia-artystyczna-do-wystroju-wnetrz/" />
<meta property="og:site_name" content="Marzena Walczak Photography" />
<meta property="article:modified_time" content="2023-10-03T08:38:17+00:00" />
<meta property="og:image" content="https://marzenawalczak.com/wp-content/uploads/2022/02/tulipanowo.jpg" />
	<meta property="og:image:width" content="1900" />
	<meta property="og:image:height" content="1258" />
	<meta property="og:image:type" content="image/jpeg" />
<meta name="twitter:card" content="summary_large_image" />
<meta name="twitter:label1" content="Durée de lecture estimée" />
	<meta name="twitter:data1" content="1 minute" />
<script type="application/ld+json" class="yoast-schema-graph">{"@context":"https:\/\/schema.org","@graph":[{"@type":"WebPage","@id":"https:\/\/marzenawalczak.com\/produkt\/tulipany-fotografia-artystyczna-do-wystroju-wnetrz\/","url":"https:\/\/marzenawalczak.com\/produkt\/tulipany-fotografia-artystyczna-do-wystroju-wnetrz\/","name":"tulipanowo","isPartOf":{"@id":"https:\/\/marzenawalczak.com\/#website"},"primaryImageOfPage":{"@id":"https:\/\/marzenawalczak.com\/produkt\/tulipany-fotografia-artystyczna-do-wystroju-wnetrz\/#primaryimage"},"image":{"@id":"https:\/\/marzenawalczak.com\/produkt\/tulipany-fotografia-artystyczna-do-wystroju-wnetrz\/#primaryimage"},"thumbnailUrl":"https:\/\/marzenawalczak.com\/wp-content\/uploads\/2022\/02\/tulipanowo.jpg","datePublished":"2022-02-03T11:23:17+00:00","dateModified":"2023-10-03T08:38:17+00:00","description":"Tulipany - detale przyrody w kadrach makro. Chwila zachwytu nad światem, który trudno dostrzec. Fotografie natury do wystroju wnętrz.","breadcrumb":{"@id":"https:\/\/marzenawalczak.com\/produkt\/tulipany-fotografia-artystyczna-do-wystroju-wnetrz\/#breadcrumb"},"inLanguage":"fr-FR","potentialAction":[{"@type":"ReadAction","target":["https:\/\/marzenawalczak.com\/produkt\/tulipany-fotografia-artystyczna-do-wystroju-wnetrz\/"]}]},{"@type":"ImageObject","inLanguage":"fr-FR","@id":"https:\/\/marzenawalczak.com\/produkt\/tulipany-fotografia-artystyczna-do-wystroju-wnetrz\/#primaryimage","url":"https:\/\/marzenawalczak.com\/wp-content\/uploads\/2022\/02\/tulipanowo.jpg","contentUrl":"https:\/\/marzenawalczak.com\/wp-content\/uploads\/2022\/02\/tulipanowo.jpg","width":1900,"height":1258,"caption":"Tulipany w kolorze soczystej maliny niezmiennie przywodzą na myśl wspomnienie najpiękniejszej pory roku."},{"@type":"BreadcrumbList","@id":"https:\/\/marzenawalczak.com\/produkt\/tulipany-fotografia-artystyczna-do-wystroju-wnetrz\/#breadcrumb","itemListElement":[{"@type":"ListItem","position":1,"name":"Strona główna","item":"https:\/\/marzenawalczak.com\/en\/"},{"@type":"ListItem","position":2,"name":"Portfolio","item":"https:\/\/marzenawalczak.com\/portfolio-przyroda-w-skali-makro\/"},{"@type":"ListItem","position":3,"name":"tulipanowo"}]},{"@type":"WebSite","@id":"https:\/\/marzenawalczak.com\/#website","url":"https:\/\/marzenawalczak.com\/","name":"Marzena Walczak Photography","description":"Galeria artystyczna","publisher":{"@id":"https:\/\/marzenawalczak.com\/#organization"},"potentialAction":[{"@type":"SearchAction","target":{"@type":"EntryPoint","urlTemplate":"https:\/\/marzenawalczak.com\/?s={search_term_string}"},"query-input":{"@type":"PropertyValueSpecification","valueRequired":true,"valueName":"search_term_string"}}],"inLanguage":"fr-FR"},{"@type":"Organization","@id":"https:\/\/marzenawalczak.com\/#organization","name":"Marzena Walczak photography","url":"https:\/\/marzenawalczak.com\/","logo":{"@type":"ImageObject","inLanguage":"fr-FR","@id":"https:\/\/marzenawalczak.com\/#\/schema\/logo\/image\/","url":"https:\/\/marzenawalczak.com\/wp-content\/uploads\/2022\/07\/DSC_0210.jpg","contentUrl":"https:\/\/marzenawalczak.com\/wp-content\/uploads\/2022\/07\/DSC_0210.jpg","width":1800,"height":1207,"caption":"Marzena Walczak photography"},"image":{"@id":"https:\/\/marzenawalczak.com\/#\/schema\/logo\/image\/"},"sameAs":["https:\/\/www.instagram.com\/marzenawalczak_com\/"]}]}</script>
<!-- / Yoast SEO plugin. -->

Tulipany - detale przyrody w kadrach makro. Chwila zachwytu nad światem, który trudno dostrzec. Fotografie natury do wystroju wnętrz.

[:pl]tulipanowo[:en]letnia czerwień 3[:] &#8211; Marzena Walczak Photography

Tulipany w kolorze soczystej maliny niezmiennie przywodzą na myśl wspomnienie najpiękniejszej pory roku.

Strona główna
