{"id":576,"date":"2022-04-05T15:08:09","date_gmt":"2022-04-05T14:08:09","guid":{"rendered":"https:\/\/marzenawalczak.com\/?post_type=product&#038;p=576"},"modified":"2023-01-18T09:53:17","modified_gmt":"2023-01-18T08:53:17","slug":"zabie-oczko-fotografia-artystyczna","status":"publish","type":"product","link":"https:\/\/marzenawalczak.com\/fr\/produkt\/zabie-oczko-fotografia-artystyczna\/","title":{"rendered":"\u017cabie oczko"},"content":{"rendered":"<p>\u017babie oczko, niezapominajka, niezabudka, mysie uszko (w t\u0142umaczeniu z j\u0119z. greckiego) to nazwy tego wdzi\u0119cznego, delikatnego kwiatka. Niezapominajka ma w Polsce nawet swoje <a href=\"https:\/\/wloszakowice.poznan.lasy.gov.pl\/aktualnosci\/-\/asset_publisher\/sE8O\/content\/dzien-niezapominajki\/pop_up?inheritRedirect=false\"><strong><em>\u015bwi\u0119to 15 maja<\/em><\/strong><\/a>.<\/p>\n<p>&nbsp;<\/p>\n","protected":false},"excerpt":{"rendered":"<p>po prostu niezapominajka<\/p>\n","protected":false},"featured_media":817,"template":"","meta":{"_acf_changed":false},"product_brand":[],"product_cat":[16],"product_tag":[156,83,56,54,116,55,52,51,134,149,121,81,66,67,78,57,53],"class_list":{"0":"post-576","1":"product","2":"type-product","3":"status-publish","4":"has-post-thumbnail","6":"product_cat-bez-kategorii","7":"product_tag-gift","8":"product_tag-makro","9":"product_tag-modry","10":"product_tag-mysie-uszko","11":"product_tag-natura","12":"product_tag-niebieski","13":"product_tag-niezabudka","14":"product_tag-niezapominajka","15":"product_tag-ogrod","16":"product_tag-oryginalny-prezent","17":"product_tag-prezent","18":"product_tag-przyroda","19":"product_tag-slonce","20":"product_tag-sloneczny","21":"product_tag-wiosenne-kwiaty","22":"product_tag-wiosna","23":"product_tag-zabie-oczko","24":"product_shipping_class-polska","26":"first","27":"onbackorder","28":"shipping-taxable","29":"purchasable","30":"product-type-variable"},"acf":[],"yoast_head":"<!-- This site is optimized with the Yoast SEO plugin v27.5 - https:\/\/yoast.com\/product\/yoast-seo-wordpress\/ -->\n<title>\u017cabie oczko<\/title>\n<meta name=\"description\" content=\"\u017babie oczko - detale przyrody w kadrach makro. Chwila zachwytu nad \u015bwiatem, kt\u00f3ry trudno dostrzec. Zdj\u0119cia do wystroju wn\u0119trz. Oryginalny prezent.\" \/>\n<meta name=\"robots\" content=\"index, follow, max-snippet:-1, max-image-preview:large, max-video-preview:-1\" \/>\n<link rel=\"canonical\" href=\"https:\/\/marzenawalczak.com\/fr\/produkt\/zabie-oczko-fotografia-artystyczna\/\" \/>\n<meta property=\"og:locale\" content=\"fr_FR\" \/>\n<meta property=\"og:locale:alternate\" content=\"pl_PL\" \/>\n<meta property=\"og:locale:alternate\" content=\"en_US\" \/>\n<meta property=\"og:type\" content=\"article\" \/>\n<meta property=\"og:title\" content=\"\u017cabie oczko\" \/>\n<meta property=\"og:description\" content=\"\u017babie oczko - detale przyrody w kadrach makro. Chwila zachwytu nad \u015bwiatem, kt\u00f3ry trudno dostrzec. Zdj\u0119cia do wystroju wn\u0119trz. Oryginalny prezent.\" \/>\n<meta property=\"og:url\" content=\"https:\/\/marzenawalczak.com\/fr\/produkt\/zabie-oczko-fotografia-artystyczna\/\" \/>\n<meta property=\"og:site_name\" content=\"Marzena Walczak Photography\" \/>\n<meta property=\"article:modified_time\" content=\"2023-01-18T08:53:17+00:00\" \/>\n<meta property=\"og:image\" content=\"https:\/\/marzenawalczak.com\/wp-content\/uploads\/2022\/04\/niezapominajka.jpg\" \/>\n\t<meta property=\"og:image:width\" content=\"1850\" \/>\n\t<meta property=\"og:image:height\" content=\"1225\" \/>\n\t<meta property=\"og:image:type\" content=\"image\/jpeg\" \/>\n<meta name=\"twitter:card\" content=\"summary_large_image\" \/>\n<meta name=\"twitter:label1\" content=\"Dur\u00e9e de lecture estim\u00e9e\" \/>\n\t<meta name=\"twitter:data1\" content=\"1 minute\" \/>\n<script type=\"application\/ld+json\" class=\"yoast-schema-graph\">{\"@context\":\"https:\\\/\\\/schema.org\",\"@graph\":[{\"@type\":\"WebPage\",\"@id\":\"https:\\\/\\\/marzenawalczak.com\\\/produkt\\\/zabie-oczko-fotografia-artystyczna\\\/\",\"url\":\"https:\\\/\\\/marzenawalczak.com\\\/produkt\\\/zabie-oczko-fotografia-artystyczna\\\/\",\"name\":\"\u017cabie oczko\",\"isPartOf\":{\"@id\":\"https:\\\/\\\/marzenawalczak.com\\\/#website\"},\"primaryImageOfPage\":{\"@id\":\"https:\\\/\\\/marzenawalczak.com\\\/produkt\\\/zabie-oczko-fotografia-artystyczna\\\/#primaryimage\"},\"image\":{\"@id\":\"https:\\\/\\\/marzenawalczak.com\\\/produkt\\\/zabie-oczko-fotografia-artystyczna\\\/#primaryimage\"},\"thumbnailUrl\":\"https:\\\/\\\/marzenawalczak.com\\\/wp-content\\\/uploads\\\/2022\\\/04\\\/niezapominajka.jpg\",\"datePublished\":\"2022-04-05T14:08:09+00:00\",\"dateModified\":\"2023-01-18T08:53:17+00:00\",\"description\":\"\u017babie oczko - detale przyrody w kadrach makro. Chwila zachwytu nad \u015bwiatem, kt\u00f3ry trudno dostrzec. Zdj\u0119cia do wystroju wn\u0119trz. Oryginalny prezent.\",\"breadcrumb\":{\"@id\":\"https:\\\/\\\/marzenawalczak.com\\\/produkt\\\/zabie-oczko-fotografia-artystyczna\\\/#breadcrumb\"},\"inLanguage\":\"fr-FR\",\"potentialAction\":[{\"@type\":\"ReadAction\",\"target\":[\"https:\\\/\\\/marzenawalczak.com\\\/produkt\\\/zabie-oczko-fotografia-artystyczna\\\/\"]}]},{\"@type\":\"ImageObject\",\"inLanguage\":\"fr-FR\",\"@id\":\"https:\\\/\\\/marzenawalczak.com\\\/produkt\\\/zabie-oczko-fotografia-artystyczna\\\/#primaryimage\",\"url\":\"https:\\\/\\\/marzenawalczak.com\\\/wp-content\\\/uploads\\\/2022\\\/04\\\/niezapominajka.jpg\",\"contentUrl\":\"https:\\\/\\\/marzenawalczak.com\\\/wp-content\\\/uploads\\\/2022\\\/04\\\/niezapominajka.jpg\",\"width\":1850,\"height\":1225,\"caption\":\"\u017babie oczko - niezapominajka, ga\u0142\u0105zka b\u0142\u0119kitnych kwiatuszk\u00f3w w promieniach wiosennego s\u0142o\u0144ca.\"},{\"@type\":\"BreadcrumbList\",\"@id\":\"https:\\\/\\\/marzenawalczak.com\\\/produkt\\\/zabie-oczko-fotografia-artystyczna\\\/#breadcrumb\",\"itemListElement\":[{\"@type\":\"ListItem\",\"position\":1,\"name\":\"Strona g\u0142\u00f3wna\",\"item\":\"https:\\\/\\\/marzenawalczak.com\\\/en\\\/\"},{\"@type\":\"ListItem\",\"position\":2,\"name\":\"Portfolio\",\"item\":\"https:\\\/\\\/marzenawalczak.com\\\/portfolio-przyroda-w-skali-makro\\\/\"},{\"@type\":\"ListItem\",\"position\":3,\"name\":\"\u017cabie oczko\"}]},{\"@type\":\"WebSite\",\"@id\":\"https:\\\/\\\/marzenawalczak.com\\\/#website\",\"url\":\"https:\\\/\\\/marzenawalczak.com\\\/\",\"name\":\"Marzena Walczak Photography\",\"description\":\"Galeria artystyczna\",\"publisher\":{\"@id\":\"https:\\\/\\\/marzenawalczak.com\\\/#organization\"},\"potentialAction\":[{\"@type\":\"SearchAction\",\"target\":{\"@type\":\"EntryPoint\",\"urlTemplate\":\"https:\\\/\\\/marzenawalczak.com\\\/?s={search_term_string}\"},\"query-input\":{\"@type\":\"PropertyValueSpecification\",\"valueRequired\":true,\"valueName\":\"search_term_string\"}}],\"inLanguage\":\"fr-FR\"},{\"@type\":\"Organization\",\"@id\":\"https:\\\/\\\/marzenawalczak.com\\\/#organization\",\"name\":\"Marzena Walczak photography\",\"url\":\"https:\\\/\\\/marzenawalczak.com\\\/\",\"logo\":{\"@type\":\"ImageObject\",\"inLanguage\":\"fr-FR\",\"@id\":\"https:\\\/\\\/marzenawalczak.com\\\/#\\\/schema\\\/logo\\\/image\\\/\",\"url\":\"https:\\\/\\\/marzenawalczak.com\\\/wp-content\\\/uploads\\\/2022\\\/07\\\/DSC_0210.jpg\",\"contentUrl\":\"https:\\\/\\\/marzenawalczak.com\\\/wp-content\\\/uploads\\\/2022\\\/07\\\/DSC_0210.jpg\",\"width\":1800,\"height\":1207,\"caption\":\"Marzena Walczak photography\"},\"image\":{\"@id\":\"https:\\\/\\\/marzenawalczak.com\\\/#\\\/schema\\\/logo\\\/image\\\/\"},\"sameAs\":[\"https:\\\/\\\/www.instagram.com\\\/marzenawalczak_com\\\/\"]}]}<\/script>\n<!-- \/ Yoast SEO plugin. -->","yoast_head_json":{"title":"\u017cabie oczko","description":"\u017babie oczko - detale przyrody w kadrach makro. Chwila zachwytu nad \u015bwiatem, kt\u00f3ry trudno dostrzec. Zdj\u0119cia do wystroju wn\u0119trz. Oryginalny prezent.","robots":{"index":"index","follow":"follow","max-snippet":"max-snippet:-1","max-image-preview":"max-image-preview:large","max-video-preview":"max-video-preview:-1"},"canonical":"https:\/\/marzenawalczak.com\/fr\/produkt\/zabie-oczko-fotografia-artystyczna\/","og_locale":"fr_FR","og_type":"article","og_title":"[:pl]\u017cabie oczko[:en]letnia czerwie\u0144 3[:] &#8211; Marzena Walczak Photography","og_description":"\u017babie oczko - detale przyrody w kadrach makro. Chwila zachwytu nad \u015bwiatem, kt\u00f3ry trudno dostrzec. Zdj\u0119cia do wystroju wn\u0119trz. Oryginalny prezent.","og_url":"https:\/\/marzenawalczak.com\/fr\/produkt\/zabie-oczko-fotografia-artystyczna\/","og_site_name":"Marzena Walczak Photography","article_modified_time":"2023-01-18T08:53:17+00:00","og_image":[{"width":1850,"height":1225,"url":"https:\/\/marzenawalczak.com\/wp-content\/uploads\/2022\/04\/niezapominajka.jpg","type":"image\/jpeg"}],"twitter_card":"summary_large_image","twitter_misc":{"Dur\u00e9e de lecture estim\u00e9e":"1 minute"},"schema":{"@context":"https:\/\/schema.org","@graph":[{"@type":"WebPage","@id":"https:\/\/marzenawalczak.com\/produkt\/zabie-oczko-fotografia-artystyczna\/","url":"https:\/\/marzenawalczak.com\/produkt\/zabie-oczko-fotografia-artystyczna\/","name":"\u017cabie oczko","isPartOf":{"@id":"https:\/\/marzenawalczak.com\/#website"},"primaryImageOfPage":{"@id":"https:\/\/marzenawalczak.com\/produkt\/zabie-oczko-fotografia-artystyczna\/#primaryimage"},"image":{"@id":"https:\/\/marzenawalczak.com\/produkt\/zabie-oczko-fotografia-artystyczna\/#primaryimage"},"thumbnailUrl":"https:\/\/marzenawalczak.com\/wp-content\/uploads\/2022\/04\/niezapominajka.jpg","datePublished":"2022-04-05T14:08:09+00:00","dateModified":"2023-01-18T08:53:17+00:00","description":"\u017babie oczko - detale przyrody w kadrach makro. Chwila zachwytu nad \u015bwiatem, kt\u00f3ry trudno dostrzec. Zdj\u0119cia do wystroju wn\u0119trz. Oryginalny prezent.","breadcrumb":{"@id":"https:\/\/marzenawalczak.com\/produkt\/zabie-oczko-fotografia-artystyczna\/#breadcrumb"},"inLanguage":"fr-FR","potentialAction":[{"@type":"ReadAction","target":["https:\/\/marzenawalczak.com\/produkt\/zabie-oczko-fotografia-artystyczna\/"]}]},{"@type":"ImageObject","inLanguage":"fr-FR","@id":"https:\/\/marzenawalczak.com\/produkt\/zabie-oczko-fotografia-artystyczna\/#primaryimage","url":"https:\/\/marzenawalczak.com\/wp-content\/uploads\/2022\/04\/niezapominajka.jpg","contentUrl":"https:\/\/marzenawalczak.com\/wp-content\/uploads\/2022\/04\/niezapominajka.jpg","width":1850,"height":1225,"caption":"\u017babie oczko - niezapominajka, ga\u0142\u0105zka b\u0142\u0119kitnych kwiatuszk\u00f3w w promieniach wiosennego s\u0142o\u0144ca."},{"@type":"BreadcrumbList","@id":"https:\/\/marzenawalczak.com\/produkt\/zabie-oczko-fotografia-artystyczna\/#breadcrumb","itemListElement":[{"@type":"ListItem","position":1,"name":"Strona g\u0142\u00f3wna","item":"https:\/\/marzenawalczak.com\/en\/"},{"@type":"ListItem","position":2,"name":"Portfolio","item":"https:\/\/marzenawalczak.com\/portfolio-przyroda-w-skali-makro\/"},{"@type":"ListItem","position":3,"name":"\u017cabie oczko"}]},{"@type":"WebSite","@id":"https:\/\/marzenawalczak.com\/#website","url":"https:\/\/marzenawalczak.com\/","name":"Marzena Walczak Photography","description":"Galeria artystyczna","publisher":{"@id":"https:\/\/marzenawalczak.com\/#organization"},"potentialAction":[{"@type":"SearchAction","target":{"@type":"EntryPoint","urlTemplate":"https:\/\/marzenawalczak.com\/?s={search_term_string}"},"query-input":{"@type":"PropertyValueSpecification","valueRequired":true,"valueName":"search_term_string"}}],"inLanguage":"fr-FR"},{"@type":"Organization","@id":"https:\/\/marzenawalczak.com\/#organization","name":"Marzena Walczak photography","url":"https:\/\/marzenawalczak.com\/","logo":{"@type":"ImageObject","inLanguage":"fr-FR","@id":"https:\/\/marzenawalczak.com\/#\/schema\/logo\/image\/","url":"https:\/\/marzenawalczak.com\/wp-content\/uploads\/2022\/07\/DSC_0210.jpg","contentUrl":"https:\/\/marzenawalczak.com\/wp-content\/uploads\/2022\/07\/DSC_0210.jpg","width":1800,"height":1207,"caption":"Marzena Walczak photography"},"image":{"@id":"https:\/\/marzenawalczak.com\/#\/schema\/logo\/image\/"},"sameAs":["https:\/\/www.instagram.com\/marzenawalczak_com\/"]}]}},"_links":{"self":[{"href":"https:\/\/marzenawalczak.com\/fr\/wp-json\/wp\/v2\/product\/576","targetHints":{"allow":["GET"]}}],"collection":[{"href":"https:\/\/marzenawalczak.com\/fr\/wp-json\/wp\/v2\/product"}],"about":[{"href":"https:\/\/marzenawalczak.com\/fr\/wp-json\/wp\/v2\/types\/product"}],"wp:featuredmedia":[{"embeddable":true,"href":"https:\/\/marzenawalczak.com\/fr\/wp-json\/wp\/v2\/media\/817"}],"wp:attachment":[{"href":"https:\/\/marzenawalczak.com\/fr\/wp-json\/wp\/v2\/media?parent=576"}],"wp:term":[{"taxonomy":"product_brand","embeddable":true,"href":"https:\/\/marzenawalczak.com\/fr\/wp-json\/wp\/v2\/product_brand?post=576"},{"taxonomy":"product_cat","embeddable":true,"href":"https:\/\/marzenawalczak.com\/fr\/wp-json\/wp\/v2\/product_cat?post=576"},{"taxonomy":"product_tag","embeddable":true,"href":"https:\/\/marzenawalczak.com\/fr\/wp-json\/wp\/v2\/product_tag?post=576"}],"curies":[{"name":"wp","href":"https:\/\/api.w.org\/{rel}","templated":true}]}}

żabie oczko

<p>Żabie oczko, niezapominajka, niezabudka, mysie uszko (w tłumaczeniu z jęz. greckiego) to nazwy tego wdzięcznego, delikatnego kwiatka. Niezapominajka ma w Polsce nawet swoje <a href="https://wloszakowice.poznan.lasy.gov.pl/aktualnosci/-/asset_publisher/sE8O/content/dzien-niezapominajki/pop_up?inheritRedirect=false"><strong><em>święto 15 maja</em></strong></a>.</p>
<p>&nbsp;</p>

<!-- This site is optimized with the Yoast SEO plugin v27.5 - https://yoast.com/product/yoast-seo-wordpress/ -->
<title>żabie oczko</title>
<meta name="description" content="Żabie oczko - detale przyrody w kadrach makro. Chwila zachwytu nad światem, który trudno dostrzec. Zdjęcia do wystroju wnętrz. Oryginalny prezent." />
<meta name="robots" content="index, follow, max-snippet:-1, max-image-preview:large, max-video-preview:-1" />
<link rel="canonical" href="https://marzenawalczak.com/fr/produkt/zabie-oczko-fotografia-artystyczna/" />
<meta property="og:locale" content="fr_FR" />
<meta property="og:locale:alternate" content="pl_PL" />
<meta property="og:locale:alternate" content="en_US" />
<meta property="og:type" content="article" />
<meta property="og:title" content="żabie oczko" />
<meta property="og:description" content="Żabie oczko - detale przyrody w kadrach makro. Chwila zachwytu nad światem, który trudno dostrzec. Zdjęcia do wystroju wnętrz. Oryginalny prezent." />
<meta property="og:url" content="https://marzenawalczak.com/fr/produkt/zabie-oczko-fotografia-artystyczna/" />
<meta property="og:site_name" content="Marzena Walczak Photography" />
<meta property="article:modified_time" content="2023-01-18T08:53:17+00:00" />
<meta property="og:image" content="https://marzenawalczak.com/wp-content/uploads/2022/04/niezapominajka.jpg" />
	<meta property="og:image:width" content="1850" />
	<meta property="og:image:height" content="1225" />
	<meta property="og:image:type" content="image/jpeg" />
<meta name="twitter:card" content="summary_large_image" />
<meta name="twitter:label1" content="Durée de lecture estimée" />
	<meta name="twitter:data1" content="1 minute" />
<script type="application/ld+json" class="yoast-schema-graph">{"@context":"https:\/\/schema.org","@graph":[{"@type":"WebPage","@id":"https:\/\/marzenawalczak.com\/produkt\/zabie-oczko-fotografia-artystyczna\/","url":"https:\/\/marzenawalczak.com\/produkt\/zabie-oczko-fotografia-artystyczna\/","name":"żabie oczko","isPartOf":{"@id":"https:\/\/marzenawalczak.com\/#website"},"primaryImageOfPage":{"@id":"https:\/\/marzenawalczak.com\/produkt\/zabie-oczko-fotografia-artystyczna\/#primaryimage"},"image":{"@id":"https:\/\/marzenawalczak.com\/produkt\/zabie-oczko-fotografia-artystyczna\/#primaryimage"},"thumbnailUrl":"https:\/\/marzenawalczak.com\/wp-content\/uploads\/2022\/04\/niezapominajka.jpg","datePublished":"2022-04-05T14:08:09+00:00","dateModified":"2023-01-18T08:53:17+00:00","description":"Żabie oczko - detale przyrody w kadrach makro. Chwila zachwytu nad światem, który trudno dostrzec. Zdjęcia do wystroju wnętrz. Oryginalny prezent.","breadcrumb":{"@id":"https:\/\/marzenawalczak.com\/produkt\/zabie-oczko-fotografia-artystyczna\/#breadcrumb"},"inLanguage":"fr-FR","potentialAction":[{"@type":"ReadAction","target":["https:\/\/marzenawalczak.com\/produkt\/zabie-oczko-fotografia-artystyczna\/"]}]},{"@type":"ImageObject","inLanguage":"fr-FR","@id":"https:\/\/marzenawalczak.com\/produkt\/zabie-oczko-fotografia-artystyczna\/#primaryimage","url":"https:\/\/marzenawalczak.com\/wp-content\/uploads\/2022\/04\/niezapominajka.jpg","contentUrl":"https:\/\/marzenawalczak.com\/wp-content\/uploads\/2022\/04\/niezapominajka.jpg","width":1850,"height":1225,"caption":"Żabie oczko - niezapominajka, gałązka błękitnych kwiatuszków w promieniach wiosennego słońca."},{"@type":"BreadcrumbList","@id":"https:\/\/marzenawalczak.com\/produkt\/zabie-oczko-fotografia-artystyczna\/#breadcrumb","itemListElement":[{"@type":"ListItem","position":1,"name":"Strona główna","item":"https:\/\/marzenawalczak.com\/en\/"},{"@type":"ListItem","position":2,"name":"Portfolio","item":"https:\/\/marzenawalczak.com\/portfolio-przyroda-w-skali-makro\/"},{"@type":"ListItem","position":3,"name":"żabie oczko"}]},{"@type":"WebSite","@id":"https:\/\/marzenawalczak.com\/#website","url":"https:\/\/marzenawalczak.com\/","name":"Marzena Walczak Photography","description":"Galeria artystyczna","publisher":{"@id":"https:\/\/marzenawalczak.com\/#organization"},"potentialAction":[{"@type":"SearchAction","target":{"@type":"EntryPoint","urlTemplate":"https:\/\/marzenawalczak.com\/?s={search_term_string}"},"query-input":{"@type":"PropertyValueSpecification","valueRequired":true,"valueName":"search_term_string"}}],"inLanguage":"fr-FR"},{"@type":"Organization","@id":"https:\/\/marzenawalczak.com\/#organization","name":"Marzena Walczak photography","url":"https:\/\/marzenawalczak.com\/","logo":{"@type":"ImageObject","inLanguage":"fr-FR","@id":"https:\/\/marzenawalczak.com\/#\/schema\/logo\/image\/","url":"https:\/\/marzenawalczak.com\/wp-content\/uploads\/2022\/07\/DSC_0210.jpg","contentUrl":"https:\/\/marzenawalczak.com\/wp-content\/uploads\/2022\/07\/DSC_0210.jpg","width":1800,"height":1207,"caption":"Marzena Walczak photography"},"image":{"@id":"https:\/\/marzenawalczak.com\/#\/schema\/logo\/image\/"},"sameAs":["https:\/\/www.instagram.com\/marzenawalczak_com\/"]}]}</script>
<!-- / Yoast SEO plugin. -->

Żabie oczko - detale przyrody w kadrach makro. Chwila zachwytu nad światem, który trudno dostrzec. Zdjęcia do wystroju wnętrz. Oryginalny prezent.

[:pl]żabie oczko[:en]letnia czerwień 3[:] &#8211; Marzena Walczak Photography

Żabie oczko - niezapominajka, gałązka błękitnych kwiatuszków w promieniach wiosennego słońca.

Strona główna
