{"id":602,"date":"2022-04-05T17:32:08","date_gmt":"2022-04-05T16:32:08","guid":{"rendered":"https:\/\/marzenawalczak.com\/?post_type=product&#038;p=602"},"modified":"2023-02-09T09:10:43","modified_gmt":"2023-02-09T08:10:43","slug":"oczar-czarowny-kwiat","status":"publish","type":"product","link":"https:\/\/marzenawalczak.com\/fr\/produkt\/oczar-czarowny-kwiat\/","title":{"rendered":"czarowny kwiat"},"content":{"rendered":"<div>Oczar.<\/div>\n<div>Czarowny kwiat oczaru w zaczarowanym ogrodzie czaruje wczesn\u0105 wiosn\u0105, a czasem nawet zim\u0105.<\/div>\n<div><\/div>\n<div>Oczar zachwyca i zdumiewa niezwykle uroczymi i oryginalnymi kwiatami. Maj\u0105 one posta\u0107 cieniutkich, pofalowanych wst\u0105\u017ceczek, zebranych w p\u0119czki i osadzonych na bezlistnych jeszcze ga\u0142\u0105zkach.<\/div>\n<div>Oczary stanowi\u0105 kwitn\u0105c\u0105 ozdob\u0119 zimowego, u\u015bpionego jeszcze ogrodu, a widok kwiat\u00f3w <a href=\"https:\/\/marzenawalczak.com\/produkt\/w-zimowej-szacie\/\"><em><strong>przypr\u00f3szonych \u015bniegiem<\/strong><\/em><\/a> to niezwykle urokliwe i fascynuj\u0105ce zjawisko.<\/div>\n<div>Ta fotografia jest owocem spaceru po budz\u0105cym si\u0119 po zimie <a href=\"https:\/\/ogrod-powsin.pl\/\"><strong><em>Ogrodzie Botanicznym PAN w Powsinie<\/em><\/strong><\/a>.<\/div>\n<div><\/div>\n<div><\/div>\n<p>&nbsp;<\/p>\n","protected":false},"excerpt":{"rendered":"<p>w zaczarowanym ogrodzie<\/p>\n","protected":false},"featured_media":810,"template":"","meta":{"_acf_changed":false},"product_brand":[],"product_cat":[16],"product_tag":[150,156,129,83,116,170,139,149,88,68,78,57,62],"class_list":{"0":"post-602","1":"product","2":"type-product","3":"status-publish","4":"has-post-thumbnail","6":"product_cat-bez-kategorii","7":"product_tag-delikatnosc","8":"product_tag-gift","9":"product_tag-kwiatek","10":"product_tag-makro","11":"product_tag-natura","12":"product_tag-oczar","13":"product_tag-ogrod-botaniczny","14":"product_tag-oryginalny-prezent","15":"product_tag-swiatlo-i-cien","16":"product_tag-swietllisty","17":"product_tag-wiosenne-kwiaty","18":"product_tag-wiosna","19":"product_tag-zolty","20":"product_shipping_class-polska","22":"first","23":"onbackorder","24":"shipping-taxable","25":"purchasable","26":"product-type-variable"},"acf":[],"yoast_head":"<!-- This site is optimized with the Yoast SEO plugin v27.5 - https:\/\/yoast.com\/product\/yoast-seo-wordpress\/ -->\n<title>czarowny kwiat<\/title>\n<meta name=\"description\" content=\"Oczar - detale przyrody w kadrach makro. Chwila zachwytu nad \u015bwiatem, kt\u00f3ry trudno dostrzec. Zdj\u0119cia do wystroju wn\u0119trz. Oryginalny prezent.\" \/>\n<meta name=\"robots\" content=\"index, follow, max-snippet:-1, max-image-preview:large, max-video-preview:-1\" \/>\n<link rel=\"canonical\" href=\"https:\/\/marzenawalczak.com\/fr\/produkt\/oczar-czarowny-kwiat\/\" \/>\n<meta property=\"og:locale\" content=\"fr_FR\" \/>\n<meta property=\"og:locale:alternate\" content=\"pl_PL\" \/>\n<meta property=\"og:locale:alternate\" content=\"en_US\" \/>\n<meta property=\"og:type\" content=\"article\" \/>\n<meta property=\"og:title\" content=\"czarowny kwiat\" \/>\n<meta property=\"og:description\" content=\"Oczar - detale przyrody w kadrach makro. Chwila zachwytu nad \u015bwiatem, kt\u00f3ry trudno dostrzec. Zdj\u0119cia do wystroju wn\u0119trz. Oryginalny prezent.\" \/>\n<meta property=\"og:url\" content=\"https:\/\/marzenawalczak.com\/fr\/produkt\/oczar-czarowny-kwiat\/\" \/>\n<meta property=\"og:site_name\" content=\"Marzena Walczak Photography\" \/>\n<meta property=\"article:modified_time\" content=\"2023-02-09T08:10:43+00:00\" \/>\n<meta property=\"og:image\" content=\"https:\/\/marzenawalczak.com\/wp-content\/uploads\/2022\/04\/oczar.jpg\" \/>\n\t<meta property=\"og:image:width\" content=\"1850\" \/>\n\t<meta property=\"og:image:height\" content=\"1225\" \/>\n\t<meta property=\"og:image:type\" content=\"image\/jpeg\" \/>\n<meta name=\"twitter:card\" content=\"summary_large_image\" \/>\n<meta name=\"twitter:label1\" content=\"Dur\u00e9e de lecture estim\u00e9e\" \/>\n\t<meta name=\"twitter:data1\" content=\"1 minute\" \/>\n<script type=\"application\/ld+json\" class=\"yoast-schema-graph\">{\"@context\":\"https:\\\/\\\/schema.org\",\"@graph\":[{\"@type\":\"WebPage\",\"@id\":\"https:\\\/\\\/marzenawalczak.com\\\/produkt\\\/oczar-czarowny-kwiat\\\/\",\"url\":\"https:\\\/\\\/marzenawalczak.com\\\/produkt\\\/oczar-czarowny-kwiat\\\/\",\"name\":\"czarowny kwiat\",\"isPartOf\":{\"@id\":\"https:\\\/\\\/marzenawalczak.com\\\/#website\"},\"primaryImageOfPage\":{\"@id\":\"https:\\\/\\\/marzenawalczak.com\\\/produkt\\\/oczar-czarowny-kwiat\\\/#primaryimage\"},\"image\":{\"@id\":\"https:\\\/\\\/marzenawalczak.com\\\/produkt\\\/oczar-czarowny-kwiat\\\/#primaryimage\"},\"thumbnailUrl\":\"https:\\\/\\\/marzenawalczak.com\\\/wp-content\\\/uploads\\\/2022\\\/04\\\/oczar.jpg\",\"datePublished\":\"2022-04-05T16:32:08+00:00\",\"dateModified\":\"2023-02-09T08:10:43+00:00\",\"description\":\"Oczar - detale przyrody w kadrach makro. Chwila zachwytu nad \u015bwiatem, kt\u00f3ry trudno dostrzec. Zdj\u0119cia do wystroju wn\u0119trz. Oryginalny prezent.\",\"breadcrumb\":{\"@id\":\"https:\\\/\\\/marzenawalczak.com\\\/produkt\\\/oczar-czarowny-kwiat\\\/#breadcrumb\"},\"inLanguage\":\"fr-FR\",\"potentialAction\":[{\"@type\":\"ReadAction\",\"target\":[\"https:\\\/\\\/marzenawalczak.com\\\/produkt\\\/oczar-czarowny-kwiat\\\/\"]}]},{\"@type\":\"ImageObject\",\"inLanguage\":\"fr-FR\",\"@id\":\"https:\\\/\\\/marzenawalczak.com\\\/produkt\\\/oczar-czarowny-kwiat\\\/#primaryimage\",\"url\":\"https:\\\/\\\/marzenawalczak.com\\\/wp-content\\\/uploads\\\/2022\\\/04\\\/oczar.jpg\",\"contentUrl\":\"https:\\\/\\\/marzenawalczak.com\\\/wp-content\\\/uploads\\\/2022\\\/04\\\/oczar.jpg\",\"width\":1850,\"height\":1225,\"caption\":\"Oczar i jego strz\u0119piaste kwiatki w \u015bwietle wiosennego poranka.\"},{\"@type\":\"BreadcrumbList\",\"@id\":\"https:\\\/\\\/marzenawalczak.com\\\/produkt\\\/oczar-czarowny-kwiat\\\/#breadcrumb\",\"itemListElement\":[{\"@type\":\"ListItem\",\"position\":1,\"name\":\"Strona g\u0142\u00f3wna\",\"item\":\"https:\\\/\\\/marzenawalczak.com\\\/en\\\/\"},{\"@type\":\"ListItem\",\"position\":2,\"name\":\"Portfolio\",\"item\":\"https:\\\/\\\/marzenawalczak.com\\\/portfolio-przyroda-w-skali-makro\\\/\"},{\"@type\":\"ListItem\",\"position\":3,\"name\":\"czarowny kwiat\"}]},{\"@type\":\"WebSite\",\"@id\":\"https:\\\/\\\/marzenawalczak.com\\\/#website\",\"url\":\"https:\\\/\\\/marzenawalczak.com\\\/\",\"name\":\"Marzena Walczak Photography\",\"description\":\"Galeria artystyczna\",\"publisher\":{\"@id\":\"https:\\\/\\\/marzenawalczak.com\\\/#organization\"},\"potentialAction\":[{\"@type\":\"SearchAction\",\"target\":{\"@type\":\"EntryPoint\",\"urlTemplate\":\"https:\\\/\\\/marzenawalczak.com\\\/?s={search_term_string}\"},\"query-input\":{\"@type\":\"PropertyValueSpecification\",\"valueRequired\":true,\"valueName\":\"search_term_string\"}}],\"inLanguage\":\"fr-FR\"},{\"@type\":\"Organization\",\"@id\":\"https:\\\/\\\/marzenawalczak.com\\\/#organization\",\"name\":\"Marzena Walczak photography\",\"url\":\"https:\\\/\\\/marzenawalczak.com\\\/\",\"logo\":{\"@type\":\"ImageObject\",\"inLanguage\":\"fr-FR\",\"@id\":\"https:\\\/\\\/marzenawalczak.com\\\/#\\\/schema\\\/logo\\\/image\\\/\",\"url\":\"https:\\\/\\\/marzenawalczak.com\\\/wp-content\\\/uploads\\\/2022\\\/07\\\/DSC_0210.jpg\",\"contentUrl\":\"https:\\\/\\\/marzenawalczak.com\\\/wp-content\\\/uploads\\\/2022\\\/07\\\/DSC_0210.jpg\",\"width\":1800,\"height\":1207,\"caption\":\"Marzena Walczak photography\"},\"image\":{\"@id\":\"https:\\\/\\\/marzenawalczak.com\\\/#\\\/schema\\\/logo\\\/image\\\/\"},\"sameAs\":[\"https:\\\/\\\/www.instagram.com\\\/marzenawalczak_com\\\/\"]}]}<\/script>\n<!-- \/ Yoast SEO plugin. -->","yoast_head_json":{"title":"czarowny kwiat","description":"Oczar - detale przyrody w kadrach makro. Chwila zachwytu nad \u015bwiatem, kt\u00f3ry trudno dostrzec. Zdj\u0119cia do wystroju wn\u0119trz. Oryginalny prezent.","robots":{"index":"index","follow":"follow","max-snippet":"max-snippet:-1","max-image-preview":"max-image-preview:large","max-video-preview":"max-video-preview:-1"},"canonical":"https:\/\/marzenawalczak.com\/fr\/produkt\/oczar-czarowny-kwiat\/","og_locale":"fr_FR","og_type":"article","og_title":"[:pl]czarowny kwiat[:en]letnia czerwie\u0144 3[:] &#8211; Marzena Walczak Photography","og_description":"Oczar - detale przyrody w kadrach makro. Chwila zachwytu nad \u015bwiatem, kt\u00f3ry trudno dostrzec. Zdj\u0119cia do wystroju wn\u0119trz. Oryginalny prezent.","og_url":"https:\/\/marzenawalczak.com\/fr\/produkt\/oczar-czarowny-kwiat\/","og_site_name":"Marzena Walczak Photography","article_modified_time":"2023-02-09T08:10:43+00:00","og_image":[{"width":1850,"height":1225,"url":"https:\/\/marzenawalczak.com\/wp-content\/uploads\/2022\/04\/oczar.jpg","type":"image\/jpeg"}],"twitter_card":"summary_large_image","twitter_misc":{"Dur\u00e9e de lecture estim\u00e9e":"1 minute"},"schema":{"@context":"https:\/\/schema.org","@graph":[{"@type":"WebPage","@id":"https:\/\/marzenawalczak.com\/produkt\/oczar-czarowny-kwiat\/","url":"https:\/\/marzenawalczak.com\/produkt\/oczar-czarowny-kwiat\/","name":"czarowny kwiat","isPartOf":{"@id":"https:\/\/marzenawalczak.com\/#website"},"primaryImageOfPage":{"@id":"https:\/\/marzenawalczak.com\/produkt\/oczar-czarowny-kwiat\/#primaryimage"},"image":{"@id":"https:\/\/marzenawalczak.com\/produkt\/oczar-czarowny-kwiat\/#primaryimage"},"thumbnailUrl":"https:\/\/marzenawalczak.com\/wp-content\/uploads\/2022\/04\/oczar.jpg","datePublished":"2022-04-05T16:32:08+00:00","dateModified":"2023-02-09T08:10:43+00:00","description":"Oczar - detale przyrody w kadrach makro. Chwila zachwytu nad \u015bwiatem, kt\u00f3ry trudno dostrzec. Zdj\u0119cia do wystroju wn\u0119trz. Oryginalny prezent.","breadcrumb":{"@id":"https:\/\/marzenawalczak.com\/produkt\/oczar-czarowny-kwiat\/#breadcrumb"},"inLanguage":"fr-FR","potentialAction":[{"@type":"ReadAction","target":["https:\/\/marzenawalczak.com\/produkt\/oczar-czarowny-kwiat\/"]}]},{"@type":"ImageObject","inLanguage":"fr-FR","@id":"https:\/\/marzenawalczak.com\/produkt\/oczar-czarowny-kwiat\/#primaryimage","url":"https:\/\/marzenawalczak.com\/wp-content\/uploads\/2022\/04\/oczar.jpg","contentUrl":"https:\/\/marzenawalczak.com\/wp-content\/uploads\/2022\/04\/oczar.jpg","width":1850,"height":1225,"caption":"Oczar i jego strz\u0119piaste kwiatki w \u015bwietle wiosennego poranka."},{"@type":"BreadcrumbList","@id":"https:\/\/marzenawalczak.com\/produkt\/oczar-czarowny-kwiat\/#breadcrumb","itemListElement":[{"@type":"ListItem","position":1,"name":"Strona g\u0142\u00f3wna","item":"https:\/\/marzenawalczak.com\/en\/"},{"@type":"ListItem","position":2,"name":"Portfolio","item":"https:\/\/marzenawalczak.com\/portfolio-przyroda-w-skali-makro\/"},{"@type":"ListItem","position":3,"name":"czarowny kwiat"}]},{"@type":"WebSite","@id":"https:\/\/marzenawalczak.com\/#website","url":"https:\/\/marzenawalczak.com\/","name":"Marzena Walczak Photography","description":"Galeria artystyczna","publisher":{"@id":"https:\/\/marzenawalczak.com\/#organization"},"potentialAction":[{"@type":"SearchAction","target":{"@type":"EntryPoint","urlTemplate":"https:\/\/marzenawalczak.com\/?s={search_term_string}"},"query-input":{"@type":"PropertyValueSpecification","valueRequired":true,"valueName":"search_term_string"}}],"inLanguage":"fr-FR"},{"@type":"Organization","@id":"https:\/\/marzenawalczak.com\/#organization","name":"Marzena Walczak photography","url":"https:\/\/marzenawalczak.com\/","logo":{"@type":"ImageObject","inLanguage":"fr-FR","@id":"https:\/\/marzenawalczak.com\/#\/schema\/logo\/image\/","url":"https:\/\/marzenawalczak.com\/wp-content\/uploads\/2022\/07\/DSC_0210.jpg","contentUrl":"https:\/\/marzenawalczak.com\/wp-content\/uploads\/2022\/07\/DSC_0210.jpg","width":1800,"height":1207,"caption":"Marzena Walczak photography"},"image":{"@id":"https:\/\/marzenawalczak.com\/#\/schema\/logo\/image\/"},"sameAs":["https:\/\/www.instagram.com\/marzenawalczak_com\/"]}]}},"_links":{"self":[{"href":"https:\/\/marzenawalczak.com\/fr\/wp-json\/wp\/v2\/product\/602","targetHints":{"allow":["GET"]}}],"collection":[{"href":"https:\/\/marzenawalczak.com\/fr\/wp-json\/wp\/v2\/product"}],"about":[{"href":"https:\/\/marzenawalczak.com\/fr\/wp-json\/wp\/v2\/types\/product"}],"wp:featuredmedia":[{"embeddable":true,"href":"https:\/\/marzenawalczak.com\/fr\/wp-json\/wp\/v2\/media\/810"}],"wp:attachment":[{"href":"https:\/\/marzenawalczak.com\/fr\/wp-json\/wp\/v2\/media?parent=602"}],"wp:term":[{"taxonomy":"product_brand","embeddable":true,"href":"https:\/\/marzenawalczak.com\/fr\/wp-json\/wp\/v2\/product_brand?post=602"},{"taxonomy":"product_cat","embeddable":true,"href":"https:\/\/marzenawalczak.com\/fr\/wp-json\/wp\/v2\/product_cat?post=602"},{"taxonomy":"product_tag","embeddable":true,"href":"https:\/\/marzenawalczak.com\/fr\/wp-json\/wp\/v2\/product_tag?post=602"}],"curies":[{"name":"wp","href":"https:\/\/api.w.org\/{rel}","templated":true}]}}

<div>Oczar.</div>
<div>Czarowny kwiat oczaru w zaczarowanym ogrodzie czaruje wczesną wiosną, a czasem nawet zimą.</div>
<div></div>
<div>Oczar zachwyca i zdumiewa niezwykle uroczymi i oryginalnymi kwiatami. Mają one postać cieniutkich, pofalowanych wstążeczek, zebranych w pęczki i osadzonych na bezlistnych jeszcze gałązkach.</div>
<div>Oczary stanowią kwitnącą ozdobę zimowego, uśpionego jeszcze ogrodu, a widok kwiatów <a href="https://marzenawalczak.com/produkt/w-zimowej-szacie/"><em><strong>przyprószonych śniegiem</strong></em></a> to niezwykle urokliwe i fascynujące zjawisko.</div>
<div>Ta fotografia jest owocem spaceru po budzącym się po zimie <a href="https://ogrod-powsin.pl/"><strong><em>Ogrodzie Botanicznym PAN w Powsinie</em></strong></a>.</div>
<div></div>
<div></div>
<p>&nbsp;</p>

<!-- This site is optimized with the Yoast SEO plugin v27.5 - https://yoast.com/product/yoast-seo-wordpress/ -->
<title>czarowny kwiat</title>
<meta name="description" content="Oczar - detale przyrody w kadrach makro. Chwila zachwytu nad światem, który trudno dostrzec. Zdjęcia do wystroju wnętrz. Oryginalny prezent." />
<meta name="robots" content="index, follow, max-snippet:-1, max-image-preview:large, max-video-preview:-1" />
<link rel="canonical" href="https://marzenawalczak.com/fr/produkt/oczar-czarowny-kwiat/" />
<meta property="og:locale" content="fr_FR" />
<meta property="og:locale:alternate" content="pl_PL" />
<meta property="og:locale:alternate" content="en_US" />
<meta property="og:type" content="article" />
<meta property="og:title" content="czarowny kwiat" />
<meta property="og:description" content="Oczar - detale przyrody w kadrach makro. Chwila zachwytu nad światem, który trudno dostrzec. Zdjęcia do wystroju wnętrz. Oryginalny prezent." />
<meta property="og:url" content="https://marzenawalczak.com/fr/produkt/oczar-czarowny-kwiat/" />
<meta property="og:site_name" content="Marzena Walczak Photography" />
<meta property="article:modified_time" content="2023-02-09T08:10:43+00:00" />
<meta property="og:image" content="https://marzenawalczak.com/wp-content/uploads/2022/04/oczar.jpg" />
	<meta property="og:image:width" content="1850" />
	<meta property="og:image:height" content="1225" />
	<meta property="og:image:type" content="image/jpeg" />
<meta name="twitter:card" content="summary_large_image" />
<meta name="twitter:label1" content="Durée de lecture estimée" />
	<meta name="twitter:data1" content="1 minute" />
<script type="application/ld+json" class="yoast-schema-graph">{"@context":"https:\/\/schema.org","@graph":[{"@type":"WebPage","@id":"https:\/\/marzenawalczak.com\/produkt\/oczar-czarowny-kwiat\/","url":"https:\/\/marzenawalczak.com\/produkt\/oczar-czarowny-kwiat\/","name":"czarowny kwiat","isPartOf":{"@id":"https:\/\/marzenawalczak.com\/#website"},"primaryImageOfPage":{"@id":"https:\/\/marzenawalczak.com\/produkt\/oczar-czarowny-kwiat\/#primaryimage"},"image":{"@id":"https:\/\/marzenawalczak.com\/produkt\/oczar-czarowny-kwiat\/#primaryimage"},"thumbnailUrl":"https:\/\/marzenawalczak.com\/wp-content\/uploads\/2022\/04\/oczar.jpg","datePublished":"2022-04-05T16:32:08+00:00","dateModified":"2023-02-09T08:10:43+00:00","description":"Oczar - detale przyrody w kadrach makro. Chwila zachwytu nad światem, który trudno dostrzec. Zdjęcia do wystroju wnętrz. Oryginalny prezent.","breadcrumb":{"@id":"https:\/\/marzenawalczak.com\/produkt\/oczar-czarowny-kwiat\/#breadcrumb"},"inLanguage":"fr-FR","potentialAction":[{"@type":"ReadAction","target":["https:\/\/marzenawalczak.com\/produkt\/oczar-czarowny-kwiat\/"]}]},{"@type":"ImageObject","inLanguage":"fr-FR","@id":"https:\/\/marzenawalczak.com\/produkt\/oczar-czarowny-kwiat\/#primaryimage","url":"https:\/\/marzenawalczak.com\/wp-content\/uploads\/2022\/04\/oczar.jpg","contentUrl":"https:\/\/marzenawalczak.com\/wp-content\/uploads\/2022\/04\/oczar.jpg","width":1850,"height":1225,"caption":"Oczar i jego strzępiaste kwiatki w świetle wiosennego poranka."},{"@type":"BreadcrumbList","@id":"https:\/\/marzenawalczak.com\/produkt\/oczar-czarowny-kwiat\/#breadcrumb","itemListElement":[{"@type":"ListItem","position":1,"name":"Strona główna","item":"https:\/\/marzenawalczak.com\/en\/"},{"@type":"ListItem","position":2,"name":"Portfolio","item":"https:\/\/marzenawalczak.com\/portfolio-przyroda-w-skali-makro\/"},{"@type":"ListItem","position":3,"name":"czarowny kwiat"}]},{"@type":"WebSite","@id":"https:\/\/marzenawalczak.com\/#website","url":"https:\/\/marzenawalczak.com\/","name":"Marzena Walczak Photography","description":"Galeria artystyczna","publisher":{"@id":"https:\/\/marzenawalczak.com\/#organization"},"potentialAction":[{"@type":"SearchAction","target":{"@type":"EntryPoint","urlTemplate":"https:\/\/marzenawalczak.com\/?s={search_term_string}"},"query-input":{"@type":"PropertyValueSpecification","valueRequired":true,"valueName":"search_term_string"}}],"inLanguage":"fr-FR"},{"@type":"Organization","@id":"https:\/\/marzenawalczak.com\/#organization","name":"Marzena Walczak photography","url":"https:\/\/marzenawalczak.com\/","logo":{"@type":"ImageObject","inLanguage":"fr-FR","@id":"https:\/\/marzenawalczak.com\/#\/schema\/logo\/image\/","url":"https:\/\/marzenawalczak.com\/wp-content\/uploads\/2022\/07\/DSC_0210.jpg","contentUrl":"https:\/\/marzenawalczak.com\/wp-content\/uploads\/2022\/07\/DSC_0210.jpg","width":1800,"height":1207,"caption":"Marzena Walczak photography"},"image":{"@id":"https:\/\/marzenawalczak.com\/#\/schema\/logo\/image\/"},"sameAs":["https:\/\/www.instagram.com\/marzenawalczak_com\/"]}]}</script>
<!-- / Yoast SEO plugin. -->

Oczar - detale przyrody w kadrach makro. Chwila zachwytu nad światem, który trudno dostrzec. Zdjęcia do wystroju wnętrz. Oryginalny prezent.

[:pl]czarowny kwiat[:en]letnia czerwień 3[:] &#8211; Marzena Walczak Photography

Oczar i jego strzępiaste kwiatki w świetle wiosennego poranka.

Strona główna
