{"id":609,"date":"2022-04-07T12:14:09","date_gmt":"2022-04-07T11:14:09","guid":{"rendered":"https:\/\/marzenawalczak.com\/?post_type=product&#038;p=609"},"modified":"2023-09-29T08:54:09","modified_gmt":"2023-09-29T07:54:09","slug":"cis-fotografia-artystyczna","status":"publish","type":"product","link":"https:\/\/marzenawalczak.com\/fr\/produkt\/cis-fotografia-artystyczna\/","title":{"rendered":"cis"},"content":{"rendered":"<div>Cis. Ma ju\u017c 400 milion\u00f3w lat, a ci\u0105gle jest m\u0142ody i urodziwy.<\/div>\n<div>Czerwone owocki na zielonej iglastej ga\u0142\u0105zce wygl\u0105daj\u0105 bardzo apetycznie. B\u0119d\u0105 przysmakiem dla sikorek.<\/div>\n<div>Promienie porannego s\u0142o\u0144ca tworz\u0105 wspania\u0142y nastr\u00f3j w cisowym ogrodzie.<\/div>\n<div><\/div>\n<p>&nbsp;<\/p>\n","protected":false},"excerpt":{"rendered":"<p>Cis. Ma ju\u017c 400 milion\u00f3w lat, a ci\u0105gle jest m\u0142ody i urodziwy. Czerwone owocki na zielonej iglastej ga\u0142\u0105zce wygl\u0105daj\u0105 bardzo apetycznie. B\u0119d\u0105 przysmakiem dla sikorek. Promienie porannego s\u0142o\u0144ca tworz\u0105 wspania\u0142y nastr\u00f3j w cisowym ogrodzie. &nbsp;<\/p>\n","protected":false},"featured_media":808,"template":"","meta":{"_acf_changed":false},"product_brand":[],"product_cat":[16],"product_tag":[76,47,49,156,64,69,58,83,116,134,149,50,88,48],"class_list":{"0":"post-609","1":"product","2":"type-product","3":"status-publish","4":"has-post-thumbnail","6":"product_cat-bez-kategorii","7":"product_tag-barwny","8":"product_tag-cis","9":"product_tag-czerwony","10":"product_tag-gift","11":"product_tag-jesien","12":"product_tag-karminowy","13":"product_tag-kolorowy","14":"product_tag-makro","15":"product_tag-natura","16":"product_tag-ogrod","17":"product_tag-oryginalny-prezent","18":"product_tag-owoc","19":"product_tag-swiatlo-i-cien","20":"product_tag-taxus","21":"product_shipping_class-polska","23":"first","24":"onbackorder","25":"shipping-taxable","26":"purchasable","27":"product-type-variable"},"acf":[],"yoast_head":"<!-- This site is optimized with the Yoast SEO plugin v27.5 - https:\/\/yoast.com\/product\/yoast-seo-wordpress\/ -->\n<title>cis<\/title>\n<meta name=\"description\" content=\"Cis - fotografia artystyczna- detale przyrody w kadrach makro. Chwila zachwytu nad \u015bwiatem, kt\u00f3ry trudno dostrzec. Foto-obrazy do wystroju wn\u0119trz.\" \/>\n<meta name=\"robots\" content=\"index, follow, max-snippet:-1, max-image-preview:large, max-video-preview:-1\" \/>\n<link rel=\"canonical\" href=\"https:\/\/marzenawalczak.com\/fr\/produkt\/cis-fotografia-artystyczna\/\" \/>\n<meta property=\"og:locale\" content=\"fr_FR\" \/>\n<meta property=\"og:locale:alternate\" content=\"pl_PL\" \/>\n<meta property=\"og:locale:alternate\" content=\"en_US\" \/>\n<meta property=\"og:type\" content=\"article\" \/>\n<meta property=\"og:title\" content=\"cis\" \/>\n<meta property=\"og:description\" content=\"Cis - fotografia artystyczna- detale przyrody w kadrach makro. Chwila zachwytu nad \u015bwiatem, kt\u00f3ry trudno dostrzec. Fotoobrazy do wystroju wn\u0119trz.\" \/>\n<meta property=\"og:url\" content=\"https:\/\/marzenawalczak.com\/fr\/produkt\/cis-fotografia-artystyczna\/\" \/>\n<meta property=\"og:site_name\" content=\"Marzena Walczak Photography\" \/>\n<meta property=\"article:modified_time\" content=\"2023-09-29T07:54:09+00:00\" \/>\n<meta property=\"og:image\" content=\"https:\/\/marzenawalczak.com\/wp-content\/uploads\/2022\/04\/owoc-cisu.jpg\" \/>\n\t<meta property=\"og:image:width\" content=\"1800\" \/>\n\t<meta property=\"og:image:height\" content=\"1192\" \/>\n\t<meta property=\"og:image:type\" content=\"image\/jpeg\" \/>\n<meta name=\"twitter:card\" content=\"summary_large_image\" \/>\n<meta name=\"twitter:label1\" content=\"Dur\u00e9e de lecture estim\u00e9e\" \/>\n\t<meta name=\"twitter:data1\" content=\"1 minute\" \/>\n<script type=\"application\/ld+json\" class=\"yoast-schema-graph\">{\"@context\":\"https:\\\/\\\/schema.org\",\"@graph\":[{\"@type\":\"WebPage\",\"@id\":\"https:\\\/\\\/marzenawalczak.com\\\/produkt\\\/cis-fotografia-artystyczna\\\/\",\"url\":\"https:\\\/\\\/marzenawalczak.com\\\/produkt\\\/cis-fotografia-artystyczna\\\/\",\"name\":\"cis\",\"isPartOf\":{\"@id\":\"https:\\\/\\\/marzenawalczak.com\\\/#website\"},\"primaryImageOfPage\":{\"@id\":\"https:\\\/\\\/marzenawalczak.com\\\/produkt\\\/cis-fotografia-artystyczna\\\/#primaryimage\"},\"image\":{\"@id\":\"https:\\\/\\\/marzenawalczak.com\\\/produkt\\\/cis-fotografia-artystyczna\\\/#primaryimage\"},\"thumbnailUrl\":\"https:\\\/\\\/marzenawalczak.com\\\/wp-content\\\/uploads\\\/2022\\\/04\\\/owoc-cisu.jpg\",\"datePublished\":\"2022-04-07T11:14:09+00:00\",\"dateModified\":\"2023-09-29T07:54:09+00:00\",\"description\":\"Cis - fotografia artystyczna- detale przyrody w kadrach makro. Chwila zachwytu nad \u015bwiatem, kt\u00f3ry trudno dostrzec. Fotoobrazy do wystroju wn\u0119trz.\",\"breadcrumb\":{\"@id\":\"https:\\\/\\\/marzenawalczak.com\\\/produkt\\\/cis-fotografia-artystyczna\\\/#breadcrumb\"},\"inLanguage\":\"fr-FR\",\"potentialAction\":[{\"@type\":\"ReadAction\",\"target\":[\"https:\\\/\\\/marzenawalczak.com\\\/produkt\\\/cis-fotografia-artystyczna\\\/\"]}]},{\"@type\":\"ImageObject\",\"inLanguage\":\"fr-FR\",\"@id\":\"https:\\\/\\\/marzenawalczak.com\\\/produkt\\\/cis-fotografia-artystyczna\\\/#primaryimage\",\"url\":\"https:\\\/\\\/marzenawalczak.com\\\/wp-content\\\/uploads\\\/2022\\\/04\\\/owoc-cisu.jpg\",\"contentUrl\":\"https:\\\/\\\/marzenawalczak.com\\\/wp-content\\\/uploads\\\/2022\\\/04\\\/owoc-cisu.jpg\",\"width\":1800,\"height\":1192,\"caption\":\"Cis - fotografia artystyczna. Czerwone owocki cisu na zielonej iglastej ga\u0142\u0105zce wygl\u0105daj\u0105 bardzo apetycznie, cho\u0107 s\u0105 truj\u0105ce.\"},{\"@type\":\"BreadcrumbList\",\"@id\":\"https:\\\/\\\/marzenawalczak.com\\\/produkt\\\/cis-fotografia-artystyczna\\\/#breadcrumb\",\"itemListElement\":[{\"@type\":\"ListItem\",\"position\":1,\"name\":\"Strona g\u0142\u00f3wna\",\"item\":\"https:\\\/\\\/marzenawalczak.com\\\/en\\\/\"},{\"@type\":\"ListItem\",\"position\":2,\"name\":\"Portfolio\",\"item\":\"https:\\\/\\\/marzenawalczak.com\\\/portfolio-przyroda-w-skali-makro\\\/\"},{\"@type\":\"ListItem\",\"position\":3,\"name\":\"cis\"}]},{\"@type\":\"WebSite\",\"@id\":\"https:\\\/\\\/marzenawalczak.com\\\/#website\",\"url\":\"https:\\\/\\\/marzenawalczak.com\\\/\",\"name\":\"Marzena Walczak Photography\",\"description\":\"Galeria artystyczna\",\"publisher\":{\"@id\":\"https:\\\/\\\/marzenawalczak.com\\\/#organization\"},\"potentialAction\":[{\"@type\":\"SearchAction\",\"target\":{\"@type\":\"EntryPoint\",\"urlTemplate\":\"https:\\\/\\\/marzenawalczak.com\\\/?s={search_term_string}\"},\"query-input\":{\"@type\":\"PropertyValueSpecification\",\"valueRequired\":true,\"valueName\":\"search_term_string\"}}],\"inLanguage\":\"fr-FR\"},{\"@type\":\"Organization\",\"@id\":\"https:\\\/\\\/marzenawalczak.com\\\/#organization\",\"name\":\"Marzena Walczak photography\",\"url\":\"https:\\\/\\\/marzenawalczak.com\\\/\",\"logo\":{\"@type\":\"ImageObject\",\"inLanguage\":\"fr-FR\",\"@id\":\"https:\\\/\\\/marzenawalczak.com\\\/#\\\/schema\\\/logo\\\/image\\\/\",\"url\":\"https:\\\/\\\/marzenawalczak.com\\\/wp-content\\\/uploads\\\/2022\\\/07\\\/DSC_0210.jpg\",\"contentUrl\":\"https:\\\/\\\/marzenawalczak.com\\\/wp-content\\\/uploads\\\/2022\\\/07\\\/DSC_0210.jpg\",\"width\":1800,\"height\":1207,\"caption\":\"Marzena Walczak photography\"},\"image\":{\"@id\":\"https:\\\/\\\/marzenawalczak.com\\\/#\\\/schema\\\/logo\\\/image\\\/\"},\"sameAs\":[\"https:\\\/\\\/www.instagram.com\\\/marzenawalczak_com\\\/\"]}]}<\/script>\n<!-- \/ Yoast SEO plugin. -->","yoast_head_json":{"title":"cis","description":"Cis - fotografia artystyczna- detale przyrody w kadrach makro. Chwila zachwytu nad \u015bwiatem, kt\u00f3ry trudno dostrzec. Foto-obrazy do wystroju wn\u0119trz.","robots":{"index":"index","follow":"follow","max-snippet":"max-snippet:-1","max-image-preview":"max-image-preview:large","max-video-preview":"max-video-preview:-1"},"canonical":"https:\/\/marzenawalczak.com\/fr\/produkt\/cis-fotografia-artystyczna\/","og_locale":"fr_FR","og_type":"article","og_title":"[:pl]cis[:en]letnia czerwie\u0144 3[:] &#8211; Marzena Walczak Photography","og_description":"Cis - fotografia artystyczna- detale przyrody w kadrach makro. Chwila zachwytu nad \u015bwiatem, kt\u00f3ry trudno dostrzec. Fotoobrazy do wystroju wn\u0119trz.","og_url":"https:\/\/marzenawalczak.com\/fr\/produkt\/cis-fotografia-artystyczna\/","og_site_name":"Marzena Walczak Photography","article_modified_time":"2023-09-29T07:54:09+00:00","og_image":[{"width":1800,"height":1192,"url":"https:\/\/marzenawalczak.com\/wp-content\/uploads\/2022\/04\/owoc-cisu.jpg","type":"image\/jpeg"}],"twitter_card":"summary_large_image","twitter_misc":{"Dur\u00e9e de lecture estim\u00e9e":"1 minute"},"schema":{"@context":"https:\/\/schema.org","@graph":[{"@type":"WebPage","@id":"https:\/\/marzenawalczak.com\/produkt\/cis-fotografia-artystyczna\/","url":"https:\/\/marzenawalczak.com\/produkt\/cis-fotografia-artystyczna\/","name":"cis","isPartOf":{"@id":"https:\/\/marzenawalczak.com\/#website"},"primaryImageOfPage":{"@id":"https:\/\/marzenawalczak.com\/produkt\/cis-fotografia-artystyczna\/#primaryimage"},"image":{"@id":"https:\/\/marzenawalczak.com\/produkt\/cis-fotografia-artystyczna\/#primaryimage"},"thumbnailUrl":"https:\/\/marzenawalczak.com\/wp-content\/uploads\/2022\/04\/owoc-cisu.jpg","datePublished":"2022-04-07T11:14:09+00:00","dateModified":"2023-09-29T07:54:09+00:00","description":"Cis - fotografia artystyczna- detale przyrody w kadrach makro. Chwila zachwytu nad \u015bwiatem, kt\u00f3ry trudno dostrzec. Fotoobrazy do wystroju wn\u0119trz.","breadcrumb":{"@id":"https:\/\/marzenawalczak.com\/produkt\/cis-fotografia-artystyczna\/#breadcrumb"},"inLanguage":"fr-FR","potentialAction":[{"@type":"ReadAction","target":["https:\/\/marzenawalczak.com\/produkt\/cis-fotografia-artystyczna\/"]}]},{"@type":"ImageObject","inLanguage":"fr-FR","@id":"https:\/\/marzenawalczak.com\/produkt\/cis-fotografia-artystyczna\/#primaryimage","url":"https:\/\/marzenawalczak.com\/wp-content\/uploads\/2022\/04\/owoc-cisu.jpg","contentUrl":"https:\/\/marzenawalczak.com\/wp-content\/uploads\/2022\/04\/owoc-cisu.jpg","width":1800,"height":1192,"caption":"Cis - fotografia artystyczna. Czerwone owocki cisu na zielonej iglastej ga\u0142\u0105zce wygl\u0105daj\u0105 bardzo apetycznie, cho\u0107 s\u0105 truj\u0105ce."},{"@type":"BreadcrumbList","@id":"https:\/\/marzenawalczak.com\/produkt\/cis-fotografia-artystyczna\/#breadcrumb","itemListElement":[{"@type":"ListItem","position":1,"name":"Strona g\u0142\u00f3wna","item":"https:\/\/marzenawalczak.com\/en\/"},{"@type":"ListItem","position":2,"name":"Portfolio","item":"https:\/\/marzenawalczak.com\/portfolio-przyroda-w-skali-makro\/"},{"@type":"ListItem","position":3,"name":"cis"}]},{"@type":"WebSite","@id":"https:\/\/marzenawalczak.com\/#website","url":"https:\/\/marzenawalczak.com\/","name":"Marzena Walczak Photography","description":"Galeria artystyczna","publisher":{"@id":"https:\/\/marzenawalczak.com\/#organization"},"potentialAction":[{"@type":"SearchAction","target":{"@type":"EntryPoint","urlTemplate":"https:\/\/marzenawalczak.com\/?s={search_term_string}"},"query-input":{"@type":"PropertyValueSpecification","valueRequired":true,"valueName":"search_term_string"}}],"inLanguage":"fr-FR"},{"@type":"Organization","@id":"https:\/\/marzenawalczak.com\/#organization","name":"Marzena Walczak photography","url":"https:\/\/marzenawalczak.com\/","logo":{"@type":"ImageObject","inLanguage":"fr-FR","@id":"https:\/\/marzenawalczak.com\/#\/schema\/logo\/image\/","url":"https:\/\/marzenawalczak.com\/wp-content\/uploads\/2022\/07\/DSC_0210.jpg","contentUrl":"https:\/\/marzenawalczak.com\/wp-content\/uploads\/2022\/07\/DSC_0210.jpg","width":1800,"height":1207,"caption":"Marzena Walczak photography"},"image":{"@id":"https:\/\/marzenawalczak.com\/#\/schema\/logo\/image\/"},"sameAs":["https:\/\/www.instagram.com\/marzenawalczak_com\/"]}]}},"_links":{"self":[{"href":"https:\/\/marzenawalczak.com\/fr\/wp-json\/wp\/v2\/product\/609","targetHints":{"allow":["GET"]}}],"collection":[{"href":"https:\/\/marzenawalczak.com\/fr\/wp-json\/wp\/v2\/product"}],"about":[{"href":"https:\/\/marzenawalczak.com\/fr\/wp-json\/wp\/v2\/types\/product"}],"wp:featuredmedia":[{"embeddable":true,"href":"https:\/\/marzenawalczak.com\/fr\/wp-json\/wp\/v2\/media\/808"}],"wp:attachment":[{"href":"https:\/\/marzenawalczak.com\/fr\/wp-json\/wp\/v2\/media?parent=609"}],"wp:term":[{"taxonomy":"product_brand","embeddable":true,"href":"https:\/\/marzenawalczak.com\/fr\/wp-json\/wp\/v2\/product_brand?post=609"},{"taxonomy":"product_cat","embeddable":true,"href":"https:\/\/marzenawalczak.com\/fr\/wp-json\/wp\/v2\/product_cat?post=609"},{"taxonomy":"product_tag","embeddable":true,"href":"https:\/\/marzenawalczak.com\/fr\/wp-json\/wp\/v2\/product_tag?post=609"}],"curies":[{"name":"wp","href":"https:\/\/api.w.org\/{rel}","templated":true}]}}

<div>Cis. Ma już 400 milionów lat, a ciągle jest młody i urodziwy.</div>
<div>Czerwone owocki na zielonej iglastej gałązce wyglądają bardzo apetycznie. Będą przysmakiem dla sikorek.</div>
<div>Promienie porannego słońca tworzą wspaniały nastrój w cisowym ogrodzie.</div>
<div></div>
<p>&nbsp;</p>

<p>Cis. Ma już 400 milionów lat, a ciągle jest młody i urodziwy. Czerwone owocki na zielonej iglastej gałązce wyglądają bardzo apetycznie. Będą przysmakiem dla sikorek. Promienie porannego słońca tworzą wspaniały nastrój w cisowym ogrodzie. &nbsp;</p>

<!-- This site is optimized with the Yoast SEO plugin v27.5 - https://yoast.com/product/yoast-seo-wordpress/ -->
<title>cis</title>
<meta name="description" content="Cis - fotografia artystyczna- detale przyrody w kadrach makro. Chwila zachwytu nad światem, który trudno dostrzec. Foto-obrazy do wystroju wnętrz." />
<meta name="robots" content="index, follow, max-snippet:-1, max-image-preview:large, max-video-preview:-1" />
<link rel="canonical" href="https://marzenawalczak.com/fr/produkt/cis-fotografia-artystyczna/" />
<meta property="og:locale" content="fr_FR" />
<meta property="og:locale:alternate" content="pl_PL" />
<meta property="og:locale:alternate" content="en_US" />
<meta property="og:type" content="article" />
<meta property="og:title" content="cis" />
<meta property="og:description" content="Cis - fotografia artystyczna- detale przyrody w kadrach makro. Chwila zachwytu nad światem, który trudno dostrzec. Fotoobrazy do wystroju wnętrz." />
<meta property="og:url" content="https://marzenawalczak.com/fr/produkt/cis-fotografia-artystyczna/" />
<meta property="og:site_name" content="Marzena Walczak Photography" />
<meta property="article:modified_time" content="2023-09-29T07:54:09+00:00" />
<meta property="og:image" content="https://marzenawalczak.com/wp-content/uploads/2022/04/owoc-cisu.jpg" />
	<meta property="og:image:width" content="1800" />
	<meta property="og:image:height" content="1192" />
	<meta property="og:image:type" content="image/jpeg" />
<meta name="twitter:card" content="summary_large_image" />
<meta name="twitter:label1" content="Durée de lecture estimée" />
	<meta name="twitter:data1" content="1 minute" />
<script type="application/ld+json" class="yoast-schema-graph">{"@context":"https:\/\/schema.org","@graph":[{"@type":"WebPage","@id":"https:\/\/marzenawalczak.com\/produkt\/cis-fotografia-artystyczna\/","url":"https:\/\/marzenawalczak.com\/produkt\/cis-fotografia-artystyczna\/","name":"cis","isPartOf":{"@id":"https:\/\/marzenawalczak.com\/#website"},"primaryImageOfPage":{"@id":"https:\/\/marzenawalczak.com\/produkt\/cis-fotografia-artystyczna\/#primaryimage"},"image":{"@id":"https:\/\/marzenawalczak.com\/produkt\/cis-fotografia-artystyczna\/#primaryimage"},"thumbnailUrl":"https:\/\/marzenawalczak.com\/wp-content\/uploads\/2022\/04\/owoc-cisu.jpg","datePublished":"2022-04-07T11:14:09+00:00","dateModified":"2023-09-29T07:54:09+00:00","description":"Cis - fotografia artystyczna- detale przyrody w kadrach makro. Chwila zachwytu nad światem, który trudno dostrzec. Fotoobrazy do wystroju wnętrz.","breadcrumb":{"@id":"https:\/\/marzenawalczak.com\/produkt\/cis-fotografia-artystyczna\/#breadcrumb"},"inLanguage":"fr-FR","potentialAction":[{"@type":"ReadAction","target":["https:\/\/marzenawalczak.com\/produkt\/cis-fotografia-artystyczna\/"]}]},{"@type":"ImageObject","inLanguage":"fr-FR","@id":"https:\/\/marzenawalczak.com\/produkt\/cis-fotografia-artystyczna\/#primaryimage","url":"https:\/\/marzenawalczak.com\/wp-content\/uploads\/2022\/04\/owoc-cisu.jpg","contentUrl":"https:\/\/marzenawalczak.com\/wp-content\/uploads\/2022\/04\/owoc-cisu.jpg","width":1800,"height":1192,"caption":"Cis - fotografia artystyczna. Czerwone owocki cisu na zielonej iglastej gałązce wyglądają bardzo apetycznie, choć są trujące."},{"@type":"BreadcrumbList","@id":"https:\/\/marzenawalczak.com\/produkt\/cis-fotografia-artystyczna\/#breadcrumb","itemListElement":[{"@type":"ListItem","position":1,"name":"Strona główna","item":"https:\/\/marzenawalczak.com\/en\/"},{"@type":"ListItem","position":2,"name":"Portfolio","item":"https:\/\/marzenawalczak.com\/portfolio-przyroda-w-skali-makro\/"},{"@type":"ListItem","position":3,"name":"cis"}]},{"@type":"WebSite","@id":"https:\/\/marzenawalczak.com\/#website","url":"https:\/\/marzenawalczak.com\/","name":"Marzena Walczak Photography","description":"Galeria artystyczna","publisher":{"@id":"https:\/\/marzenawalczak.com\/#organization"},"potentialAction":[{"@type":"SearchAction","target":{"@type":"EntryPoint","urlTemplate":"https:\/\/marzenawalczak.com\/?s={search_term_string}"},"query-input":{"@type":"PropertyValueSpecification","valueRequired":true,"valueName":"search_term_string"}}],"inLanguage":"fr-FR"},{"@type":"Organization","@id":"https:\/\/marzenawalczak.com\/#organization","name":"Marzena Walczak photography","url":"https:\/\/marzenawalczak.com\/","logo":{"@type":"ImageObject","inLanguage":"fr-FR","@id":"https:\/\/marzenawalczak.com\/#\/schema\/logo\/image\/","url":"https:\/\/marzenawalczak.com\/wp-content\/uploads\/2022\/07\/DSC_0210.jpg","contentUrl":"https:\/\/marzenawalczak.com\/wp-content\/uploads\/2022\/07\/DSC_0210.jpg","width":1800,"height":1207,"caption":"Marzena Walczak photography"},"image":{"@id":"https:\/\/marzenawalczak.com\/#\/schema\/logo\/image\/"},"sameAs":["https:\/\/www.instagram.com\/marzenawalczak_com\/"]}]}</script>
<!-- / Yoast SEO plugin. -->

Cis - fotografia artystyczna- detale przyrody w kadrach makro. Chwila zachwytu nad światem, który trudno dostrzec. Foto-obrazy do wystroju wnętrz.

[:pl]cis[:en]letnia czerwień 3[:] &#8211; Marzena Walczak Photography

Cis - fotografia artystyczna- detale przyrody w kadrach makro. Chwila zachwytu nad światem, który trudno dostrzec. Fotoobrazy do wystroju wnętrz.

Cis - fotografia artystyczna. Czerwone owocki cisu na zielonej iglastej gałązce wyglądają bardzo apetycznie, choć są trujące.

Strona główna
