{"id":634,"date":"2022-05-17T11:34:47","date_gmt":"2022-05-17T10:34:47","guid":{"rendered":"https:\/\/marzenawalczak.com\/?post_type=product&#038;p=634"},"modified":"2023-09-26T15:32:55","modified_gmt":"2023-09-26T14:32:55","slug":"borowka-czernica-w-zielonej-szacie","status":"publish","type":"product","link":"https:\/\/marzenawalczak.com\/fr\/produkt\/borowka-czernica-w-zielonej-szacie\/","title":{"rendered":"panna jagoda"},"content":{"rendered":"<p>Bor\u00f3wka czernica w zielonej szacie<\/p>\n<p>Lubicie zbiera\u0107 jagody? A czy wiedzieli\u015bcie, \u017ce maj\u0105 takie pi\u0119kne, filigranowe kwiatki? Wybierzcie si\u0119 do lasu. Obejrzyjcie te male\u0144kie cuda natury, naprawd\u0119 warto si\u0119 przychyli\u0107.<\/p>\n<p>Ponadto. Ju\u017c kilkuminutowy spacer wystarczy, by poprawi\u0107 samopoczucie. Pod wp\u0142ywem ruchu wydzielaj\u0105 si\u0119 \u201chormony szcz\u0119\u015bcia\u201d, a kolory takie jak ziele\u0144 i b\u0142\u0119kit uspokajaj\u0105 i pozwalaj\u0105 si\u0119 wyciszy\u0107. Kontakt z <a href=\"https:\/\/marzenawalczak.com\/produkt\/fiolek-wonny\/\"><strong>natur\u0105<\/strong><\/a> sprawia, \u017ce obni\u017ca si\u0119 ci\u015bnienie, puls i poziom stresu. To idealne warunki, aby si\u0119 zrelaksowa\u0107 i naprawd\u0119 odpocz\u0105\u0107.<\/p>\n<p>&nbsp;<\/p>\n","protected":false},"excerpt":{"rendered":"<p>wiosna wiosna wiosna, ach to ty<\/p>\n","protected":false},"featured_media":806,"template":"","meta":{"_acf_changed":false},"product_brand":[],"product_cat":[16],"product_tag":[167,166,255,92,93,156,165,168,96,169,121,106,88,78],"class_list":{"0":"post-634","1":"product","2":"type-product","3":"status-publish","4":"has-post-thumbnail","6":"product_cat-bez-kategorii","7":"product_tag-borowka-czernica","8":"product_tag-borowka","9":"product_tag-cuda-natury","10":"product_tag-fiolet","11":"product_tag-fioletowy","12":"product_tag-gift","13":"product_tag-jagoda","14":"product_tag-kwiat-borowki","15":"product_tag-kwiaty-lata","16":"product_tag-las","17":"product_tag-prezent","18":"product_tag-rozowy","19":"product_tag-swiatlo-i-cien","20":"product_tag-wiosenne-kwiaty","21":"product_shipping_class-polska","23":"first","24":"onbackorder","25":"shipping-taxable","26":"purchasable","27":"product-type-variable"},"acf":[],"yoast_head":"<!-- This site is optimized with the Yoast SEO plugin v27.5 - https:\/\/yoast.com\/product\/yoast-seo-wordpress\/ -->\n<title>panna jagoda<\/title>\n<meta name=\"description\" content=\"Bor\u00f3wka czernica w zielonej szacie - detale przyrody w kadrach makro. Chwila zachwytu nad \u015bwiatem, kt\u00f3ry trudno dostrzec. Zdj\u0119cia do wystroju wn\u0119trz.\" \/>\n<meta name=\"robots\" content=\"index, follow, max-snippet:-1, max-image-preview:large, max-video-preview:-1\" \/>\n<link rel=\"canonical\" href=\"https:\/\/marzenawalczak.com\/fr\/produkt\/borowka-czernica-w-zielonej-szacie\/\" \/>\n<meta property=\"og:locale\" content=\"fr_FR\" \/>\n<meta property=\"og:locale:alternate\" content=\"pl_PL\" \/>\n<meta property=\"og:locale:alternate\" content=\"en_US\" \/>\n<meta property=\"og:type\" content=\"article\" \/>\n<meta property=\"og:title\" content=\"panna jagoda\" \/>\n<meta property=\"og:description\" content=\"Bor\u00f3wka czernica w zielonej szacie - detale przyrody w kadrach makro. Chwila zachwytu nad \u015bwiatem, kt\u00f3ry trudno dostrzec. Zdj\u0119cia do wystroju wn\u0119trz.\" \/>\n<meta property=\"og:url\" content=\"https:\/\/marzenawalczak.com\/fr\/produkt\/borowka-czernica-w-zielonej-szacie\/\" \/>\n<meta property=\"og:site_name\" content=\"Marzena Walczak Photography\" \/>\n<meta property=\"article:modified_time\" content=\"2023-09-26T14:32:55+00:00\" \/>\n<meta property=\"og:image\" content=\"https:\/\/marzenawalczak.com\/wp-content\/uploads\/2022\/05\/panna-jagodka.jpg\" \/>\n\t<meta property=\"og:image:width\" content=\"1250\" \/>\n\t<meta property=\"og:image:height\" content=\"1887\" \/>\n\t<meta property=\"og:image:type\" content=\"image\/jpeg\" \/>\n<meta name=\"twitter:card\" content=\"summary_large_image\" \/>\n<meta name=\"twitter:label1\" content=\"Dur\u00e9e de lecture estim\u00e9e\" \/>\n\t<meta name=\"twitter:data1\" content=\"1 minute\" \/>\n<script type=\"application\/ld+json\" class=\"yoast-schema-graph\">{\"@context\":\"https:\\\/\\\/schema.org\",\"@graph\":[{\"@type\":\"WebPage\",\"@id\":\"https:\\\/\\\/marzenawalczak.com\\\/produkt\\\/borowka-czernica-w-zielonej-szacie\\\/\",\"url\":\"https:\\\/\\\/marzenawalczak.com\\\/produkt\\\/borowka-czernica-w-zielonej-szacie\\\/\",\"name\":\"panna jagoda\",\"isPartOf\":{\"@id\":\"https:\\\/\\\/marzenawalczak.com\\\/#website\"},\"primaryImageOfPage\":{\"@id\":\"https:\\\/\\\/marzenawalczak.com\\\/produkt\\\/borowka-czernica-w-zielonej-szacie\\\/#primaryimage\"},\"image\":{\"@id\":\"https:\\\/\\\/marzenawalczak.com\\\/produkt\\\/borowka-czernica-w-zielonej-szacie\\\/#primaryimage\"},\"thumbnailUrl\":\"https:\\\/\\\/marzenawalczak.com\\\/wp-content\\\/uploads\\\/2022\\\/05\\\/panna-jagodka.jpg\",\"datePublished\":\"2022-05-17T10:34:47+00:00\",\"dateModified\":\"2023-09-26T14:32:55+00:00\",\"description\":\"Bor\u00f3wka czernica w zielonej szacie - detale przyrody w kadrach makro. Chwila zachwytu nad \u015bwiatem, kt\u00f3ry trudno dostrzec. Zdj\u0119cia do wystroju wn\u0119trz.\",\"breadcrumb\":{\"@id\":\"https:\\\/\\\/marzenawalczak.com\\\/produkt\\\/borowka-czernica-w-zielonej-szacie\\\/#breadcrumb\"},\"inLanguage\":\"fr-FR\",\"potentialAction\":[{\"@type\":\"ReadAction\",\"target\":[\"https:\\\/\\\/marzenawalczak.com\\\/produkt\\\/borowka-czernica-w-zielonej-szacie\\\/\"]}]},{\"@type\":\"ImageObject\",\"inLanguage\":\"fr-FR\",\"@id\":\"https:\\\/\\\/marzenawalczak.com\\\/produkt\\\/borowka-czernica-w-zielonej-szacie\\\/#primaryimage\",\"url\":\"https:\\\/\\\/marzenawalczak.com\\\/wp-content\\\/uploads\\\/2022\\\/05\\\/panna-jagodka.jpg\",\"contentUrl\":\"https:\\\/\\\/marzenawalczak.com\\\/wp-content\\\/uploads\\\/2022\\\/05\\\/panna-jagodka.jpg\",\"width\":1250,\"height\":1887,\"caption\":\"bor\u00f3wka czernica w zielonej szacie - fotografia artystyczna male\u0144kich cud\u00f3w natury\"},{\"@type\":\"BreadcrumbList\",\"@id\":\"https:\\\/\\\/marzenawalczak.com\\\/produkt\\\/borowka-czernica-w-zielonej-szacie\\\/#breadcrumb\",\"itemListElement\":[{\"@type\":\"ListItem\",\"position\":1,\"name\":\"Strona g\u0142\u00f3wna\",\"item\":\"https:\\\/\\\/marzenawalczak.com\\\/en\\\/\"},{\"@type\":\"ListItem\",\"position\":2,\"name\":\"Portfolio\",\"item\":\"https:\\\/\\\/marzenawalczak.com\\\/portfolio-przyroda-w-skali-makro\\\/\"},{\"@type\":\"ListItem\",\"position\":3,\"name\":\"panna jagoda\"}]},{\"@type\":\"WebSite\",\"@id\":\"https:\\\/\\\/marzenawalczak.com\\\/#website\",\"url\":\"https:\\\/\\\/marzenawalczak.com\\\/\",\"name\":\"Marzena Walczak Photography\",\"description\":\"Galeria artystyczna\",\"publisher\":{\"@id\":\"https:\\\/\\\/marzenawalczak.com\\\/#organization\"},\"potentialAction\":[{\"@type\":\"SearchAction\",\"target\":{\"@type\":\"EntryPoint\",\"urlTemplate\":\"https:\\\/\\\/marzenawalczak.com\\\/?s={search_term_string}\"},\"query-input\":{\"@type\":\"PropertyValueSpecification\",\"valueRequired\":true,\"valueName\":\"search_term_string\"}}],\"inLanguage\":\"fr-FR\"},{\"@type\":\"Organization\",\"@id\":\"https:\\\/\\\/marzenawalczak.com\\\/#organization\",\"name\":\"Marzena Walczak photography\",\"url\":\"https:\\\/\\\/marzenawalczak.com\\\/\",\"logo\":{\"@type\":\"ImageObject\",\"inLanguage\":\"fr-FR\",\"@id\":\"https:\\\/\\\/marzenawalczak.com\\\/#\\\/schema\\\/logo\\\/image\\\/\",\"url\":\"https:\\\/\\\/marzenawalczak.com\\\/wp-content\\\/uploads\\\/2022\\\/07\\\/DSC_0210.jpg\",\"contentUrl\":\"https:\\\/\\\/marzenawalczak.com\\\/wp-content\\\/uploads\\\/2022\\\/07\\\/DSC_0210.jpg\",\"width\":1800,\"height\":1207,\"caption\":\"Marzena Walczak photography\"},\"image\":{\"@id\":\"https:\\\/\\\/marzenawalczak.com\\\/#\\\/schema\\\/logo\\\/image\\\/\"},\"sameAs\":[\"https:\\\/\\\/www.instagram.com\\\/marzenawalczak_com\\\/\"]}]}<\/script>\n<!-- \/ Yoast SEO plugin. -->","yoast_head_json":{"title":"panna jagoda","description":"Bor\u00f3wka czernica w zielonej szacie - detale przyrody w kadrach makro. Chwila zachwytu nad \u015bwiatem, kt\u00f3ry trudno dostrzec. Zdj\u0119cia do wystroju wn\u0119trz.","robots":{"index":"index","follow":"follow","max-snippet":"max-snippet:-1","max-image-preview":"max-image-preview:large","max-video-preview":"max-video-preview:-1"},"canonical":"https:\/\/marzenawalczak.com\/fr\/produkt\/borowka-czernica-w-zielonej-szacie\/","og_locale":"fr_FR","og_type":"article","og_title":"[:pl]panna jagoda[:en]letnia czerwie\u0144 3[:] &#8211; Marzena Walczak Photography","og_description":"Bor\u00f3wka czernica w zielonej szacie - detale przyrody w kadrach makro. Chwila zachwytu nad \u015bwiatem, kt\u00f3ry trudno dostrzec. Zdj\u0119cia do wystroju wn\u0119trz.","og_url":"https:\/\/marzenawalczak.com\/fr\/produkt\/borowka-czernica-w-zielonej-szacie\/","og_site_name":"Marzena Walczak Photography","article_modified_time":"2023-09-26T14:32:55+00:00","og_image":[{"width":1250,"height":1887,"url":"https:\/\/marzenawalczak.com\/wp-content\/uploads\/2022\/05\/panna-jagodka.jpg","type":"image\/jpeg"}],"twitter_card":"summary_large_image","twitter_misc":{"Dur\u00e9e de lecture estim\u00e9e":"1 minute"},"schema":{"@context":"https:\/\/schema.org","@graph":[{"@type":"WebPage","@id":"https:\/\/marzenawalczak.com\/produkt\/borowka-czernica-w-zielonej-szacie\/","url":"https:\/\/marzenawalczak.com\/produkt\/borowka-czernica-w-zielonej-szacie\/","name":"panna jagoda","isPartOf":{"@id":"https:\/\/marzenawalczak.com\/#website"},"primaryImageOfPage":{"@id":"https:\/\/marzenawalczak.com\/produkt\/borowka-czernica-w-zielonej-szacie\/#primaryimage"},"image":{"@id":"https:\/\/marzenawalczak.com\/produkt\/borowka-czernica-w-zielonej-szacie\/#primaryimage"},"thumbnailUrl":"https:\/\/marzenawalczak.com\/wp-content\/uploads\/2022\/05\/panna-jagodka.jpg","datePublished":"2022-05-17T10:34:47+00:00","dateModified":"2023-09-26T14:32:55+00:00","description":"Bor\u00f3wka czernica w zielonej szacie - detale przyrody w kadrach makro. Chwila zachwytu nad \u015bwiatem, kt\u00f3ry trudno dostrzec. Zdj\u0119cia do wystroju wn\u0119trz.","breadcrumb":{"@id":"https:\/\/marzenawalczak.com\/produkt\/borowka-czernica-w-zielonej-szacie\/#breadcrumb"},"inLanguage":"fr-FR","potentialAction":[{"@type":"ReadAction","target":["https:\/\/marzenawalczak.com\/produkt\/borowka-czernica-w-zielonej-szacie\/"]}]},{"@type":"ImageObject","inLanguage":"fr-FR","@id":"https:\/\/marzenawalczak.com\/produkt\/borowka-czernica-w-zielonej-szacie\/#primaryimage","url":"https:\/\/marzenawalczak.com\/wp-content\/uploads\/2022\/05\/panna-jagodka.jpg","contentUrl":"https:\/\/marzenawalczak.com\/wp-content\/uploads\/2022\/05\/panna-jagodka.jpg","width":1250,"height":1887,"caption":"bor\u00f3wka czernica w zielonej szacie - fotografia artystyczna male\u0144kich cud\u00f3w natury"},{"@type":"BreadcrumbList","@id":"https:\/\/marzenawalczak.com\/produkt\/borowka-czernica-w-zielonej-szacie\/#breadcrumb","itemListElement":[{"@type":"ListItem","position":1,"name":"Strona g\u0142\u00f3wna","item":"https:\/\/marzenawalczak.com\/en\/"},{"@type":"ListItem","position":2,"name":"Portfolio","item":"https:\/\/marzenawalczak.com\/portfolio-przyroda-w-skali-makro\/"},{"@type":"ListItem","position":3,"name":"panna jagoda"}]},{"@type":"WebSite","@id":"https:\/\/marzenawalczak.com\/#website","url":"https:\/\/marzenawalczak.com\/","name":"Marzena Walczak Photography","description":"Galeria artystyczna","publisher":{"@id":"https:\/\/marzenawalczak.com\/#organization"},"potentialAction":[{"@type":"SearchAction","target":{"@type":"EntryPoint","urlTemplate":"https:\/\/marzenawalczak.com\/?s={search_term_string}"},"query-input":{"@type":"PropertyValueSpecification","valueRequired":true,"valueName":"search_term_string"}}],"inLanguage":"fr-FR"},{"@type":"Organization","@id":"https:\/\/marzenawalczak.com\/#organization","name":"Marzena Walczak photography","url":"https:\/\/marzenawalczak.com\/","logo":{"@type":"ImageObject","inLanguage":"fr-FR","@id":"https:\/\/marzenawalczak.com\/#\/schema\/logo\/image\/","url":"https:\/\/marzenawalczak.com\/wp-content\/uploads\/2022\/07\/DSC_0210.jpg","contentUrl":"https:\/\/marzenawalczak.com\/wp-content\/uploads\/2022\/07\/DSC_0210.jpg","width":1800,"height":1207,"caption":"Marzena Walczak photography"},"image":{"@id":"https:\/\/marzenawalczak.com\/#\/schema\/logo\/image\/"},"sameAs":["https:\/\/www.instagram.com\/marzenawalczak_com\/"]}]}},"_links":{"self":[{"href":"https:\/\/marzenawalczak.com\/fr\/wp-json\/wp\/v2\/product\/634","targetHints":{"allow":["GET"]}}],"collection":[{"href":"https:\/\/marzenawalczak.com\/fr\/wp-json\/wp\/v2\/product"}],"about":[{"href":"https:\/\/marzenawalczak.com\/fr\/wp-json\/wp\/v2\/types\/product"}],"wp:featuredmedia":[{"embeddable":true,"href":"https:\/\/marzenawalczak.com\/fr\/wp-json\/wp\/v2\/media\/806"}],"wp:attachment":[{"href":"https:\/\/marzenawalczak.com\/fr\/wp-json\/wp\/v2\/media?parent=634"}],"wp:term":[{"taxonomy":"product_brand","embeddable":true,"href":"https:\/\/marzenawalczak.com\/fr\/wp-json\/wp\/v2\/product_brand?post=634"},{"taxonomy":"product_cat","embeddable":true,"href":"https:\/\/marzenawalczak.com\/fr\/wp-json\/wp\/v2\/product_cat?post=634"},{"taxonomy":"product_tag","embeddable":true,"href":"https:\/\/marzenawalczak.com\/fr\/wp-json\/wp\/v2\/product_tag?post=634"}],"curies":[{"name":"wp","href":"https:\/\/api.w.org\/{rel}","templated":true}]}}

<p>Borówka czernica w zielonej szacie</p>
<p>Lubicie zbierać jagody? A czy wiedzieliście, że mają takie piękne, filigranowe kwiatki? Wybierzcie się do lasu. Obejrzyjcie te maleńkie cuda natury, naprawdę warto się przychylić.</p>
<p>Ponadto. Już kilkuminutowy spacer wystarczy, by poprawić samopoczucie. Pod wpływem ruchu wydzielają się “hormony szczęścia”, a kolory takie jak zieleń i błękit uspokajają i pozwalają się wyciszyć. Kontakt z <a href="https://marzenawalczak.com/produkt/fiolek-wonny/"><strong>naturą</strong></a> sprawia, że obniża się ciśnienie, puls i poziom stresu. To idealne warunki, aby się zrelaksować i naprawdę odpocząć.</p>
<p>&nbsp;</p>

<!-- This site is optimized with the Yoast SEO plugin v27.5 - https://yoast.com/product/yoast-seo-wordpress/ -->
<title>panna jagoda</title>
<meta name="description" content="Borówka czernica w zielonej szacie - detale przyrody w kadrach makro. Chwila zachwytu nad światem, który trudno dostrzec. Zdjęcia do wystroju wnętrz." />
<meta name="robots" content="index, follow, max-snippet:-1, max-image-preview:large, max-video-preview:-1" />
<link rel="canonical" href="https://marzenawalczak.com/fr/produkt/borowka-czernica-w-zielonej-szacie/" />
<meta property="og:locale" content="fr_FR" />
<meta property="og:locale:alternate" content="pl_PL" />
<meta property="og:locale:alternate" content="en_US" />
<meta property="og:type" content="article" />
<meta property="og:title" content="panna jagoda" />
<meta property="og:description" content="Borówka czernica w zielonej szacie - detale przyrody w kadrach makro. Chwila zachwytu nad światem, który trudno dostrzec. Zdjęcia do wystroju wnętrz." />
<meta property="og:url" content="https://marzenawalczak.com/fr/produkt/borowka-czernica-w-zielonej-szacie/" />
<meta property="og:site_name" content="Marzena Walczak Photography" />
<meta property="article:modified_time" content="2023-09-26T14:32:55+00:00" />
<meta property="og:image" content="https://marzenawalczak.com/wp-content/uploads/2022/05/panna-jagodka.jpg" />
	<meta property="og:image:width" content="1250" />
	<meta property="og:image:height" content="1887" />
	<meta property="og:image:type" content="image/jpeg" />
<meta name="twitter:card" content="summary_large_image" />
<meta name="twitter:label1" content="Durée de lecture estimée" />
	<meta name="twitter:data1" content="1 minute" />
<script type="application/ld+json" class="yoast-schema-graph">{"@context":"https:\/\/schema.org","@graph":[{"@type":"WebPage","@id":"https:\/\/marzenawalczak.com\/produkt\/borowka-czernica-w-zielonej-szacie\/","url":"https:\/\/marzenawalczak.com\/produkt\/borowka-czernica-w-zielonej-szacie\/","name":"panna jagoda","isPartOf":{"@id":"https:\/\/marzenawalczak.com\/#website"},"primaryImageOfPage":{"@id":"https:\/\/marzenawalczak.com\/produkt\/borowka-czernica-w-zielonej-szacie\/#primaryimage"},"image":{"@id":"https:\/\/marzenawalczak.com\/produkt\/borowka-czernica-w-zielonej-szacie\/#primaryimage"},"thumbnailUrl":"https:\/\/marzenawalczak.com\/wp-content\/uploads\/2022\/05\/panna-jagodka.jpg","datePublished":"2022-05-17T10:34:47+00:00","dateModified":"2023-09-26T14:32:55+00:00","description":"Borówka czernica w zielonej szacie - detale przyrody w kadrach makro. Chwila zachwytu nad światem, który trudno dostrzec. Zdjęcia do wystroju wnętrz.","breadcrumb":{"@id":"https:\/\/marzenawalczak.com\/produkt\/borowka-czernica-w-zielonej-szacie\/#breadcrumb"},"inLanguage":"fr-FR","potentialAction":[{"@type":"ReadAction","target":["https:\/\/marzenawalczak.com\/produkt\/borowka-czernica-w-zielonej-szacie\/"]}]},{"@type":"ImageObject","inLanguage":"fr-FR","@id":"https:\/\/marzenawalczak.com\/produkt\/borowka-czernica-w-zielonej-szacie\/#primaryimage","url":"https:\/\/marzenawalczak.com\/wp-content\/uploads\/2022\/05\/panna-jagodka.jpg","contentUrl":"https:\/\/marzenawalczak.com\/wp-content\/uploads\/2022\/05\/panna-jagodka.jpg","width":1250,"height":1887,"caption":"borówka czernica w zielonej szacie - fotografia artystyczna maleńkich cudów natury"},{"@type":"BreadcrumbList","@id":"https:\/\/marzenawalczak.com\/produkt\/borowka-czernica-w-zielonej-szacie\/#breadcrumb","itemListElement":[{"@type":"ListItem","position":1,"name":"Strona główna","item":"https:\/\/marzenawalczak.com\/en\/"},{"@type":"ListItem","position":2,"name":"Portfolio","item":"https:\/\/marzenawalczak.com\/portfolio-przyroda-w-skali-makro\/"},{"@type":"ListItem","position":3,"name":"panna jagoda"}]},{"@type":"WebSite","@id":"https:\/\/marzenawalczak.com\/#website","url":"https:\/\/marzenawalczak.com\/","name":"Marzena Walczak Photography","description":"Galeria artystyczna","publisher":{"@id":"https:\/\/marzenawalczak.com\/#organization"},"potentialAction":[{"@type":"SearchAction","target":{"@type":"EntryPoint","urlTemplate":"https:\/\/marzenawalczak.com\/?s={search_term_string}"},"query-input":{"@type":"PropertyValueSpecification","valueRequired":true,"valueName":"search_term_string"}}],"inLanguage":"fr-FR"},{"@type":"Organization","@id":"https:\/\/marzenawalczak.com\/#organization","name":"Marzena Walczak photography","url":"https:\/\/marzenawalczak.com\/","logo":{"@type":"ImageObject","inLanguage":"fr-FR","@id":"https:\/\/marzenawalczak.com\/#\/schema\/logo\/image\/","url":"https:\/\/marzenawalczak.com\/wp-content\/uploads\/2022\/07\/DSC_0210.jpg","contentUrl":"https:\/\/marzenawalczak.com\/wp-content\/uploads\/2022\/07\/DSC_0210.jpg","width":1800,"height":1207,"caption":"Marzena Walczak photography"},"image":{"@id":"https:\/\/marzenawalczak.com\/#\/schema\/logo\/image\/"},"sameAs":["https:\/\/www.instagram.com\/marzenawalczak_com\/"]}]}</script>
<!-- / Yoast SEO plugin. -->

Borówka czernica w zielonej szacie - detale przyrody w kadrach makro. Chwila zachwytu nad światem, który trudno dostrzec. Zdjęcia do wystroju wnętrz.

[:pl]panna jagoda[:en]letnia czerwień 3[:] &#8211; Marzena Walczak Photography

borówka czernica w zielonej szacie - fotografia artystyczna maleńkich cudów natury

Strona główna
