{"id":670,"date":"2022-07-28T15:30:19","date_gmt":"2022-07-28T14:30:19","guid":{"rendered":"https:\/\/marzenawalczak.com\/?post_type=product&#038;p=670"},"modified":"2023-09-26T14:29:04","modified_gmt":"2023-09-26T13:29:04","slug":"koniczyna-polna-fotografia-artystyczna","status":"publish","type":"product","link":"https:\/\/marzenawalczak.com\/fr\/produkt\/koniczyna-polna-fotografia-artystyczna\/","title":{"rendered":"puszyste kotki"},"content":{"rendered":"<div>Koniczyna polna &#8211; fotografia artystyczna.<\/div>\n<div><\/div>\n<div>Mo\u017cna zachwyci\u0107 si\u0119 nawet koniczyn\u0105 poln\u0105. Niepozorna, nie przyci\u0105ga wzroku, a jak si\u0119 nad ni\u0105 pochyli\u0107, mo\u017ce zauroczy\u0107. Jej delikatne, puchate kwiatostany zjawiskowo przystrajaj\u0105 nasz\u0105 rzeczywisto\u015b\u0107, szczeg\u00f3lnie pi\u0119knie w \u015bwietle zachodz\u0105cego s\u0142o\u0144ca. Koniczyna polna podobnie jak <a href=\"https:\/\/marzenawalczak.com\/produkt\/makowa-panienka\/\">mak<\/a>, <a href=\"https:\/\/marzenawalczak.com\/produkt\/laka\/\">chaber <\/a>czy lawenda zachwyca latem. Pi\u0119kne, puszyste na dodatek zdrowe zi\u00f3\u0142ko, godne zainteresowania i artystycznego uj\u0119cia.<\/div>\n<div><a href=\"https:\/\/atlas.roslin.pl\/plant\/8341\">https:\/\/atlas.roslin.pl\/plant\/8341<\/a><\/div>\n","protected":false},"excerpt":{"rendered":"<p>\u015awiat jest pi\u0119kny, znacznie pi\u0119kniejszy ni\u017c wydaje si\u0119 na pierwszy rzut oka.<\/p>\n","protected":false},"featured_media":705,"template":"","meta":{"_acf_changed":false},"product_brand":[],"product_cat":[16],"product_tag":[193,100,96,122,103,83,253,101,252,102,67,246],"class_list":{"0":"post-670","1":"product","2":"type-product","3":"status-publish","4":"has-post-thumbnail","6":"product_cat-bez-kategorii","7":"product_tag-fotoobraz","8":"product_tag-koniczyna-polna","9":"product_tag-kwiaty-lata","10":"product_tag-laka","11":"product_tag-lekka","12":"product_tag-makro","13":"product_tag-obraz-na-prezent","14":"product_tag-puszysta","15":"product_tag-puszystosc","16":"product_tag-rozowa","17":"product_tag-sloneczny","18":"product_tag-swietlisty","19":"product_shipping_class-polska","21":"first","22":"onbackorder","23":"shipping-taxable","24":"purchasable","25":"product-type-variable"},"acf":[],"yoast_head":"<!-- This site is optimized with the Yoast SEO plugin v27.5 - https:\/\/yoast.com\/product\/yoast-seo-wordpress\/ -->\n<title>koniczyna polna - fotografia artystyczna<\/title>\n<meta name=\"description\" content=\"Koniczyna polna - fotografia artystyczna. Detale przyrody w kadrach makro. Chwila zachwytu nad \u015bwiatem. Obrazy do wystroju wn\u0119trz, doskona\u0142e na prezent.\" \/>\n<meta name=\"robots\" content=\"index, follow, max-snippet:-1, max-image-preview:large, max-video-preview:-1\" \/>\n<link rel=\"canonical\" href=\"https:\/\/marzenawalczak.com\/fr\/produkt\/koniczyna-polna-fotografia-artystyczna\/\" \/>\n<meta property=\"og:locale\" content=\"fr_FR\" \/>\n<meta property=\"og:locale:alternate\" content=\"pl_PL\" \/>\n<meta property=\"og:locale:alternate\" content=\"en_US\" \/>\n<meta property=\"og:type\" content=\"article\" \/>\n<meta property=\"og:title\" content=\"koniczyna polna - fotografia artystyczna\" \/>\n<meta property=\"og:description\" content=\"Koniczyna polna - fotografia artystyczna. Detale przyrody w kadrach makro. Chwila zachwytu nad \u015bwiatem. Obrazy do wystroju wn\u0119trz, doskona\u0142e na prezent.\" \/>\n<meta property=\"og:url\" content=\"https:\/\/marzenawalczak.com\/fr\/produkt\/koniczyna-polna-fotografia-artystyczna\/\" \/>\n<meta property=\"og:site_name\" content=\"Marzena Walczak Photography\" \/>\n<meta property=\"article:modified_time\" content=\"2023-09-26T13:29:04+00:00\" \/>\n<meta property=\"og:image\" content=\"https:\/\/marzenawalczak.com\/wp-content\/uploads\/2022\/07\/puszyste-kotki.jpg\" \/>\n\t<meta property=\"og:image:width\" content=\"1800\" \/>\n\t<meta property=\"og:image:height\" content=\"1207\" \/>\n\t<meta property=\"og:image:type\" content=\"image\/jpeg\" \/>\n<meta name=\"twitter:card\" content=\"summary_large_image\" \/>\n<meta name=\"twitter:label1\" content=\"Dur\u00e9e de lecture estim\u00e9e\" \/>\n\t<meta name=\"twitter:data1\" content=\"1 minute\" \/>\n<script type=\"application\/ld+json\" class=\"yoast-schema-graph\">{\"@context\":\"https:\\\/\\\/schema.org\",\"@graph\":[{\"@type\":\"WebPage\",\"@id\":\"https:\\\/\\\/marzenawalczak.com\\\/produkt\\\/koniczyna-polna-fotografia-artystyczna\\\/\",\"url\":\"https:\\\/\\\/marzenawalczak.com\\\/produkt\\\/koniczyna-polna-fotografia-artystyczna\\\/\",\"name\":\"koniczyna polna - fotografia artystyczna\",\"isPartOf\":{\"@id\":\"https:\\\/\\\/marzenawalczak.com\\\/#website\"},\"primaryImageOfPage\":{\"@id\":\"https:\\\/\\\/marzenawalczak.com\\\/produkt\\\/koniczyna-polna-fotografia-artystyczna\\\/#primaryimage\"},\"image\":{\"@id\":\"https:\\\/\\\/marzenawalczak.com\\\/produkt\\\/koniczyna-polna-fotografia-artystyczna\\\/#primaryimage\"},\"thumbnailUrl\":\"https:\\\/\\\/marzenawalczak.com\\\/wp-content\\\/uploads\\\/2022\\\/07\\\/puszyste-kotki.jpg\",\"datePublished\":\"2022-07-28T14:30:19+00:00\",\"dateModified\":\"2023-09-26T13:29:04+00:00\",\"description\":\"Koniczyna polna - fotografia artystyczna. Detale przyrody w kadrach makro. Chwila zachwytu nad \u015bwiatem. Obrazy do wystroju wn\u0119trz, doskona\u0142e na prezent.\",\"breadcrumb\":{\"@id\":\"https:\\\/\\\/marzenawalczak.com\\\/produkt\\\/koniczyna-polna-fotografia-artystyczna\\\/#breadcrumb\"},\"inLanguage\":\"fr-FR\",\"potentialAction\":[{\"@type\":\"ReadAction\",\"target\":[\"https:\\\/\\\/marzenawalczak.com\\\/produkt\\\/koniczyna-polna-fotografia-artystyczna\\\/\"]}]},{\"@type\":\"ImageObject\",\"inLanguage\":\"fr-FR\",\"@id\":\"https:\\\/\\\/marzenawalczak.com\\\/produkt\\\/koniczyna-polna-fotografia-artystyczna\\\/#primaryimage\",\"url\":\"https:\\\/\\\/marzenawalczak.com\\\/wp-content\\\/uploads\\\/2022\\\/07\\\/puszyste-kotki.jpg\",\"contentUrl\":\"https:\\\/\\\/marzenawalczak.com\\\/wp-content\\\/uploads\\\/2022\\\/07\\\/puszyste-kotki.jpg\",\"width\":1800,\"height\":1207,\"caption\":\"Puszyste kotki koniczyny polnej - galeria obraz\u00f3w przeznaczonych do wystroju wn\u0119trz.\"},{\"@type\":\"BreadcrumbList\",\"@id\":\"https:\\\/\\\/marzenawalczak.com\\\/produkt\\\/koniczyna-polna-fotografia-artystyczna\\\/#breadcrumb\",\"itemListElement\":[{\"@type\":\"ListItem\",\"position\":1,\"name\":\"Strona g\u0142\u00f3wna\",\"item\":\"https:\\\/\\\/marzenawalczak.com\\\/en\\\/\"},{\"@type\":\"ListItem\",\"position\":2,\"name\":\"Portfolio\",\"item\":\"https:\\\/\\\/marzenawalczak.com\\\/portfolio-przyroda-w-skali-makro\\\/\"},{\"@type\":\"ListItem\",\"position\":3,\"name\":\"puszyste kotki\"}]},{\"@type\":\"WebSite\",\"@id\":\"https:\\\/\\\/marzenawalczak.com\\\/#website\",\"url\":\"https:\\\/\\\/marzenawalczak.com\\\/\",\"name\":\"Marzena Walczak Photography\",\"description\":\"Galeria artystyczna\",\"publisher\":{\"@id\":\"https:\\\/\\\/marzenawalczak.com\\\/#organization\"},\"potentialAction\":[{\"@type\":\"SearchAction\",\"target\":{\"@type\":\"EntryPoint\",\"urlTemplate\":\"https:\\\/\\\/marzenawalczak.com\\\/?s={search_term_string}\"},\"query-input\":{\"@type\":\"PropertyValueSpecification\",\"valueRequired\":true,\"valueName\":\"search_term_string\"}}],\"inLanguage\":\"fr-FR\"},{\"@type\":\"Organization\",\"@id\":\"https:\\\/\\\/marzenawalczak.com\\\/#organization\",\"name\":\"Marzena Walczak photography\",\"url\":\"https:\\\/\\\/marzenawalczak.com\\\/\",\"logo\":{\"@type\":\"ImageObject\",\"inLanguage\":\"fr-FR\",\"@id\":\"https:\\\/\\\/marzenawalczak.com\\\/#\\\/schema\\\/logo\\\/image\\\/\",\"url\":\"https:\\\/\\\/marzenawalczak.com\\\/wp-content\\\/uploads\\\/2022\\\/07\\\/DSC_0210.jpg\",\"contentUrl\":\"https:\\\/\\\/marzenawalczak.com\\\/wp-content\\\/uploads\\\/2022\\\/07\\\/DSC_0210.jpg\",\"width\":1800,\"height\":1207,\"caption\":\"Marzena Walczak photography\"},\"image\":{\"@id\":\"https:\\\/\\\/marzenawalczak.com\\\/#\\\/schema\\\/logo\\\/image\\\/\"},\"sameAs\":[\"https:\\\/\\\/www.instagram.com\\\/marzenawalczak_com\\\/\"]}]}<\/script>\n<!-- \/ Yoast SEO plugin. -->","yoast_head_json":{"title":"koniczyna polna - fotografia artystyczna","description":"Koniczyna polna - fotografia artystyczna. Detale przyrody w kadrach makro. Chwila zachwytu nad \u015bwiatem. Obrazy do wystroju wn\u0119trz, doskona\u0142e na prezent.","robots":{"index":"index","follow":"follow","max-snippet":"max-snippet:-1","max-image-preview":"max-image-preview:large","max-video-preview":"max-video-preview:-1"},"canonical":"https:\/\/marzenawalczak.com\/fr\/produkt\/koniczyna-polna-fotografia-artystyczna\/","og_locale":"fr_FR","og_type":"article","og_title":"koniczyna polna - fotografia artystyczna","og_description":"Koniczyna polna - fotografia artystyczna. Detale przyrody w kadrach makro. Chwila zachwytu nad \u015bwiatem. Obrazy do wystroju wn\u0119trz, doskona\u0142e na prezent.","og_url":"https:\/\/marzenawalczak.com\/fr\/produkt\/koniczyna-polna-fotografia-artystyczna\/","og_site_name":"Marzena Walczak Photography","article_modified_time":"2023-09-26T13:29:04+00:00","og_image":[{"width":1800,"height":1207,"url":"https:\/\/marzenawalczak.com\/wp-content\/uploads\/2022\/07\/puszyste-kotki.jpg","type":"image\/jpeg"}],"twitter_card":"summary_large_image","twitter_misc":{"Dur\u00e9e de lecture estim\u00e9e":"1 minute"},"schema":{"@context":"https:\/\/schema.org","@graph":[{"@type":"WebPage","@id":"https:\/\/marzenawalczak.com\/produkt\/koniczyna-polna-fotografia-artystyczna\/","url":"https:\/\/marzenawalczak.com\/produkt\/koniczyna-polna-fotografia-artystyczna\/","name":"koniczyna polna - fotografia artystyczna","isPartOf":{"@id":"https:\/\/marzenawalczak.com\/#website"},"primaryImageOfPage":{"@id":"https:\/\/marzenawalczak.com\/produkt\/koniczyna-polna-fotografia-artystyczna\/#primaryimage"},"image":{"@id":"https:\/\/marzenawalczak.com\/produkt\/koniczyna-polna-fotografia-artystyczna\/#primaryimage"},"thumbnailUrl":"https:\/\/marzenawalczak.com\/wp-content\/uploads\/2022\/07\/puszyste-kotki.jpg","datePublished":"2022-07-28T14:30:19+00:00","dateModified":"2023-09-26T13:29:04+00:00","description":"Koniczyna polna - fotografia artystyczna. Detale przyrody w kadrach makro. Chwila zachwytu nad \u015bwiatem. Obrazy do wystroju wn\u0119trz, doskona\u0142e na prezent.","breadcrumb":{"@id":"https:\/\/marzenawalczak.com\/produkt\/koniczyna-polna-fotografia-artystyczna\/#breadcrumb"},"inLanguage":"fr-FR","potentialAction":[{"@type":"ReadAction","target":["https:\/\/marzenawalczak.com\/produkt\/koniczyna-polna-fotografia-artystyczna\/"]}]},{"@type":"ImageObject","inLanguage":"fr-FR","@id":"https:\/\/marzenawalczak.com\/produkt\/koniczyna-polna-fotografia-artystyczna\/#primaryimage","url":"https:\/\/marzenawalczak.com\/wp-content\/uploads\/2022\/07\/puszyste-kotki.jpg","contentUrl":"https:\/\/marzenawalczak.com\/wp-content\/uploads\/2022\/07\/puszyste-kotki.jpg","width":1800,"height":1207,"caption":"Puszyste kotki koniczyny polnej - galeria obraz\u00f3w przeznaczonych do wystroju wn\u0119trz."},{"@type":"BreadcrumbList","@id":"https:\/\/marzenawalczak.com\/produkt\/koniczyna-polna-fotografia-artystyczna\/#breadcrumb","itemListElement":[{"@type":"ListItem","position":1,"name":"Strona g\u0142\u00f3wna","item":"https:\/\/marzenawalczak.com\/en\/"},{"@type":"ListItem","position":2,"name":"Portfolio","item":"https:\/\/marzenawalczak.com\/portfolio-przyroda-w-skali-makro\/"},{"@type":"ListItem","position":3,"name":"puszyste kotki"}]},{"@type":"WebSite","@id":"https:\/\/marzenawalczak.com\/#website","url":"https:\/\/marzenawalczak.com\/","name":"Marzena Walczak Photography","description":"Galeria artystyczna","publisher":{"@id":"https:\/\/marzenawalczak.com\/#organization"},"potentialAction":[{"@type":"SearchAction","target":{"@type":"EntryPoint","urlTemplate":"https:\/\/marzenawalczak.com\/?s={search_term_string}"},"query-input":{"@type":"PropertyValueSpecification","valueRequired":true,"valueName":"search_term_string"}}],"inLanguage":"fr-FR"},{"@type":"Organization","@id":"https:\/\/marzenawalczak.com\/#organization","name":"Marzena Walczak photography","url":"https:\/\/marzenawalczak.com\/","logo":{"@type":"ImageObject","inLanguage":"fr-FR","@id":"https:\/\/marzenawalczak.com\/#\/schema\/logo\/image\/","url":"https:\/\/marzenawalczak.com\/wp-content\/uploads\/2022\/07\/DSC_0210.jpg","contentUrl":"https:\/\/marzenawalczak.com\/wp-content\/uploads\/2022\/07\/DSC_0210.jpg","width":1800,"height":1207,"caption":"Marzena Walczak photography"},"image":{"@id":"https:\/\/marzenawalczak.com\/#\/schema\/logo\/image\/"},"sameAs":["https:\/\/www.instagram.com\/marzenawalczak_com\/"]}]}},"_links":{"self":[{"href":"https:\/\/marzenawalczak.com\/fr\/wp-json\/wp\/v2\/product\/670","targetHints":{"allow":["GET"]}}],"collection":[{"href":"https:\/\/marzenawalczak.com\/fr\/wp-json\/wp\/v2\/product"}],"about":[{"href":"https:\/\/marzenawalczak.com\/fr\/wp-json\/wp\/v2\/types\/product"}],"wp:featuredmedia":[{"embeddable":true,"href":"https:\/\/marzenawalczak.com\/fr\/wp-json\/wp\/v2\/media\/705"}],"wp:attachment":[{"href":"https:\/\/marzenawalczak.com\/fr\/wp-json\/wp\/v2\/media?parent=670"}],"wp:term":[{"taxonomy":"product_brand","embeddable":true,"href":"https:\/\/marzenawalczak.com\/fr\/wp-json\/wp\/v2\/product_brand?post=670"},{"taxonomy":"product_cat","embeddable":true,"href":"https:\/\/marzenawalczak.com\/fr\/wp-json\/wp\/v2\/product_cat?post=670"},{"taxonomy":"product_tag","embeddable":true,"href":"https:\/\/marzenawalczak.com\/fr\/wp-json\/wp\/v2\/product_tag?post=670"}],"curies":[{"name":"wp","href":"https:\/\/api.w.org\/{rel}","templated":true}]}}

<div>Koniczyna polna &#8211; fotografia artystyczna.</div>
<div></div>
<div>Można zachwycić się nawet koniczyną polną. Niepozorna, nie przyciąga wzroku, a jak się nad nią pochylić, może zauroczyć. Jej delikatne, puchate kwiatostany zjawiskowo przystrajają naszą rzeczywistość, szczególnie pięknie w świetle zachodzącego słońca. Koniczyna polna podobnie jak <a href="https://marzenawalczak.com/produkt/makowa-panienka/">mak</a>, <a href="https://marzenawalczak.com/produkt/laka/">chaber </a>czy lawenda zachwyca latem. Piękne, puszyste na dodatek zdrowe ziółko, godne zainteresowania i artystycznego ujęcia.</div>
<div><a href="https://atlas.roslin.pl/plant/8341">https://atlas.roslin.pl/plant/8341</a></div>

<p>Świat jest piękny, znacznie piękniejszy niż wydaje się na pierwszy rzut oka.</p>

<!-- This site is optimized with the Yoast SEO plugin v27.5 - https://yoast.com/product/yoast-seo-wordpress/ -->
<title>koniczyna polna - fotografia artystyczna</title>
<meta name="description" content="Koniczyna polna - fotografia artystyczna. Detale przyrody w kadrach makro. Chwila zachwytu nad światem. Obrazy do wystroju wnętrz, doskonałe na prezent." />
<meta name="robots" content="index, follow, max-snippet:-1, max-image-preview:large, max-video-preview:-1" />
<link rel="canonical" href="https://marzenawalczak.com/fr/produkt/koniczyna-polna-fotografia-artystyczna/" />
<meta property="og:locale" content="fr_FR" />
<meta property="og:locale:alternate" content="pl_PL" />
<meta property="og:locale:alternate" content="en_US" />
<meta property="og:type" content="article" />
<meta property="og:title" content="koniczyna polna - fotografia artystyczna" />
<meta property="og:description" content="Koniczyna polna - fotografia artystyczna. Detale przyrody w kadrach makro. Chwila zachwytu nad światem. Obrazy do wystroju wnętrz, doskonałe na prezent." />
<meta property="og:url" content="https://marzenawalczak.com/fr/produkt/koniczyna-polna-fotografia-artystyczna/" />
<meta property="og:site_name" content="Marzena Walczak Photography" />
<meta property="article:modified_time" content="2023-09-26T13:29:04+00:00" />
<meta property="og:image" content="https://marzenawalczak.com/wp-content/uploads/2022/07/puszyste-kotki.jpg" />
	<meta property="og:image:width" content="1800" />
	<meta property="og:image:height" content="1207" />
	<meta property="og:image:type" content="image/jpeg" />
<meta name="twitter:card" content="summary_large_image" />
<meta name="twitter:label1" content="Durée de lecture estimée" />
	<meta name="twitter:data1" content="1 minute" />
<script type="application/ld+json" class="yoast-schema-graph">{"@context":"https:\/\/schema.org","@graph":[{"@type":"WebPage","@id":"https:\/\/marzenawalczak.com\/produkt\/koniczyna-polna-fotografia-artystyczna\/","url":"https:\/\/marzenawalczak.com\/produkt\/koniczyna-polna-fotografia-artystyczna\/","name":"koniczyna polna - fotografia artystyczna","isPartOf":{"@id":"https:\/\/marzenawalczak.com\/#website"},"primaryImageOfPage":{"@id":"https:\/\/marzenawalczak.com\/produkt\/koniczyna-polna-fotografia-artystyczna\/#primaryimage"},"image":{"@id":"https:\/\/marzenawalczak.com\/produkt\/koniczyna-polna-fotografia-artystyczna\/#primaryimage"},"thumbnailUrl":"https:\/\/marzenawalczak.com\/wp-content\/uploads\/2022\/07\/puszyste-kotki.jpg","datePublished":"2022-07-28T14:30:19+00:00","dateModified":"2023-09-26T13:29:04+00:00","description":"Koniczyna polna - fotografia artystyczna. Detale przyrody w kadrach makro. Chwila zachwytu nad światem. Obrazy do wystroju wnętrz, doskonałe na prezent.","breadcrumb":{"@id":"https:\/\/marzenawalczak.com\/produkt\/koniczyna-polna-fotografia-artystyczna\/#breadcrumb"},"inLanguage":"fr-FR","potentialAction":[{"@type":"ReadAction","target":["https:\/\/marzenawalczak.com\/produkt\/koniczyna-polna-fotografia-artystyczna\/"]}]},{"@type":"ImageObject","inLanguage":"fr-FR","@id":"https:\/\/marzenawalczak.com\/produkt\/koniczyna-polna-fotografia-artystyczna\/#primaryimage","url":"https:\/\/marzenawalczak.com\/wp-content\/uploads\/2022\/07\/puszyste-kotki.jpg","contentUrl":"https:\/\/marzenawalczak.com\/wp-content\/uploads\/2022\/07\/puszyste-kotki.jpg","width":1800,"height":1207,"caption":"Puszyste kotki koniczyny polnej - galeria obrazów przeznaczonych do wystroju wnętrz."},{"@type":"BreadcrumbList","@id":"https:\/\/marzenawalczak.com\/produkt\/koniczyna-polna-fotografia-artystyczna\/#breadcrumb","itemListElement":[{"@type":"ListItem","position":1,"name":"Strona główna","item":"https:\/\/marzenawalczak.com\/en\/"},{"@type":"ListItem","position":2,"name":"Portfolio","item":"https:\/\/marzenawalczak.com\/portfolio-przyroda-w-skali-makro\/"},{"@type":"ListItem","position":3,"name":"puszyste kotki"}]},{"@type":"WebSite","@id":"https:\/\/marzenawalczak.com\/#website","url":"https:\/\/marzenawalczak.com\/","name":"Marzena Walczak Photography","description":"Galeria artystyczna","publisher":{"@id":"https:\/\/marzenawalczak.com\/#organization"},"potentialAction":[{"@type":"SearchAction","target":{"@type":"EntryPoint","urlTemplate":"https:\/\/marzenawalczak.com\/?s={search_term_string}"},"query-input":{"@type":"PropertyValueSpecification","valueRequired":true,"valueName":"search_term_string"}}],"inLanguage":"fr-FR"},{"@type":"Organization","@id":"https:\/\/marzenawalczak.com\/#organization","name":"Marzena Walczak photography","url":"https:\/\/marzenawalczak.com\/","logo":{"@type":"ImageObject","inLanguage":"fr-FR","@id":"https:\/\/marzenawalczak.com\/#\/schema\/logo\/image\/","url":"https:\/\/marzenawalczak.com\/wp-content\/uploads\/2022\/07\/DSC_0210.jpg","contentUrl":"https:\/\/marzenawalczak.com\/wp-content\/uploads\/2022\/07\/DSC_0210.jpg","width":1800,"height":1207,"caption":"Marzena Walczak photography"},"image":{"@id":"https:\/\/marzenawalczak.com\/#\/schema\/logo\/image\/"},"sameAs":["https:\/\/www.instagram.com\/marzenawalczak_com\/"]}]}</script>
<!-- / Yoast SEO plugin. -->

Koniczyna polna - fotografia artystyczna. Detale przyrody w kadrach makro. Chwila zachwytu nad światem. Obrazy do wystroju wnętrz, doskonałe na prezent.

Puszyste kotki koniczyny polnej - galeria obrazów przeznaczonych do wystroju wnętrz.

Strona główna
