{"id":725,"date":"2022-09-29T08:33:01","date_gmt":"2022-09-29T07:33:01","guid":{"rendered":"https:\/\/marzenawalczak.com\/?post_type=product&#038;p=725"},"modified":"2023-09-26T10:25:33","modified_gmt":"2023-09-26T09:25:33","slug":"jesienne-astry-inaczej-marcinki","status":"publish","type":"product","link":"https:\/\/marzenawalczak.com\/fr\/produkt\/jesienne-astry-inaczej-marcinki\/","title":{"rendered":"Marcinki"},"content":{"rendered":"<p>Jesienne astry, inaczej marcinki, fascynuj\u0105 swoj\u0105 urod\u0105 i delikatno\u015bci\u0105 w ka\u017cdym <a href=\"https:\/\/marzenawalczak.com\/produkt\/barwy-jesieni-kolorowe-jesienne-liscie\/\"><em><strong>jesiennym<\/strong><\/em><\/a> ogrodzie. Przyci\u0105gaj\u0105 uwag\u0119 wieloma odcieniami od bia\u0142ego do fioletu, ubarwiaj\u0105 nasz\u0105 rzeczywisto\u015b\u0107, pobudzaj\u0105 zmys\u0142y, . Wystarczy rzut oka w drodze do pracy i wszystko staje si\u0119 prostsze. Wzrok umo\u017cliwia najbardziej oczywisty kontakt z natur\u0105, powoduje nasze poruszenia i wzruszenia, poczucie \u0142\u0105czno\u015bci z otaczaj\u0105cym nas \u015bwiatem.<\/p>\n<p>Tutaj w Ogrodzie Botanicznym PAN w Powsinie.<\/p>\n<p>&nbsp;<\/p>\n","protected":false},"excerpt":{"rendered":"<p>Jesienne astry oczarowuj\u0105 swoj\u0105 puszyst\u0105 delikatno\u015bci\u0105.<\/p>\n","protected":false},"featured_media":769,"template":"","meta":{"_acf_changed":false},"product_brand":[],"product_cat":[16],"product_tag":[143,251,92,93,64,144,95,94,145,161,139,134,250,67],"class_list":{"0":"post-725","1":"product","2":"type-product","3":"status-publish","4":"has-post-thumbnail","6":"product_cat-bez-kategorii","7":"product_tag-astry","8":"product_tag-do-wydruku","9":"product_tag-fiolet","10":"product_tag-fioletowy","11":"product_tag-jesien","12":"product_tag-jesienny-ogrod","13":"product_tag-lato","14":"product_tag-lawendowy","15":"product_tag-na-prezent","16":"product_tag-na-sciane","17":"product_tag-ogrod-botaniczny","18":"product_tag-ogrod","19":"product_tag-puszysty","20":"product_tag-sloneczny","21":"product_shipping_class-polska","23":"first","24":"onbackorder","25":"shipping-taxable","26":"purchasable","27":"product-type-variable"},"acf":[],"yoast_head":"<!-- This site is optimized with the Yoast SEO plugin v27.5 - https:\/\/yoast.com\/product\/yoast-seo-wordpress\/ -->\n<title>jesienne astry &#8211; Marzena Walczak Photography<\/title>\n<meta name=\"description\" content=\"Jesienne astry - detale przyrody w kadrach makro. Chwila zachwytu nad \u015bwiatem kt\u00f3ry trudno dostrzec. Zdj\u0119cia do wystroju wn\u0119trz.\" \/>\n<meta name=\"robots\" content=\"index, follow, max-snippet:-1, max-image-preview:large, max-video-preview:-1\" \/>\n<link rel=\"canonical\" href=\"https:\/\/marzenawalczak.com\/fr\/produkt\/jesienne-astry-inaczej-marcinki\/\" \/>\n<meta property=\"og:locale\" content=\"fr_FR\" \/>\n<meta property=\"og:locale:alternate\" content=\"pl_PL\" \/>\n<meta property=\"og:locale:alternate\" content=\"en_US\" \/>\n<meta property=\"og:type\" content=\"article\" \/>\n<meta property=\"og:title\" content=\"jesienne astry &#8211; Marzena Walczak Photography\" \/>\n<meta property=\"og:description\" content=\"Jesienne astry - detale przyrody w kadrach makro. Chwila zachwytu nad \u015bwiatem kt\u00f3ry trudno dostrzec. Zdj\u0119cia do wystroju wn\u0119trz.\" \/>\n<meta property=\"og:url\" content=\"https:\/\/marzenawalczak.com\/fr\/produkt\/jesienne-astry-inaczej-marcinki\/\" \/>\n<meta property=\"og:site_name\" content=\"Marzena Walczak Photography\" \/>\n<meta property=\"article:modified_time\" content=\"2023-09-26T09:25:33+00:00\" \/>\n<meta property=\"og:image\" content=\"https:\/\/marzenawalczak.com\/wp-content\/uploads\/2022\/09\/marcinki.jpg\" \/>\n\t<meta property=\"og:image:width\" content=\"1900\" \/>\n\t<meta property=\"og:image:height\" content=\"1258\" \/>\n\t<meta property=\"og:image:type\" content=\"image\/jpeg\" \/>\n<meta name=\"twitter:card\" content=\"summary_large_image\" \/>\n<meta name=\"twitter:label1\" content=\"Dur\u00e9e de lecture estim\u00e9e\" \/>\n\t<meta name=\"twitter:data1\" content=\"1 minute\" \/>\n<script type=\"application\/ld+json\" class=\"yoast-schema-graph\">{\"@context\":\"https:\\\/\\\/schema.org\",\"@graph\":[{\"@type\":\"WebPage\",\"@id\":\"https:\\\/\\\/marzenawalczak.com\\\/produkt\\\/jesienne-astry-inaczej-marcinki\\\/\",\"url\":\"https:\\\/\\\/marzenawalczak.com\\\/produkt\\\/jesienne-astry-inaczej-marcinki\\\/\",\"name\":\"jesienne astry &#8211; Marzena Walczak Photography\",\"isPartOf\":{\"@id\":\"https:\\\/\\\/marzenawalczak.com\\\/#website\"},\"primaryImageOfPage\":{\"@id\":\"https:\\\/\\\/marzenawalczak.com\\\/produkt\\\/jesienne-astry-inaczej-marcinki\\\/#primaryimage\"},\"image\":{\"@id\":\"https:\\\/\\\/marzenawalczak.com\\\/produkt\\\/jesienne-astry-inaczej-marcinki\\\/#primaryimage\"},\"thumbnailUrl\":\"https:\\\/\\\/marzenawalczak.com\\\/wp-content\\\/uploads\\\/2022\\\/09\\\/marcinki.jpg\",\"datePublished\":\"2022-09-29T07:33:01+00:00\",\"dateModified\":\"2023-09-26T09:25:33+00:00\",\"description\":\"Jesienne astry - detale przyrody w kadrach makro. Chwila zachwytu nad \u015bwiatem kt\u00f3ry trudno dostrzec. Zdj\u0119cia do wystroju wn\u0119trz.\",\"breadcrumb\":{\"@id\":\"https:\\\/\\\/marzenawalczak.com\\\/produkt\\\/jesienne-astry-inaczej-marcinki\\\/#breadcrumb\"},\"inLanguage\":\"fr-FR\",\"potentialAction\":[{\"@type\":\"ReadAction\",\"target\":[\"https:\\\/\\\/marzenawalczak.com\\\/produkt\\\/jesienne-astry-inaczej-marcinki\\\/\"]}]},{\"@type\":\"ImageObject\",\"inLanguage\":\"fr-FR\",\"@id\":\"https:\\\/\\\/marzenawalczak.com\\\/produkt\\\/jesienne-astry-inaczej-marcinki\\\/#primaryimage\",\"url\":\"https:\\\/\\\/marzenawalczak.com\\\/wp-content\\\/uploads\\\/2022\\\/09\\\/marcinki.jpg\",\"contentUrl\":\"https:\\\/\\\/marzenawalczak.com\\\/wp-content\\\/uploads\\\/2022\\\/09\\\/marcinki.jpg\",\"width\":1900,\"height\":1258,\"caption\":\"Jesienne astry oczarowuj\u0105 swoj\u0105 delikatno\u015bci\u0105.\"},{\"@type\":\"BreadcrumbList\",\"@id\":\"https:\\\/\\\/marzenawalczak.com\\\/produkt\\\/jesienne-astry-inaczej-marcinki\\\/#breadcrumb\",\"itemListElement\":[{\"@type\":\"ListItem\",\"position\":1,\"name\":\"Strona g\u0142\u00f3wna\",\"item\":\"https:\\\/\\\/marzenawalczak.com\\\/en\\\/\"},{\"@type\":\"ListItem\",\"position\":2,\"name\":\"Portfolio\",\"item\":\"https:\\\/\\\/marzenawalczak.com\\\/portfolio-przyroda-w-skali-makro\\\/\"},{\"@type\":\"ListItem\",\"position\":3,\"name\":\"Marcinki\"}]},{\"@type\":\"WebSite\",\"@id\":\"https:\\\/\\\/marzenawalczak.com\\\/#website\",\"url\":\"https:\\\/\\\/marzenawalczak.com\\\/\",\"name\":\"Marzena Walczak Photography\",\"description\":\"Galeria artystyczna\",\"publisher\":{\"@id\":\"https:\\\/\\\/marzenawalczak.com\\\/#organization\"},\"potentialAction\":[{\"@type\":\"SearchAction\",\"target\":{\"@type\":\"EntryPoint\",\"urlTemplate\":\"https:\\\/\\\/marzenawalczak.com\\\/?s={search_term_string}\"},\"query-input\":{\"@type\":\"PropertyValueSpecification\",\"valueRequired\":true,\"valueName\":\"search_term_string\"}}],\"inLanguage\":\"fr-FR\"},{\"@type\":\"Organization\",\"@id\":\"https:\\\/\\\/marzenawalczak.com\\\/#organization\",\"name\":\"Marzena Walczak photography\",\"url\":\"https:\\\/\\\/marzenawalczak.com\\\/\",\"logo\":{\"@type\":\"ImageObject\",\"inLanguage\":\"fr-FR\",\"@id\":\"https:\\\/\\\/marzenawalczak.com\\\/#\\\/schema\\\/logo\\\/image\\\/\",\"url\":\"https:\\\/\\\/marzenawalczak.com\\\/wp-content\\\/uploads\\\/2022\\\/07\\\/DSC_0210.jpg\",\"contentUrl\":\"https:\\\/\\\/marzenawalczak.com\\\/wp-content\\\/uploads\\\/2022\\\/07\\\/DSC_0210.jpg\",\"width\":1800,\"height\":1207,\"caption\":\"Marzena Walczak photography\"},\"image\":{\"@id\":\"https:\\\/\\\/marzenawalczak.com\\\/#\\\/schema\\\/logo\\\/image\\\/\"},\"sameAs\":[\"https:\\\/\\\/www.instagram.com\\\/marzenawalczak_com\\\/\"]}]}<\/script>\n<!-- \/ Yoast SEO plugin. -->","yoast_head_json":{"title":"jesienne astry &#8211; Marzena Walczak Photography","description":"Jesienne astry - detale przyrody w kadrach makro. Chwila zachwytu nad \u015bwiatem kt\u00f3ry trudno dostrzec. Zdj\u0119cia do wystroju wn\u0119trz.","robots":{"index":"index","follow":"follow","max-snippet":"max-snippet:-1","max-image-preview":"max-image-preview:large","max-video-preview":"max-video-preview:-1"},"canonical":"https:\/\/marzenawalczak.com\/fr\/produkt\/jesienne-astry-inaczej-marcinki\/","og_locale":"fr_FR","og_type":"article","og_title":"jesienne astry &#8211; Marzena Walczak Photography","og_description":"Jesienne astry - detale przyrody w kadrach makro. Chwila zachwytu nad \u015bwiatem kt\u00f3ry trudno dostrzec. Zdj\u0119cia do wystroju wn\u0119trz.","og_url":"https:\/\/marzenawalczak.com\/fr\/produkt\/jesienne-astry-inaczej-marcinki\/","og_site_name":"Marzena Walczak Photography","article_modified_time":"2023-09-26T09:25:33+00:00","og_image":[{"width":1900,"height":1258,"url":"https:\/\/marzenawalczak.com\/wp-content\/uploads\/2022\/09\/marcinki.jpg","type":"image\/jpeg"}],"twitter_card":"summary_large_image","twitter_misc":{"Dur\u00e9e de lecture estim\u00e9e":"1 minute"},"schema":{"@context":"https:\/\/schema.org","@graph":[{"@type":"WebPage","@id":"https:\/\/marzenawalczak.com\/produkt\/jesienne-astry-inaczej-marcinki\/","url":"https:\/\/marzenawalczak.com\/produkt\/jesienne-astry-inaczej-marcinki\/","name":"jesienne astry &#8211; Marzena Walczak Photography","isPartOf":{"@id":"https:\/\/marzenawalczak.com\/#website"},"primaryImageOfPage":{"@id":"https:\/\/marzenawalczak.com\/produkt\/jesienne-astry-inaczej-marcinki\/#primaryimage"},"image":{"@id":"https:\/\/marzenawalczak.com\/produkt\/jesienne-astry-inaczej-marcinki\/#primaryimage"},"thumbnailUrl":"https:\/\/marzenawalczak.com\/wp-content\/uploads\/2022\/09\/marcinki.jpg","datePublished":"2022-09-29T07:33:01+00:00","dateModified":"2023-09-26T09:25:33+00:00","description":"Jesienne astry - detale przyrody w kadrach makro. Chwila zachwytu nad \u015bwiatem kt\u00f3ry trudno dostrzec. Zdj\u0119cia do wystroju wn\u0119trz.","breadcrumb":{"@id":"https:\/\/marzenawalczak.com\/produkt\/jesienne-astry-inaczej-marcinki\/#breadcrumb"},"inLanguage":"fr-FR","potentialAction":[{"@type":"ReadAction","target":["https:\/\/marzenawalczak.com\/produkt\/jesienne-astry-inaczej-marcinki\/"]}]},{"@type":"ImageObject","inLanguage":"fr-FR","@id":"https:\/\/marzenawalczak.com\/produkt\/jesienne-astry-inaczej-marcinki\/#primaryimage","url":"https:\/\/marzenawalczak.com\/wp-content\/uploads\/2022\/09\/marcinki.jpg","contentUrl":"https:\/\/marzenawalczak.com\/wp-content\/uploads\/2022\/09\/marcinki.jpg","width":1900,"height":1258,"caption":"Jesienne astry oczarowuj\u0105 swoj\u0105 delikatno\u015bci\u0105."},{"@type":"BreadcrumbList","@id":"https:\/\/marzenawalczak.com\/produkt\/jesienne-astry-inaczej-marcinki\/#breadcrumb","itemListElement":[{"@type":"ListItem","position":1,"name":"Strona g\u0142\u00f3wna","item":"https:\/\/marzenawalczak.com\/en\/"},{"@type":"ListItem","position":2,"name":"Portfolio","item":"https:\/\/marzenawalczak.com\/portfolio-przyroda-w-skali-makro\/"},{"@type":"ListItem","position":3,"name":"Marcinki"}]},{"@type":"WebSite","@id":"https:\/\/marzenawalczak.com\/#website","url":"https:\/\/marzenawalczak.com\/","name":"Marzena Walczak Photography","description":"Galeria artystyczna","publisher":{"@id":"https:\/\/marzenawalczak.com\/#organization"},"potentialAction":[{"@type":"SearchAction","target":{"@type":"EntryPoint","urlTemplate":"https:\/\/marzenawalczak.com\/?s={search_term_string}"},"query-input":{"@type":"PropertyValueSpecification","valueRequired":true,"valueName":"search_term_string"}}],"inLanguage":"fr-FR"},{"@type":"Organization","@id":"https:\/\/marzenawalczak.com\/#organization","name":"Marzena Walczak photography","url":"https:\/\/marzenawalczak.com\/","logo":{"@type":"ImageObject","inLanguage":"fr-FR","@id":"https:\/\/marzenawalczak.com\/#\/schema\/logo\/image\/","url":"https:\/\/marzenawalczak.com\/wp-content\/uploads\/2022\/07\/DSC_0210.jpg","contentUrl":"https:\/\/marzenawalczak.com\/wp-content\/uploads\/2022\/07\/DSC_0210.jpg","width":1800,"height":1207,"caption":"Marzena Walczak photography"},"image":{"@id":"https:\/\/marzenawalczak.com\/#\/schema\/logo\/image\/"},"sameAs":["https:\/\/www.instagram.com\/marzenawalczak_com\/"]}]}},"_links":{"self":[{"href":"https:\/\/marzenawalczak.com\/fr\/wp-json\/wp\/v2\/product\/725","targetHints":{"allow":["GET"]}}],"collection":[{"href":"https:\/\/marzenawalczak.com\/fr\/wp-json\/wp\/v2\/product"}],"about":[{"href":"https:\/\/marzenawalczak.com\/fr\/wp-json\/wp\/v2\/types\/product"}],"wp:featuredmedia":[{"embeddable":true,"href":"https:\/\/marzenawalczak.com\/fr\/wp-json\/wp\/v2\/media\/769"}],"wp:attachment":[{"href":"https:\/\/marzenawalczak.com\/fr\/wp-json\/wp\/v2\/media?parent=725"}],"wp:term":[{"taxonomy":"product_brand","embeddable":true,"href":"https:\/\/marzenawalczak.com\/fr\/wp-json\/wp\/v2\/product_brand?post=725"},{"taxonomy":"product_cat","embeddable":true,"href":"https:\/\/marzenawalczak.com\/fr\/wp-json\/wp\/v2\/product_cat?post=725"},{"taxonomy":"product_tag","embeddable":true,"href":"https:\/\/marzenawalczak.com\/fr\/wp-json\/wp\/v2\/product_tag?post=725"}],"curies":[{"name":"wp","href":"https:\/\/api.w.org\/{rel}","templated":true}]}}

<p>Jesienne astry, inaczej marcinki, fascynują swoją urodą i delikatnością w każdym <a href="https://marzenawalczak.com/produkt/barwy-jesieni-kolorowe-jesienne-liscie/"><em><strong>jesiennym</strong></em></a> ogrodzie. Przyciągają uwagę wieloma odcieniami od białego do fioletu, ubarwiają naszą rzeczywistość, pobudzają zmysły, . Wystarczy rzut oka w drodze do pracy i wszystko staje się prostsze. Wzrok umożliwia najbardziej oczywisty kontakt z naturą, powoduje nasze poruszenia i wzruszenia, poczucie łączności z otaczającym nas światem.</p>
<p>Tutaj w Ogrodzie Botanicznym PAN w Powsinie.</p>
<p>&nbsp;</p>

<p>Jesienne astry oczarowują swoją puszystą delikatnością.</p>

<!-- This site is optimized with the Yoast SEO plugin v27.5 - https://yoast.com/product/yoast-seo-wordpress/ -->
<title>jesienne astry &#8211; Marzena Walczak Photography</title>
<meta name="description" content="Jesienne astry - detale przyrody w kadrach makro. Chwila zachwytu nad światem który trudno dostrzec. Zdjęcia do wystroju wnętrz." />
<meta name="robots" content="index, follow, max-snippet:-1, max-image-preview:large, max-video-preview:-1" />
<link rel="canonical" href="https://marzenawalczak.com/fr/produkt/jesienne-astry-inaczej-marcinki/" />
<meta property="og:locale" content="fr_FR" />
<meta property="og:locale:alternate" content="pl_PL" />
<meta property="og:locale:alternate" content="en_US" />
<meta property="og:type" content="article" />
<meta property="og:title" content="jesienne astry &#8211; Marzena Walczak Photography" />
<meta property="og:description" content="Jesienne astry - detale przyrody w kadrach makro. Chwila zachwytu nad światem który trudno dostrzec. Zdjęcia do wystroju wnętrz." />
<meta property="og:url" content="https://marzenawalczak.com/fr/produkt/jesienne-astry-inaczej-marcinki/" />
<meta property="og:site_name" content="Marzena Walczak Photography" />
<meta property="article:modified_time" content="2023-09-26T09:25:33+00:00" />
<meta property="og:image" content="https://marzenawalczak.com/wp-content/uploads/2022/09/marcinki.jpg" />
	<meta property="og:image:width" content="1900" />
	<meta property="og:image:height" content="1258" />
	<meta property="og:image:type" content="image/jpeg" />
<meta name="twitter:card" content="summary_large_image" />
<meta name="twitter:label1" content="Durée de lecture estimée" />
	<meta name="twitter:data1" content="1 minute" />
<script type="application/ld+json" class="yoast-schema-graph">{"@context":"https:\/\/schema.org","@graph":[{"@type":"WebPage","@id":"https:\/\/marzenawalczak.com\/produkt\/jesienne-astry-inaczej-marcinki\/","url":"https:\/\/marzenawalczak.com\/produkt\/jesienne-astry-inaczej-marcinki\/","name":"jesienne astry &#8211; Marzena Walczak Photography","isPartOf":{"@id":"https:\/\/marzenawalczak.com\/#website"},"primaryImageOfPage":{"@id":"https:\/\/marzenawalczak.com\/produkt\/jesienne-astry-inaczej-marcinki\/#primaryimage"},"image":{"@id":"https:\/\/marzenawalczak.com\/produkt\/jesienne-astry-inaczej-marcinki\/#primaryimage"},"thumbnailUrl":"https:\/\/marzenawalczak.com\/wp-content\/uploads\/2022\/09\/marcinki.jpg","datePublished":"2022-09-29T07:33:01+00:00","dateModified":"2023-09-26T09:25:33+00:00","description":"Jesienne astry - detale przyrody w kadrach makro. Chwila zachwytu nad światem który trudno dostrzec. Zdjęcia do wystroju wnętrz.","breadcrumb":{"@id":"https:\/\/marzenawalczak.com\/produkt\/jesienne-astry-inaczej-marcinki\/#breadcrumb"},"inLanguage":"fr-FR","potentialAction":[{"@type":"ReadAction","target":["https:\/\/marzenawalczak.com\/produkt\/jesienne-astry-inaczej-marcinki\/"]}]},{"@type":"ImageObject","inLanguage":"fr-FR","@id":"https:\/\/marzenawalczak.com\/produkt\/jesienne-astry-inaczej-marcinki\/#primaryimage","url":"https:\/\/marzenawalczak.com\/wp-content\/uploads\/2022\/09\/marcinki.jpg","contentUrl":"https:\/\/marzenawalczak.com\/wp-content\/uploads\/2022\/09\/marcinki.jpg","width":1900,"height":1258,"caption":"Jesienne astry oczarowują swoją delikatnością."},{"@type":"BreadcrumbList","@id":"https:\/\/marzenawalczak.com\/produkt\/jesienne-astry-inaczej-marcinki\/#breadcrumb","itemListElement":[{"@type":"ListItem","position":1,"name":"Strona główna","item":"https:\/\/marzenawalczak.com\/en\/"},{"@type":"ListItem","position":2,"name":"Portfolio","item":"https:\/\/marzenawalczak.com\/portfolio-przyroda-w-skali-makro\/"},{"@type":"ListItem","position":3,"name":"Marcinki"}]},{"@type":"WebSite","@id":"https:\/\/marzenawalczak.com\/#website","url":"https:\/\/marzenawalczak.com\/","name":"Marzena Walczak Photography","description":"Galeria artystyczna","publisher":{"@id":"https:\/\/marzenawalczak.com\/#organization"},"potentialAction":[{"@type":"SearchAction","target":{"@type":"EntryPoint","urlTemplate":"https:\/\/marzenawalczak.com\/?s={search_term_string}"},"query-input":{"@type":"PropertyValueSpecification","valueRequired":true,"valueName":"search_term_string"}}],"inLanguage":"fr-FR"},{"@type":"Organization","@id":"https:\/\/marzenawalczak.com\/#organization","name":"Marzena Walczak photography","url":"https:\/\/marzenawalczak.com\/","logo":{"@type":"ImageObject","inLanguage":"fr-FR","@id":"https:\/\/marzenawalczak.com\/#\/schema\/logo\/image\/","url":"https:\/\/marzenawalczak.com\/wp-content\/uploads\/2022\/07\/DSC_0210.jpg","contentUrl":"https:\/\/marzenawalczak.com\/wp-content\/uploads\/2022\/07\/DSC_0210.jpg","width":1800,"height":1207,"caption":"Marzena Walczak photography"},"image":{"@id":"https:\/\/marzenawalczak.com\/#\/schema\/logo\/image\/"},"sameAs":["https:\/\/www.instagram.com\/marzenawalczak_com\/"]}]}</script>
<!-- / Yoast SEO plugin. -->

Jesienne astry - detale przyrody w kadrach makro. Chwila zachwytu nad światem który trudno dostrzec. Zdjęcia do wystroju wnętrz.

Jesienne astry oczarowują swoją delikatnością.

Strona główna
