{"id":988,"date":"2023-05-17T14:31:32","date_gmt":"2023-05-17T13:31:32","guid":{"rendered":"https:\/\/marzenawalczak.com\/?post_type=product&#038;p=988"},"modified":"2025-02-13T11:26:56","modified_gmt":"2025-02-13T10:26:56","slug":"magnolia-the-creamy-yellow-queen-of-spring","status":"publish","type":"product","link":"https:\/\/marzenawalczak.com\/fr\/produkt\/magnolia-the-creamy-yellow-queen-of-spring\/","title":{"rendered":"kr\u00f3lowa wiosny"},"content":{"rendered":"<p><a href=\"https:\/\/marzenawalczak.com\/produkt\/maestria-natury-fotografia-artystyczna\/\"><em><strong>Magnolia<\/strong><\/em><\/a> wprowadza do ogrod\u00f3w egzotyczny klimat, a nas wprawia w niewypowiedziany zachwyt. Po zimie bezlistne ga\u0142\u0119zie obsypuj\u0105 si\u0119 zjawiskowymi kwiatami. Ich uroda jest wprost osza\u0142amiaj\u0105ca. Wiosna to dobry czas na delektowanie si\u0119 ich pi\u0119knem oraz \u2013 w przypadku niekt\u00f3rych odmian \u2013 r\u00f3wnie bajecznym zapachem.<\/p>\n<p>Na fotografii magnolia Daphne w <a href=\"https:\/\/arboretumwojslawice.pl\/\"><em><strong>arboretum w Wojs\u0142awicach<\/strong><\/em><\/a>.<\/p>\n<p>&nbsp;<\/p>\n<p>&nbsp;<\/p>\n<p>&nbsp;<\/p>\n<p>&nbsp;<\/p>\n<p>&nbsp;<\/p>\n","protected":false},"excerpt":{"rendered":"<p>Jej Wysoko\u015b\u0107 Magnolia<\/p>\n<h2><\/h2>\n","protected":false},"featured_media":994,"template":"","meta":{"_acf_changed":false},"product_brand":[],"product_cat":[16],"product_tag":[286,265,266,287,282,271,269,281,285,231,232,238,156,178],"class_list":{"0":"post-988","1":"product","2":"type-product","3":"status-publish","4":"has-post-thumbnail","6":"product_cat-bez-kategorii","7":"product_tag-beauty","8":"product_tag-colourful","9":"product_tag-decoration","10":"product_tag-loveliness","11":"product_tag-luminous","12":"product_tag-macro","13":"product_tag-spring-flowers","14":"product_tag-sunshine","15":"product_tag-yellow","16":"product_tag-art-photography","17":"product_tag-for-interior-design","18":"product_tag-garden","19":"product_tag-gift","20":"product_tag-magnolia","21":"product_shipping_class-polska","23":"first","24":"onbackorder","25":"shipping-taxable","26":"purchasable","27":"product-type-variable"},"acf":[],"yoast_head":"<!-- This site is optimized with the Yoast SEO plugin v27.5 - https:\/\/yoast.com\/product\/yoast-seo-wordpress\/ -->\n<title>kr\u00f3lowa wiosny<\/title>\n<meta name=\"description\" content=\"Magnolia - fotografia artystyczna - detale przyrody w kadrach makro. Chwila zachwytu nad cudami natury. Obrazy do wystroju wn\u0119trz.\" \/>\n<meta name=\"robots\" content=\"index, follow, max-snippet:-1, max-image-preview:large, max-video-preview:-1\" \/>\n<link rel=\"canonical\" href=\"https:\/\/marzenawalczak.com\/fr\/produkt\/magnolia-the-creamy-yellow-queen-of-spring\/\" \/>\n<meta property=\"og:locale\" content=\"fr_FR\" \/>\n<meta property=\"og:locale:alternate\" content=\"pl_PL\" \/>\n<meta property=\"og:locale:alternate\" content=\"en_US\" \/>\n<meta property=\"og:type\" content=\"article\" \/>\n<meta property=\"og:title\" content=\"kr\u00f3lowa wiosny\" \/>\n<meta property=\"og:description\" content=\"Magnolia - fotografia artystyczna - detale przyrody w kadrach makro. Chwila zachwytu nad cudami natury. Obrazy do wystroju wn\u0119trz.\" \/>\n<meta property=\"og:url\" content=\"https:\/\/marzenawalczak.com\/fr\/produkt\/magnolia-the-creamy-yellow-queen-of-spring\/\" \/>\n<meta property=\"og:site_name\" content=\"Marzena Walczak Photography\" \/>\n<meta property=\"article:modified_time\" content=\"2025-02-13T10:26:56+00:00\" \/>\n<meta property=\"og:image\" content=\"https:\/\/marzenawalczak.com\/wp-content\/uploads\/2023\/05\/magnolia.jpg\" \/>\n\t<meta property=\"og:image:width\" content=\"1900\" \/>\n\t<meta property=\"og:image:height\" content=\"1259\" \/>\n\t<meta property=\"og:image:type\" content=\"image\/jpeg\" \/>\n<meta name=\"twitter:card\" content=\"summary_large_image\" \/>\n<meta name=\"twitter:label1\" content=\"Dur\u00e9e de lecture estim\u00e9e\" \/>\n\t<meta name=\"twitter:data1\" content=\"1 minute\" \/>\n<script type=\"application\/ld+json\" class=\"yoast-schema-graph\">{\"@context\":\"https:\\\/\\\/schema.org\",\"@graph\":[{\"@type\":\"WebPage\",\"@id\":\"https:\\\/\\\/marzenawalczak.com\\\/en\\\/produkt\\\/magnolia-the-creamy-yellow-queen-of-spring\\\/\",\"url\":\"https:\\\/\\\/marzenawalczak.com\\\/en\\\/produkt\\\/magnolia-the-creamy-yellow-queen-of-spring\\\/\",\"name\":\"kr\u00f3lowa wiosny\",\"isPartOf\":{\"@id\":\"https:\\\/\\\/marzenawalczak.com\\\/#website\"},\"primaryImageOfPage\":{\"@id\":\"https:\\\/\\\/marzenawalczak.com\\\/en\\\/produkt\\\/magnolia-the-creamy-yellow-queen-of-spring\\\/#primaryimage\"},\"image\":{\"@id\":\"https:\\\/\\\/marzenawalczak.com\\\/en\\\/produkt\\\/magnolia-the-creamy-yellow-queen-of-spring\\\/#primaryimage\"},\"thumbnailUrl\":\"https:\\\/\\\/marzenawalczak.com\\\/wp-content\\\/uploads\\\/2023\\\/05\\\/magnolia.jpg\",\"datePublished\":\"2023-05-17T13:31:32+00:00\",\"dateModified\":\"2025-02-13T10:26:56+00:00\",\"description\":\"Magnolia - fotografia artystyczna - detale przyrody w kadrach makro. Chwila zachwytu nad cudami natury. Obrazy do wystroju wn\u0119trz.\",\"breadcrumb\":{\"@id\":\"https:\\\/\\\/marzenawalczak.com\\\/en\\\/produkt\\\/magnolia-the-creamy-yellow-queen-of-spring\\\/#breadcrumb\"},\"inLanguage\":\"fr-FR\",\"potentialAction\":[{\"@type\":\"ReadAction\",\"target\":[\"https:\\\/\\\/marzenawalczak.com\\\/en\\\/produkt\\\/magnolia-the-creamy-yellow-queen-of-spring\\\/\"]}]},{\"@type\":\"ImageObject\",\"inLanguage\":\"fr-FR\",\"@id\":\"https:\\\/\\\/marzenawalczak.com\\\/en\\\/produkt\\\/magnolia-the-creamy-yellow-queen-of-spring\\\/#primaryimage\",\"url\":\"https:\\\/\\\/marzenawalczak.com\\\/wp-content\\\/uploads\\\/2023\\\/05\\\/magnolia.jpg\",\"contentUrl\":\"https:\\\/\\\/marzenawalczak.com\\\/wp-content\\\/uploads\\\/2023\\\/05\\\/magnolia.jpg\",\"width\":1900,\"height\":1259,\"caption\":\"Magnolia - kremowo\u017c\u00f3\u0142ta kr\u00f3lowa wiosny w popo\u0142udniowym blasku.\"},{\"@type\":\"BreadcrumbList\",\"@id\":\"https:\\\/\\\/marzenawalczak.com\\\/en\\\/produkt\\\/magnolia-the-creamy-yellow-queen-of-spring\\\/#breadcrumb\",\"itemListElement\":[{\"@type\":\"ListItem\",\"position\":1,\"name\":\"Strona g\u0142\u00f3wna\",\"item\":\"https:\\\/\\\/marzenawalczak.com\\\/en\\\/\"},{\"@type\":\"ListItem\",\"position\":2,\"name\":\"Portfolio\",\"item\":\"https:\\\/\\\/marzenawalczak.com\\\/portfolio-przyroda-w-skali-makro\\\/\"},{\"@type\":\"ListItem\",\"position\":3,\"name\":\"The queen of spring\"}]},{\"@type\":\"WebSite\",\"@id\":\"https:\\\/\\\/marzenawalczak.com\\\/#website\",\"url\":\"https:\\\/\\\/marzenawalczak.com\\\/\",\"name\":\"Marzena Walczak Photography\",\"description\":\"Galeria artystyczna\",\"publisher\":{\"@id\":\"https:\\\/\\\/marzenawalczak.com\\\/#organization\"},\"potentialAction\":[{\"@type\":\"SearchAction\",\"target\":{\"@type\":\"EntryPoint\",\"urlTemplate\":\"https:\\\/\\\/marzenawalczak.com\\\/?s={search_term_string}\"},\"query-input\":{\"@type\":\"PropertyValueSpecification\",\"valueRequired\":true,\"valueName\":\"search_term_string\"}}],\"inLanguage\":\"fr-FR\"},{\"@type\":\"Organization\",\"@id\":\"https:\\\/\\\/marzenawalczak.com\\\/#organization\",\"name\":\"Marzena Walczak photography\",\"url\":\"https:\\\/\\\/marzenawalczak.com\\\/\",\"logo\":{\"@type\":\"ImageObject\",\"inLanguage\":\"fr-FR\",\"@id\":\"https:\\\/\\\/marzenawalczak.com\\\/#\\\/schema\\\/logo\\\/image\\\/\",\"url\":\"https:\\\/\\\/marzenawalczak.com\\\/wp-content\\\/uploads\\\/2022\\\/07\\\/DSC_0210.jpg\",\"contentUrl\":\"https:\\\/\\\/marzenawalczak.com\\\/wp-content\\\/uploads\\\/2022\\\/07\\\/DSC_0210.jpg\",\"width\":1800,\"height\":1207,\"caption\":\"Marzena Walczak photography\"},\"image\":{\"@id\":\"https:\\\/\\\/marzenawalczak.com\\\/#\\\/schema\\\/logo\\\/image\\\/\"},\"sameAs\":[\"https:\\\/\\\/www.instagram.com\\\/marzenawalczak_com\\\/\"]}]}<\/script>\n<!-- \/ Yoast SEO plugin. -->","yoast_head_json":{"title":"kr\u00f3lowa wiosny","description":"Magnolia - fotografia artystyczna - detale przyrody w kadrach makro. Chwila zachwytu nad cudami natury. Obrazy do wystroju wn\u0119trz.","robots":{"index":"index","follow":"follow","max-snippet":"max-snippet:-1","max-image-preview":"max-image-preview:large","max-video-preview":"max-video-preview:-1"},"canonical":"https:\/\/marzenawalczak.com\/fr\/produkt\/magnolia-the-creamy-yellow-queen-of-spring\/","og_locale":"fr_FR","og_type":"article","og_title":"[:pl][:pl]kr\u00f3lowa wiosny[:en]The queen of spring[:] &#8211; Marzena Walczak Photography[:]","og_description":"[:pl]Magnolia - fotografia artystyczna - detale przyrody w kadrach makro. Chwila zachwytu nad cudami natury. Obrazy do wystroju wn\u0119trz.[:en]Magnolia \u2013 artistic photography \u2013 macro shots of nature details. A moment of admiration for the wonders of nature. Pictures for interior decoration.[:]","og_url":"https:\/\/marzenawalczak.com\/fr\/produkt\/magnolia-the-creamy-yellow-queen-of-spring\/","og_site_name":"Marzena Walczak Photography","article_modified_time":"2025-02-13T10:26:56+00:00","og_image":[{"width":1900,"height":1259,"url":"https:\/\/marzenawalczak.com\/wp-content\/uploads\/2023\/05\/magnolia.jpg","type":"image\/jpeg"}],"twitter_card":"summary_large_image","twitter_misc":{"Dur\u00e9e de lecture estim\u00e9e":"1 minute"},"schema":{"@context":"https:\/\/schema.org","@graph":[{"@type":"WebPage","@id":"https:\/\/marzenawalczak.com\/en\/produkt\/magnolia-the-creamy-yellow-queen-of-spring\/","url":"https:\/\/marzenawalczak.com\/en\/produkt\/magnolia-the-creamy-yellow-queen-of-spring\/","name":"kr\u00f3lowa wiosny","isPartOf":{"@id":"https:\/\/marzenawalczak.com\/#website"},"primaryImageOfPage":{"@id":"https:\/\/marzenawalczak.com\/en\/produkt\/magnolia-the-creamy-yellow-queen-of-spring\/#primaryimage"},"image":{"@id":"https:\/\/marzenawalczak.com\/en\/produkt\/magnolia-the-creamy-yellow-queen-of-spring\/#primaryimage"},"thumbnailUrl":"https:\/\/marzenawalczak.com\/wp-content\/uploads\/2023\/05\/magnolia.jpg","datePublished":"2023-05-17T13:31:32+00:00","dateModified":"2025-02-13T10:26:56+00:00","description":"Magnolia - fotografia artystyczna - detale przyrody w kadrach makro. Chwila zachwytu nad cudami natury. Obrazy do wystroju wn\u0119trz.","breadcrumb":{"@id":"https:\/\/marzenawalczak.com\/en\/produkt\/magnolia-the-creamy-yellow-queen-of-spring\/#breadcrumb"},"inLanguage":"fr-FR","potentialAction":[{"@type":"ReadAction","target":["https:\/\/marzenawalczak.com\/en\/produkt\/magnolia-the-creamy-yellow-queen-of-spring\/"]}]},{"@type":"ImageObject","inLanguage":"fr-FR","@id":"https:\/\/marzenawalczak.com\/en\/produkt\/magnolia-the-creamy-yellow-queen-of-spring\/#primaryimage","url":"https:\/\/marzenawalczak.com\/wp-content\/uploads\/2023\/05\/magnolia.jpg","contentUrl":"https:\/\/marzenawalczak.com\/wp-content\/uploads\/2023\/05\/magnolia.jpg","width":1900,"height":1259,"caption":"Magnolia - kremowo\u017c\u00f3\u0142ta kr\u00f3lowa wiosny w popo\u0142udniowym blasku."},{"@type":"BreadcrumbList","@id":"https:\/\/marzenawalczak.com\/en\/produkt\/magnolia-the-creamy-yellow-queen-of-spring\/#breadcrumb","itemListElement":[{"@type":"ListItem","position":1,"name":"Strona g\u0142\u00f3wna","item":"https:\/\/marzenawalczak.com\/en\/"},{"@type":"ListItem","position":2,"name":"Portfolio","item":"https:\/\/marzenawalczak.com\/portfolio-przyroda-w-skali-makro\/"},{"@type":"ListItem","position":3,"name":"The queen of spring"}]},{"@type":"WebSite","@id":"https:\/\/marzenawalczak.com\/#website","url":"https:\/\/marzenawalczak.com\/","name":"Marzena Walczak Photography","description":"Galeria artystyczna","publisher":{"@id":"https:\/\/marzenawalczak.com\/#organization"},"potentialAction":[{"@type":"SearchAction","target":{"@type":"EntryPoint","urlTemplate":"https:\/\/marzenawalczak.com\/?s={search_term_string}"},"query-input":{"@type":"PropertyValueSpecification","valueRequired":true,"valueName":"search_term_string"}}],"inLanguage":"fr-FR"},{"@type":"Organization","@id":"https:\/\/marzenawalczak.com\/#organization","name":"Marzena Walczak photography","url":"https:\/\/marzenawalczak.com\/","logo":{"@type":"ImageObject","inLanguage":"fr-FR","@id":"https:\/\/marzenawalczak.com\/#\/schema\/logo\/image\/","url":"https:\/\/marzenawalczak.com\/wp-content\/uploads\/2022\/07\/DSC_0210.jpg","contentUrl":"https:\/\/marzenawalczak.com\/wp-content\/uploads\/2022\/07\/DSC_0210.jpg","width":1800,"height":1207,"caption":"Marzena Walczak photography"},"image":{"@id":"https:\/\/marzenawalczak.com\/#\/schema\/logo\/image\/"},"sameAs":["https:\/\/www.instagram.com\/marzenawalczak_com\/"]}]}},"_links":{"self":[{"href":"https:\/\/marzenawalczak.com\/fr\/wp-json\/wp\/v2\/product\/988","targetHints":{"allow":["GET"]}}],"collection":[{"href":"https:\/\/marzenawalczak.com\/fr\/wp-json\/wp\/v2\/product"}],"about":[{"href":"https:\/\/marzenawalczak.com\/fr\/wp-json\/wp\/v2\/types\/product"}],"wp:featuredmedia":[{"embeddable":true,"href":"https:\/\/marzenawalczak.com\/fr\/wp-json\/wp\/v2\/media\/994"}],"wp:attachment":[{"href":"https:\/\/marzenawalczak.com\/fr\/wp-json\/wp\/v2\/media?parent=988"}],"wp:term":[{"taxonomy":"product_brand","embeddable":true,"href":"https:\/\/marzenawalczak.com\/fr\/wp-json\/wp\/v2\/product_brand?post=988"},{"taxonomy":"product_cat","embeddable":true,"href":"https:\/\/marzenawalczak.com\/fr\/wp-json\/wp\/v2\/product_cat?post=988"},{"taxonomy":"product_tag","embeddable":true,"href":"https:\/\/marzenawalczak.com\/fr\/wp-json\/wp\/v2\/product_tag?post=988"}],"curies":[{"name":"wp","href":"https:\/\/api.w.org\/{rel}","templated":true}]}}

królowa wiosny

<p><a href="https://marzenawalczak.com/produkt/maestria-natury-fotografia-artystyczna/"><em><strong>Magnolia</strong></em></a> wprowadza do ogrodów egzotyczny klimat, a nas wprawia w niewypowiedziany zachwyt. Po zimie bezlistne gałęzie obsypują się zjawiskowymi kwiatami. Ich uroda jest wprost oszałamiająca. Wiosna to dobry czas na delektowanie się ich pięknem oraz – w przypadku niektórych odmian – równie bajecznym zapachem.</p>
<p>Na fotografii magnolia Daphne w <a href="https://arboretumwojslawice.pl/"><em><strong>arboretum w Wojsławicach</strong></em></a>.</p>
<p>&nbsp;</p>
<p>&nbsp;</p>
<p>&nbsp;</p>
<p>&nbsp;</p>
<p>&nbsp;</p>

<p>Jej Wysokość Magnolia</p>
<h2></h2>

<!-- This site is optimized with the Yoast SEO plugin v27.5 - https://yoast.com/product/yoast-seo-wordpress/ -->
<title>królowa wiosny</title>
<meta name="description" content="Magnolia - fotografia artystyczna - detale przyrody w kadrach makro. Chwila zachwytu nad cudami natury. Obrazy do wystroju wnętrz." />
<meta name="robots" content="index, follow, max-snippet:-1, max-image-preview:large, max-video-preview:-1" />
<link rel="canonical" href="https://marzenawalczak.com/fr/produkt/magnolia-the-creamy-yellow-queen-of-spring/" />
<meta property="og:locale" content="fr_FR" />
<meta property="og:locale:alternate" content="pl_PL" />
<meta property="og:locale:alternate" content="en_US" />
<meta property="og:type" content="article" />
<meta property="og:title" content="królowa wiosny" />
<meta property="og:description" content="Magnolia - fotografia artystyczna - detale przyrody w kadrach makro. Chwila zachwytu nad cudami natury. Obrazy do wystroju wnętrz." />
<meta property="og:url" content="https://marzenawalczak.com/fr/produkt/magnolia-the-creamy-yellow-queen-of-spring/" />
<meta property="og:site_name" content="Marzena Walczak Photography" />
<meta property="article:modified_time" content="2025-02-13T10:26:56+00:00" />
<meta property="og:image" content="https://marzenawalczak.com/wp-content/uploads/2023/05/magnolia.jpg" />
	<meta property="og:image:width" content="1900" />
	<meta property="og:image:height" content="1259" />
	<meta property="og:image:type" content="image/jpeg" />
<meta name="twitter:card" content="summary_large_image" />
<meta name="twitter:label1" content="Durée de lecture estimée" />
	<meta name="twitter:data1" content="1 minute" />
<script type="application/ld+json" class="yoast-schema-graph">{"@context":"https:\/\/schema.org","@graph":[{"@type":"WebPage","@id":"https:\/\/marzenawalczak.com\/en\/produkt\/magnolia-the-creamy-yellow-queen-of-spring\/","url":"https:\/\/marzenawalczak.com\/en\/produkt\/magnolia-the-creamy-yellow-queen-of-spring\/","name":"królowa wiosny","isPartOf":{"@id":"https:\/\/marzenawalczak.com\/#website"},"primaryImageOfPage":{"@id":"https:\/\/marzenawalczak.com\/en\/produkt\/magnolia-the-creamy-yellow-queen-of-spring\/#primaryimage"},"image":{"@id":"https:\/\/marzenawalczak.com\/en\/produkt\/magnolia-the-creamy-yellow-queen-of-spring\/#primaryimage"},"thumbnailUrl":"https:\/\/marzenawalczak.com\/wp-content\/uploads\/2023\/05\/magnolia.jpg","datePublished":"2023-05-17T13:31:32+00:00","dateModified":"2025-02-13T10:26:56+00:00","description":"Magnolia - fotografia artystyczna - detale przyrody w kadrach makro. Chwila zachwytu nad cudami natury. Obrazy do wystroju wnętrz.","breadcrumb":{"@id":"https:\/\/marzenawalczak.com\/en\/produkt\/magnolia-the-creamy-yellow-queen-of-spring\/#breadcrumb"},"inLanguage":"fr-FR","potentialAction":[{"@type":"ReadAction","target":["https:\/\/marzenawalczak.com\/en\/produkt\/magnolia-the-creamy-yellow-queen-of-spring\/"]}]},{"@type":"ImageObject","inLanguage":"fr-FR","@id":"https:\/\/marzenawalczak.com\/en\/produkt\/magnolia-the-creamy-yellow-queen-of-spring\/#primaryimage","url":"https:\/\/marzenawalczak.com\/wp-content\/uploads\/2023\/05\/magnolia.jpg","contentUrl":"https:\/\/marzenawalczak.com\/wp-content\/uploads\/2023\/05\/magnolia.jpg","width":1900,"height":1259,"caption":"Magnolia - kremowożółta królowa wiosny w popołudniowym blasku."},{"@type":"BreadcrumbList","@id":"https:\/\/marzenawalczak.com\/en\/produkt\/magnolia-the-creamy-yellow-queen-of-spring\/#breadcrumb","itemListElement":[{"@type":"ListItem","position":1,"name":"Strona główna","item":"https:\/\/marzenawalczak.com\/en\/"},{"@type":"ListItem","position":2,"name":"Portfolio","item":"https:\/\/marzenawalczak.com\/portfolio-przyroda-w-skali-makro\/"},{"@type":"ListItem","position":3,"name":"The queen of spring"}]},{"@type":"WebSite","@id":"https:\/\/marzenawalczak.com\/#website","url":"https:\/\/marzenawalczak.com\/","name":"Marzena Walczak Photography","description":"Galeria artystyczna","publisher":{"@id":"https:\/\/marzenawalczak.com\/#organization"},"potentialAction":[{"@type":"SearchAction","target":{"@type":"EntryPoint","urlTemplate":"https:\/\/marzenawalczak.com\/?s={search_term_string}"},"query-input":{"@type":"PropertyValueSpecification","valueRequired":true,"valueName":"search_term_string"}}],"inLanguage":"fr-FR"},{"@type":"Organization","@id":"https:\/\/marzenawalczak.com\/#organization","name":"Marzena Walczak photography","url":"https:\/\/marzenawalczak.com\/","logo":{"@type":"ImageObject","inLanguage":"fr-FR","@id":"https:\/\/marzenawalczak.com\/#\/schema\/logo\/image\/","url":"https:\/\/marzenawalczak.com\/wp-content\/uploads\/2022\/07\/DSC_0210.jpg","contentUrl":"https:\/\/marzenawalczak.com\/wp-content\/uploads\/2022\/07\/DSC_0210.jpg","width":1800,"height":1207,"caption":"Marzena Walczak photography"},"image":{"@id":"https:\/\/marzenawalczak.com\/#\/schema\/logo\/image\/"},"sameAs":["https:\/\/www.instagram.com\/marzenawalczak_com\/"]}]}</script>
<!-- / Yoast SEO plugin. -->

Magnolia - fotografia artystyczna - detale przyrody w kadrach makro. Chwila zachwytu nad cudami natury. Obrazy do wystroju wnętrz.

[:pl][:pl]królowa wiosny[:en]The queen of spring[:] &#8211; Marzena Walczak Photography[:]

[:pl]Magnolia - fotografia artystyczna - detale przyrody w kadrach makro. Chwila zachwytu nad cudami natury. Obrazy do wystroju wnętrz.[:en]Magnolia – artistic photography – macro shots of nature details. A moment of admiration for the wonders of nature. Pictures for interior decoration.[:]

Magnolia - kremowożółta królowa wiosny w popołudniowym blasku.

Strona główna
