{"id":996,"date":"2023-06-28T15:04:40","date_gmt":"2023-06-28T14:04:40","guid":{"rendered":"https:\/\/marzenawalczak.com\/?post_type=product&#038;p=996"},"modified":"2026-03-09T14:00:44","modified_gmt":"2026-03-09T13:00:44","slug":"poppy-in-the-sunshine","status":"publish","type":"product","link":"https:\/\/marzenawalczak.com\/fr\/produkt\/poppy-in-the-sunshine\/","title":{"rendered":"promienny mak"},"content":{"rendered":"<p><em><strong><a href=\"https:\/\/marzenawalczak.com\/produkt\/soczyscie-czerwony-kwiat-maku-fotografia-artysyczna\/\">Mak<\/a><\/strong><\/em> w promieniach s\u0142o\u0144ca, pomara\u0144czowy, \u015bwietlisty przyci\u0105ga wzrok jak male\u0144ki rozb\u0142ysk. Jego p\u0142omienno\u015b\u0107, \u017car, energia rozbudzaj\u0105 u\u015bpiony ogr\u00f3d i pobudzaj\u0105 nasze zmys\u0142y. Nag\u0142y poryw wiatru zmierzwi\u0142 jego doskona\u0142e u\u0142o\u017cenie, rzuci\u0142 go w w \u015bwietlist\u0105 smug\u0119, rozp\u0142omieniaj\u0105c pejza\u017c.<\/p>\n<p>Na fotografii mak w nie\u015bmia\u0142ym towarzystwie kwiatk\u00f3w bagna w<em><strong><a href=\"https:\/\/arboretum.sggw.edu.pl\/\"> Arboretum SGGW w Rogowie<\/a><\/strong><\/em>.<\/p>\n<p>Oprawiony w dyskretn\u0105 ram\u0119 o\u017cywi ka\u017cde wn\u0119trze, tworz\u0105c jednocze\u015bnie niepowtarzalny klimat.<\/p>\n<p>&nbsp;<\/p>\n<p>&nbsp;<\/p>\n<p>&nbsp;<\/p>\n<p>&nbsp;<\/p>\n<p>&nbsp;<\/p>\n","protected":false},"excerpt":{"rendered":"<p>w p\u0142omieniach s\u0142o\u0144ca<\/p>\n<h2><\/h2>\n","protected":false},"featured_media":1002,"template":"","meta":{"_acf_changed":false},"product_brand":[],"product_cat":[16],"product_tag":[49,58,298,179,241,293],"class_list":{"0":"post-996","1":"product","2":"type-product","3":"status-publish","4":"has-post-thumbnail","6":"product_cat-bez-kategorii","7":"product_tag-czerwony","8":"product_tag-kolorowy","9":"product_tag-ma","10":"product_tag-mak","11":"product_tag-ognisty","12":"product_tag-plomienny","13":"product_shipping_class-polska","15":"first","16":"onbackorder","17":"shipping-taxable","18":"purchasable","19":"product-type-variable"},"acf":[],"yoast_head":"<!-- This site is optimized with the Yoast SEO plugin v27.5 - https:\/\/yoast.com\/product\/yoast-seo-wordpress\/ -->\n<title>promienny makpromienny mak<\/title>\n<meta name=\"description\" content=\"Mak w promieniach s\u0142o\u0144ca - fotografia artystyczna - detale przyrody w kadrach makro. Chwila zachwytu nad cudami natury. Obrazy do wystroju wn\u0119trz.\" \/>\n<meta name=\"robots\" content=\"index, follow, max-snippet:-1, max-image-preview:large, max-video-preview:-1\" \/>\n<link rel=\"canonical\" href=\"https:\/\/marzenawalczak.com\/fr\/produkt\/poppy-in-the-sunshine\/\" \/>\n<meta property=\"og:locale\" content=\"fr_FR\" \/>\n<meta property=\"og:locale:alternate\" content=\"pl_PL\" \/>\n<meta property=\"og:locale:alternate\" content=\"en_US\" \/>\n<meta property=\"og:type\" content=\"article\" \/>\n<meta property=\"og:title\" content=\"promienny makpromienny mak\" \/>\n<meta property=\"og:description\" content=\"Mak w promieniach s\u0142o\u0144ca - fotografia artystyczna - detale przyrody w kadrach makro. Chwila zachwytu nad cudami natury. Obrazy do wystroju wn\u0119trz.\" \/>\n<meta property=\"og:url\" content=\"https:\/\/marzenawalczak.com\/fr\/produkt\/poppy-in-the-sunshine\/\" \/>\n<meta property=\"og:site_name\" content=\"Marzena Walczak Photography\" \/>\n<meta property=\"article:modified_time\" content=\"2026-03-09T13:00:44+00:00\" \/>\n<meta property=\"og:image\" content=\"https:\/\/marzenawalczak.com\/wp-content\/uploads\/2023\/06\/plomienny-mak.jpg\" \/>\n\t<meta property=\"og:image:width\" content=\"1900\" \/>\n\t<meta property=\"og:image:height\" content=\"1259\" \/>\n\t<meta property=\"og:image:type\" content=\"image\/jpeg\" \/>\n<meta name=\"twitter:card\" content=\"summary_large_image\" \/>\n<meta name=\"twitter:label1\" content=\"Dur\u00e9e de lecture estim\u00e9e\" \/>\n\t<meta name=\"twitter:data1\" content=\"1 minute\" \/>\n<script type=\"application\/ld+json\" class=\"yoast-schema-graph\">{\"@context\":\"https:\\\/\\\/schema.org\",\"@graph\":[{\"@type\":\"WebPage\",\"@id\":\"https:\\\/\\\/marzenawalczak.com\\\/en\\\/produkt\\\/poppy-in-the-sunshine\\\/\",\"url\":\"https:\\\/\\\/marzenawalczak.com\\\/en\\\/produkt\\\/poppy-in-the-sunshine\\\/\",\"name\":\"promienny makpromienny mak\",\"isPartOf\":{\"@id\":\"https:\\\/\\\/marzenawalczak.com\\\/#website\"},\"primaryImageOfPage\":{\"@id\":\"https:\\\/\\\/marzenawalczak.com\\\/en\\\/produkt\\\/poppy-in-the-sunshine\\\/#primaryimage\"},\"image\":{\"@id\":\"https:\\\/\\\/marzenawalczak.com\\\/en\\\/produkt\\\/poppy-in-the-sunshine\\\/#primaryimage\"},\"thumbnailUrl\":\"https:\\\/\\\/marzenawalczak.com\\\/wp-content\\\/uploads\\\/2023\\\/06\\\/plomienny-mak.jpg\",\"datePublished\":\"2023-06-28T14:04:40+00:00\",\"dateModified\":\"2026-03-09T13:00:44+00:00\",\"description\":\"Mak w promieniach s\u0142o\u0144ca - fotografia artystyczna - detale przyrody w kadrach makro. Chwila zachwytu nad cudami natury. Obrazy do wystroju wn\u0119trz.\",\"breadcrumb\":{\"@id\":\"https:\\\/\\\/marzenawalczak.com\\\/en\\\/produkt\\\/poppy-in-the-sunshine\\\/#breadcrumb\"},\"inLanguage\":\"fr-FR\",\"potentialAction\":[{\"@type\":\"ReadAction\",\"target\":[\"https:\\\/\\\/marzenawalczak.com\\\/en\\\/produkt\\\/poppy-in-the-sunshine\\\/\"]}]},{\"@type\":\"ImageObject\",\"inLanguage\":\"fr-FR\",\"@id\":\"https:\\\/\\\/marzenawalczak.com\\\/en\\\/produkt\\\/poppy-in-the-sunshine\\\/#primaryimage\",\"url\":\"https:\\\/\\\/marzenawalczak.com\\\/wp-content\\\/uploads\\\/2023\\\/06\\\/plomienny-mak.jpg\",\"contentUrl\":\"https:\\\/\\\/marzenawalczak.com\\\/wp-content\\\/uploads\\\/2023\\\/06\\\/plomienny-mak.jpg\",\"width\":1900,\"height\":1259,\"caption\":\"Mak w promieniach s\u0142o\u0144ca, inaczej p\u0142omienny mak. Prze\u015bwietlony promieniami zachodz\u0105cego s\u0142o\u0144ca pomara\u0144czowy kwiatek maku, targany porywem wiatru.\"},{\"@type\":\"BreadcrumbList\",\"@id\":\"https:\\\/\\\/marzenawalczak.com\\\/en\\\/produkt\\\/poppy-in-the-sunshine\\\/#breadcrumb\",\"itemListElement\":[{\"@type\":\"ListItem\",\"position\":1,\"name\":\"Strona g\u0142\u00f3wna\",\"item\":\"https:\\\/\\\/marzenawalczak.com\\\/en\\\/\"},{\"@type\":\"ListItem\",\"position\":2,\"name\":\"Portfolio\",\"item\":\"https:\\\/\\\/marzenawalczak.com\\\/portfolio-przyroda-w-skali-makro\\\/\"},{\"@type\":\"ListItem\",\"position\":3,\"name\":\"A flaming poppy\"}]},{\"@type\":\"WebSite\",\"@id\":\"https:\\\/\\\/marzenawalczak.com\\\/#website\",\"url\":\"https:\\\/\\\/marzenawalczak.com\\\/\",\"name\":\"Marzena Walczak Photography\",\"description\":\"Galeria artystyczna\",\"publisher\":{\"@id\":\"https:\\\/\\\/marzenawalczak.com\\\/#organization\"},\"potentialAction\":[{\"@type\":\"SearchAction\",\"target\":{\"@type\":\"EntryPoint\",\"urlTemplate\":\"https:\\\/\\\/marzenawalczak.com\\\/?s={search_term_string}\"},\"query-input\":{\"@type\":\"PropertyValueSpecification\",\"valueRequired\":true,\"valueName\":\"search_term_string\"}}],\"inLanguage\":\"fr-FR\"},{\"@type\":\"Organization\",\"@id\":\"https:\\\/\\\/marzenawalczak.com\\\/#organization\",\"name\":\"Marzena Walczak photography\",\"url\":\"https:\\\/\\\/marzenawalczak.com\\\/\",\"logo\":{\"@type\":\"ImageObject\",\"inLanguage\":\"fr-FR\",\"@id\":\"https:\\\/\\\/marzenawalczak.com\\\/#\\\/schema\\\/logo\\\/image\\\/\",\"url\":\"https:\\\/\\\/marzenawalczak.com\\\/wp-content\\\/uploads\\\/2022\\\/07\\\/DSC_0210.jpg\",\"contentUrl\":\"https:\\\/\\\/marzenawalczak.com\\\/wp-content\\\/uploads\\\/2022\\\/07\\\/DSC_0210.jpg\",\"width\":1800,\"height\":1207,\"caption\":\"Marzena Walczak photography\"},\"image\":{\"@id\":\"https:\\\/\\\/marzenawalczak.com\\\/#\\\/schema\\\/logo\\\/image\\\/\"},\"sameAs\":[\"https:\\\/\\\/www.instagram.com\\\/marzenawalczak_com\\\/\"]}]}<\/script>\n<!-- \/ Yoast SEO plugin. -->","yoast_head_json":{"title":"promienny makpromienny mak","description":"Mak w promieniach s\u0142o\u0144ca - fotografia artystyczna - detale przyrody w kadrach makro. Chwila zachwytu nad cudami natury. Obrazy do wystroju wn\u0119trz.","robots":{"index":"index","follow":"follow","max-snippet":"max-snippet:-1","max-image-preview":"max-image-preview:large","max-video-preview":"max-video-preview:-1"},"canonical":"https:\/\/marzenawalczak.com\/fr\/produkt\/poppy-in-the-sunshine\/","og_locale":"fr_FR","og_type":"article","og_title":"[:pl][:pl]promienny mak[:en]A flaming poppy[:] &#8211; Marzena Walczak Photography[:en][:pl]promienny mak[:en]A flaming poppy[:] &#8211; poppy in the sunshine[:]","og_description":"[:pl]Mak w promieniach s\u0142o\u0144ca - fotografia artystyczna - detale przyrody w kadrach makro. Chwila zachwytu nad cudami natury. Obrazy do wystroju wn\u0119trz.[:en]Poppy in the sunshine \u2013 artistic photography \u2013 macro shots of nature details. A moment of admiration for the wonders of nature. For interior decoration.[:]","og_url":"https:\/\/marzenawalczak.com\/fr\/produkt\/poppy-in-the-sunshine\/","og_site_name":"Marzena Walczak Photography","article_modified_time":"2026-03-09T13:00:44+00:00","og_image":[{"width":1900,"height":1259,"url":"https:\/\/marzenawalczak.com\/wp-content\/uploads\/2023\/06\/plomienny-mak.jpg","type":"image\/jpeg"}],"twitter_card":"summary_large_image","twitter_misc":{"Dur\u00e9e de lecture estim\u00e9e":"1 minute"},"schema":{"@context":"https:\/\/schema.org","@graph":[{"@type":"WebPage","@id":"https:\/\/marzenawalczak.com\/en\/produkt\/poppy-in-the-sunshine\/","url":"https:\/\/marzenawalczak.com\/en\/produkt\/poppy-in-the-sunshine\/","name":"promienny makpromienny mak","isPartOf":{"@id":"https:\/\/marzenawalczak.com\/#website"},"primaryImageOfPage":{"@id":"https:\/\/marzenawalczak.com\/en\/produkt\/poppy-in-the-sunshine\/#primaryimage"},"image":{"@id":"https:\/\/marzenawalczak.com\/en\/produkt\/poppy-in-the-sunshine\/#primaryimage"},"thumbnailUrl":"https:\/\/marzenawalczak.com\/wp-content\/uploads\/2023\/06\/plomienny-mak.jpg","datePublished":"2023-06-28T14:04:40+00:00","dateModified":"2026-03-09T13:00:44+00:00","description":"Mak w promieniach s\u0142o\u0144ca - fotografia artystyczna - detale przyrody w kadrach makro. Chwila zachwytu nad cudami natury. Obrazy do wystroju wn\u0119trz.","breadcrumb":{"@id":"https:\/\/marzenawalczak.com\/en\/produkt\/poppy-in-the-sunshine\/#breadcrumb"},"inLanguage":"fr-FR","potentialAction":[{"@type":"ReadAction","target":["https:\/\/marzenawalczak.com\/en\/produkt\/poppy-in-the-sunshine\/"]}]},{"@type":"ImageObject","inLanguage":"fr-FR","@id":"https:\/\/marzenawalczak.com\/en\/produkt\/poppy-in-the-sunshine\/#primaryimage","url":"https:\/\/marzenawalczak.com\/wp-content\/uploads\/2023\/06\/plomienny-mak.jpg","contentUrl":"https:\/\/marzenawalczak.com\/wp-content\/uploads\/2023\/06\/plomienny-mak.jpg","width":1900,"height":1259,"caption":"Mak w promieniach s\u0142o\u0144ca, inaczej p\u0142omienny mak. Prze\u015bwietlony promieniami zachodz\u0105cego s\u0142o\u0144ca pomara\u0144czowy kwiatek maku, targany porywem wiatru."},{"@type":"BreadcrumbList","@id":"https:\/\/marzenawalczak.com\/en\/produkt\/poppy-in-the-sunshine\/#breadcrumb","itemListElement":[{"@type":"ListItem","position":1,"name":"Strona g\u0142\u00f3wna","item":"https:\/\/marzenawalczak.com\/en\/"},{"@type":"ListItem","position":2,"name":"Portfolio","item":"https:\/\/marzenawalczak.com\/portfolio-przyroda-w-skali-makro\/"},{"@type":"ListItem","position":3,"name":"A flaming poppy"}]},{"@type":"WebSite","@id":"https:\/\/marzenawalczak.com\/#website","url":"https:\/\/marzenawalczak.com\/","name":"Marzena Walczak Photography","description":"Galeria artystyczna","publisher":{"@id":"https:\/\/marzenawalczak.com\/#organization"},"potentialAction":[{"@type":"SearchAction","target":{"@type":"EntryPoint","urlTemplate":"https:\/\/marzenawalczak.com\/?s={search_term_string}"},"query-input":{"@type":"PropertyValueSpecification","valueRequired":true,"valueName":"search_term_string"}}],"inLanguage":"fr-FR"},{"@type":"Organization","@id":"https:\/\/marzenawalczak.com\/#organization","name":"Marzena Walczak photography","url":"https:\/\/marzenawalczak.com\/","logo":{"@type":"ImageObject","inLanguage":"fr-FR","@id":"https:\/\/marzenawalczak.com\/#\/schema\/logo\/image\/","url":"https:\/\/marzenawalczak.com\/wp-content\/uploads\/2022\/07\/DSC_0210.jpg","contentUrl":"https:\/\/marzenawalczak.com\/wp-content\/uploads\/2022\/07\/DSC_0210.jpg","width":1800,"height":1207,"caption":"Marzena Walczak photography"},"image":{"@id":"https:\/\/marzenawalczak.com\/#\/schema\/logo\/image\/"},"sameAs":["https:\/\/www.instagram.com\/marzenawalczak_com\/"]}]}},"_links":{"self":[{"href":"https:\/\/marzenawalczak.com\/fr\/wp-json\/wp\/v2\/product\/996","targetHints":{"allow":["GET"]}}],"collection":[{"href":"https:\/\/marzenawalczak.com\/fr\/wp-json\/wp\/v2\/product"}],"about":[{"href":"https:\/\/marzenawalczak.com\/fr\/wp-json\/wp\/v2\/types\/product"}],"wp:featuredmedia":[{"embeddable":true,"href":"https:\/\/marzenawalczak.com\/fr\/wp-json\/wp\/v2\/media\/1002"}],"wp:attachment":[{"href":"https:\/\/marzenawalczak.com\/fr\/wp-json\/wp\/v2\/media?parent=996"}],"wp:term":[{"taxonomy":"product_brand","embeddable":true,"href":"https:\/\/marzenawalczak.com\/fr\/wp-json\/wp\/v2\/product_brand?post=996"},{"taxonomy":"product_cat","embeddable":true,"href":"https:\/\/marzenawalczak.com\/fr\/wp-json\/wp\/v2\/product_cat?post=996"},{"taxonomy":"product_tag","embeddable":true,"href":"https:\/\/marzenawalczak.com\/fr\/wp-json\/wp\/v2\/product_tag?post=996"}],"curies":[{"name":"wp","href":"https:\/\/api.w.org\/{rel}","templated":true}]}}

<p><em><strong><a href="https://marzenawalczak.com/produkt/soczyscie-czerwony-kwiat-maku-fotografia-artysyczna/">Mak</a></strong></em> w promieniach słońca, pomarańczowy, świetlisty przyciąga wzrok jak maleńki rozbłysk. Jego płomienność, żar, energia rozbudzają uśpiony ogród i pobudzają nasze zmysły. Nagły poryw wiatru zmierzwił jego doskonałe ułożenie, rzucił go w w świetlistą smugę, rozpłomieniając pejzaż.</p>
<p>Na fotografii mak w nieśmiałym towarzystwie kwiatków bagna w<em><strong><a href="https://arboretum.sggw.edu.pl/"> Arboretum SGGW w Rogowie</a></strong></em>.</p>
<p>Oprawiony w dyskretną ramę ożywi każde wnętrze, tworząc jednocześnie niepowtarzalny klimat.</p>
<p>&nbsp;</p>
<p>&nbsp;</p>
<p>&nbsp;</p>
<p>&nbsp;</p>
<p>&nbsp;</p>

<p>w płomieniach słońca</p>
<h2></h2>

<!-- This site is optimized with the Yoast SEO plugin v27.5 - https://yoast.com/product/yoast-seo-wordpress/ -->
<title>promienny makpromienny mak</title>
<meta name="description" content="Mak w promieniach słońca - fotografia artystyczna - detale przyrody w kadrach makro. Chwila zachwytu nad cudami natury. Obrazy do wystroju wnętrz." />
<meta name="robots" content="index, follow, max-snippet:-1, max-image-preview:large, max-video-preview:-1" />
<link rel="canonical" href="https://marzenawalczak.com/fr/produkt/poppy-in-the-sunshine/" />
<meta property="og:locale" content="fr_FR" />
<meta property="og:locale:alternate" content="pl_PL" />
<meta property="og:locale:alternate" content="en_US" />
<meta property="og:type" content="article" />
<meta property="og:title" content="promienny makpromienny mak" />
<meta property="og:description" content="Mak w promieniach słońca - fotografia artystyczna - detale przyrody w kadrach makro. Chwila zachwytu nad cudami natury. Obrazy do wystroju wnętrz." />
<meta property="og:url" content="https://marzenawalczak.com/fr/produkt/poppy-in-the-sunshine/" />
<meta property="og:site_name" content="Marzena Walczak Photography" />
<meta property="article:modified_time" content="2026-03-09T13:00:44+00:00" />
<meta property="og:image" content="https://marzenawalczak.com/wp-content/uploads/2023/06/plomienny-mak.jpg" />
	<meta property="og:image:width" content="1900" />
	<meta property="og:image:height" content="1259" />
	<meta property="og:image:type" content="image/jpeg" />
<meta name="twitter:card" content="summary_large_image" />
<meta name="twitter:label1" content="Durée de lecture estimée" />
	<meta name="twitter:data1" content="1 minute" />
<script type="application/ld+json" class="yoast-schema-graph">{"@context":"https:\/\/schema.org","@graph":[{"@type":"WebPage","@id":"https:\/\/marzenawalczak.com\/en\/produkt\/poppy-in-the-sunshine\/","url":"https:\/\/marzenawalczak.com\/en\/produkt\/poppy-in-the-sunshine\/","name":"promienny makpromienny mak","isPartOf":{"@id":"https:\/\/marzenawalczak.com\/#website"},"primaryImageOfPage":{"@id":"https:\/\/marzenawalczak.com\/en\/produkt\/poppy-in-the-sunshine\/#primaryimage"},"image":{"@id":"https:\/\/marzenawalczak.com\/en\/produkt\/poppy-in-the-sunshine\/#primaryimage"},"thumbnailUrl":"https:\/\/marzenawalczak.com\/wp-content\/uploads\/2023\/06\/plomienny-mak.jpg","datePublished":"2023-06-28T14:04:40+00:00","dateModified":"2026-03-09T13:00:44+00:00","description":"Mak w promieniach słońca - fotografia artystyczna - detale przyrody w kadrach makro. Chwila zachwytu nad cudami natury. Obrazy do wystroju wnętrz.","breadcrumb":{"@id":"https:\/\/marzenawalczak.com\/en\/produkt\/poppy-in-the-sunshine\/#breadcrumb"},"inLanguage":"fr-FR","potentialAction":[{"@type":"ReadAction","target":["https:\/\/marzenawalczak.com\/en\/produkt\/poppy-in-the-sunshine\/"]}]},{"@type":"ImageObject","inLanguage":"fr-FR","@id":"https:\/\/marzenawalczak.com\/en\/produkt\/poppy-in-the-sunshine\/#primaryimage","url":"https:\/\/marzenawalczak.com\/wp-content\/uploads\/2023\/06\/plomienny-mak.jpg","contentUrl":"https:\/\/marzenawalczak.com\/wp-content\/uploads\/2023\/06\/plomienny-mak.jpg","width":1900,"height":1259,"caption":"Mak w promieniach słońca, inaczej płomienny mak. Prześwietlony promieniami zachodzącego słońca pomarańczowy kwiatek maku, targany porywem wiatru."},{"@type":"BreadcrumbList","@id":"https:\/\/marzenawalczak.com\/en\/produkt\/poppy-in-the-sunshine\/#breadcrumb","itemListElement":[{"@type":"ListItem","position":1,"name":"Strona główna","item":"https:\/\/marzenawalczak.com\/en\/"},{"@type":"ListItem","position":2,"name":"Portfolio","item":"https:\/\/marzenawalczak.com\/portfolio-przyroda-w-skali-makro\/"},{"@type":"ListItem","position":3,"name":"A flaming poppy"}]},{"@type":"WebSite","@id":"https:\/\/marzenawalczak.com\/#website","url":"https:\/\/marzenawalczak.com\/","name":"Marzena Walczak Photography","description":"Galeria artystyczna","publisher":{"@id":"https:\/\/marzenawalczak.com\/#organization"},"potentialAction":[{"@type":"SearchAction","target":{"@type":"EntryPoint","urlTemplate":"https:\/\/marzenawalczak.com\/?s={search_term_string}"},"query-input":{"@type":"PropertyValueSpecification","valueRequired":true,"valueName":"search_term_string"}}],"inLanguage":"fr-FR"},{"@type":"Organization","@id":"https:\/\/marzenawalczak.com\/#organization","name":"Marzena Walczak photography","url":"https:\/\/marzenawalczak.com\/","logo":{"@type":"ImageObject","inLanguage":"fr-FR","@id":"https:\/\/marzenawalczak.com\/#\/schema\/logo\/image\/","url":"https:\/\/marzenawalczak.com\/wp-content\/uploads\/2022\/07\/DSC_0210.jpg","contentUrl":"https:\/\/marzenawalczak.com\/wp-content\/uploads\/2022\/07\/DSC_0210.jpg","width":1800,"height":1207,"caption":"Marzena Walczak photography"},"image":{"@id":"https:\/\/marzenawalczak.com\/#\/schema\/logo\/image\/"},"sameAs":["https:\/\/www.instagram.com\/marzenawalczak_com\/"]}]}</script>
<!-- / Yoast SEO plugin. -->

Mak w promieniach słońca - fotografia artystyczna - detale przyrody w kadrach makro. Chwila zachwytu nad cudami natury. Obrazy do wystroju wnętrz.

[:pl]Mak w promieniach słońca - fotografia artystyczna - detale przyrody w kadrach makro. Chwila zachwytu nad cudami natury. Obrazy do wystroju wnętrz.[:en]Poppy in the sunshine – artistic photography – macro shots of nature details. A moment of admiration for the wonders of nature. For interior decoration.[:]

Mak w promieniach słońca, inaczej płomienny mak. Prześwietlony promieniami zachodzącego słońca pomarańczowy kwiatek maku, targany porywem wiatru.

Strona główna
